Apr 23 23:12:54 uscentral434 cpmigrate[5289]: [migrate 174.120.146.122 culturer] starting rsync of 174.120.146.122:/home/culturer to /home/culturer
Apr 23 23:13:03 uscentral434 cpmigrate[13179]: [migrate 174.120.146.106 realbizc] starting rsync of 174.120.146.106:/home/realbizc to /home/realbizc
Apr 23 23:13:05 uscentral434 cpmigrate[13179]: [migrate 174.120.146.106 realbizc] completed rsync of 174.120.146.106:/home/realbizc to /home/realbizc
Apr 23 23:13:05 uscentral434 cpmigrate[13179]: [migrate 174.120.146.106 realbizc] converted realbizc mailboxes to local mailserver dovecot
Apr 23 23:13:05 uscentral434 cpmigrate[13179]: [migrate 174.120.146.106 realbizc] fixing permissions under /home/realbizc
Apr 23 23:13:05 uscentral434 cpmigrate[13179]: [migrate 174.120.146.106 realbizc] changed shell to /usr/local/cpanel/bin/jailshell for realbizc
Apr 23 23:13:05 uscentral434 cpmigrate[13179]: [migrate 174.120.146.106 realbizc] completed restore for realbizc from 174.120.146.106
Apr 23 23:13:05 uscentral434 cpmigrate[13179]: [migrate 174.120.146.106 recordin] warning: found recordin in runtime list, handled by another instance, skipping!
Apr 23 23:13:05 uscentral434 cpmigrate[13179]: [migrate 174.120.146.106 reeloutd] packaging user reeloutd on 174.120.146.106
Apr 23 23:13:11 uscentral434 cpmigrate[13179]: [migrate 174.120.146.106 reeloutd] copying cpmove-reeloutd.tar.gz from 174.120.146.106 to local
Apr 23 23:13:11 uscentral434 cpmigrate[13179]: [migrate 174.120.146.106 reeloutd] restoring reeloutd from /home/cpmigrate/cpmove-reeloutd.tar.gz
Apr 23 23:13:22 uscentral434 cpmigrate[6896]: [migrate 174.120.146.106 recordin] starting rsync of 174.120.146.106:/home/recordin to /home/recordin
Apr 23 23:13:26 uscentral434 cpmigrate[6896]: [migrate 174.120.146.106 recordin] completed rsync of 174.120.146.106:/home/recordin to /home/recordin
Apr 23 23:13:26 uscentral434 cpmigrate[6896]: [migrate 174.120.146.106 recordin] converted recordin mailboxes to local mailserver dovecot
Apr 23 23:13:26 uscentral434 cpmigrate[6896]: [migrate 174.120.146.106 recordin] fixing permissions under /home/recordin
Apr 23 23:13:27 uscentral434 cpmigrate[6896]: [migrate 174.120.146.106 recordin] changed shell to /usr/local/cpanel/bin/jailshell for recordin
Apr 23 23:13:27 uscentral434 cpmigrate[6896]: [migrate 174.120.146.106 recordin] completed restore for recordin from 174.120.146.106
Apr 23 23:13:27 uscentral434 cpmigrate[6896]: [migrate 174.120.146.106 reeloutd] warning: found reeloutd in runtime list, handled by another instance, skipping!
Apr 23 23:13:27 uscentral434 cpmigrate[6896]: [migrate 174.120.146.106 regencyw] packaging user regencyw on 174.120.146.106
Apr 23 23:13:32 uscentral434 cpmigrate[6896]: [migrate 174.120.146.106 regencyw] copying cpmove-regencyw.tar.gz from 174.120.146.106 to local
Apr 23 23:13:32 uscentral434 cpmigrate[6896]: [migrate 174.120.146.106 regencyw] restoring regencyw from /home/cpmigrate/cpmove-regencyw.tar.gz
Apr 23 23:15:26 uscentral434 cpmigrate[4884]: [migrate 174.120.146.122 dabahhom] starting rsync of 174.120.146.122:/home/dabahhom to /home/dabahhom
Apr 23 23:15:36 uscentral434 cpmigrate[4884]: [migrate 174.120.146.122 dabahhom] completed rsync of 174.120.146.122:/home/dabahhom to /home/dabahhom
Apr 23 23:15:36 uscentral434 cpmigrate[4884]: [migrate 174.120.146.122 dabahhom] converted dabahhom mailboxes to local mailserver dovecot
Apr 23 23:15:36 uscentral434 cpmigrate[4884]: [migrate 174.120.146.122 dabahhom] fixing permissions under /home/dabahhom
Apr 23 23:15:36 uscentral434 cpmigrate[4884]: [migrate 174.120.146.122 dabahhom] changed shell to /usr/local/cpanel/bin/jailshell for dabahhom
Apr 23 23:15:36 uscentral434 cpmigrate[4884]: [migrate 174.120.146.122 dabahhom] completed restore for dabahhom from 174.120.146.122
Apr 23 23:15:36 uscentral434 cpmigrate[4884]: [migrate 174.120.146.122 dakkindi] packaging user dakkindi on 174.120.146.122
Apr 23 23:15:53 uscentral434 cpmigrate[5289]: [migrate 174.120.146.122 culturer] completed rsync of 174.120.146.122:/home/culturer to /home/culturer
Apr 23 23:15:53 uscentral434 cpmigrate[5289]: [migrate 174.120.146.122 culturer] converted culturer mailboxes to local mailserver dovecot
Apr 23 23:15:53 uscentral434 cpmigrate[5289]: [migrate 174.120.146.122 culturer] fixing permissions under /home/culturer
Apr 23 23:15:53 uscentral434 cpmigrate[5289]: [migrate 174.120.146.122 culturer] changed shell to /usr/local/cpanel/bin/jailshell for culturer
Apr 23 23:15:53 uscentral434 cpmigrate[5289]: [migrate 174.120.146.122 culturer] completed restore for culturer from 174.120.146.122
Apr 23 23:15:53 uscentral434 cpmigrate[5289]: [migrate 174.120.146.122 cybaronn] warning: found cybaronn in runtime list, handled by another instance, skipping!
Apr 23 23:15:53 uscentral434 cpmigrate[5289]: [migrate 174.120.146.122 cybernet] warning: found cybernet in runtime list, handled by another instance, skipping!
Apr 23 23:15:54 uscentral434 cpmigrate[5289]: [migrate 174.120.146.122 d26event] warning: found d26event in runtime list, handled by another instance, skipping!
Apr 23 23:15:54 uscentral434 cpmigrate[5289]: [migrate 174.120.146.122 dabahhom] warning: found dabahhom in runtime list, handled by another instance, skipping!
Apr 23 23:15:54 uscentral434 cpmigrate[5289]: [migrate 174.120.146.122 dakkindi] warning: found dakkindi in runtime list, handled by another instance, skipping!
Apr 23 23:15:54 uscentral434 cpmigrate[5289]: [migrate 174.120.146.122 daleelak] packaging user daleelak on 174.120.146.122
Apr 23 23:16:07 uscentral434 cpmigrate[13179]: [migrate 174.120.146.106 reeloutd] starting rsync of 174.120.146.106:/home/reeloutd to /home/reeloutd
Apr 23 23:16:09 uscentral434 cpmigrate[13179]: [migrate 174.120.146.106 reeloutd] completed rsync of 174.120.146.106:/home/reeloutd to /home/reeloutd
Apr 23 23:16:09 uscentral434 cpmigrate[13179]: [migrate 174.120.146.106 reeloutd] converted reeloutd mailboxes to local mailserver dovecot
Apr 23 23:16:09 uscentral434 cpmigrate[13179]: [migrate 174.120.146.106 reeloutd] fixing permissions under /home/reeloutd
Apr 23 23:16:09 uscentral434 cpmigrate[13179]: [migrate 174.120.146.106 reeloutd] changed shell to /usr/local/cpanel/bin/jailshell for reeloutd
Apr 23 23:16:09 uscentral434 cpmigrate[13179]: [migrate 174.120.146.106 reeloutd] completed restore for reeloutd from 174.120.146.106
Apr 23 23:16:09 uscentral434 cpmigrate[13179]: [migrate 174.120.146.106 regencyw] warning: found regencyw in runtime list, handled by another instance, skipping!
Apr 23 23:16:09 uscentral434 cpmigrate[13179]: [migrate 174.120.146.106 renault] packaging user renault on 174.120.146.106
Apr 23 23:16:19 uscentral434 cpmigrate[13179]: [migrate 174.120.146.106 renault] copying cpmove-renault.tar.gz from 174.120.146.106 to local
Apr 23 23:16:19 uscentral434 cpmigrate[13179]: [migrate 174.120.146.106 renault] restoring renault from /home/cpmigrate/cpmove-renault.tar.gz
Apr 23 23:16:29 uscentral434 cpmigrate[5289]: [migrate 174.120.146.122 daleelak] copying cpmove-daleelak.tar.gz from 174.120.146.122 to local
Apr 23 23:16:29 uscentral434 cpmigrate[5289]: [migrate 174.120.146.122 daleelak] restoring daleelak from /home/cpmigrate/cpmove-daleelak.tar.gz
Apr 23 23:17:03 uscentral434 cpmigrate[6896]: [migrate 174.120.146.106 regencyw] starting rsync of 174.120.146.106:/home/regencyw to /home/regencyw
Apr 23 23:17:05 uscentral434 cpmigrate[6896]: [migrate 174.120.146.106 regencyw] completed rsync of 174.120.146.106:/home/regencyw to /home/regencyw
Apr 23 23:17:05 uscentral434 cpmigrate[6896]: [migrate 174.120.146.106 regencyw] converted regencyw mailboxes to local mailserver dovecot
Apr 23 23:17:05 uscentral434 cpmigrate[6896]: [migrate 174.120.146.106 regencyw] fixing permissions under /home/regencyw
Apr 23 23:17:05 uscentral434 cpmigrate[6896]: [migrate 174.120.146.106 regencyw] changed shell to /usr/local/cpanel/bin/jailshell for regencyw
Apr 23 23:17:05 uscentral434 cpmigrate[6896]: [migrate 174.120.146.106 regencyw] completed restore for regencyw from 174.120.146.106
Apr 23 23:17:05 uscentral434 cpmigrate[6896]: [migrate 174.120.146.106 renault] warning: found renault in runtime list, handled by another instance, skipping!
Apr 23 23:17:05 uscentral434 cpmigrate[6896]: [migrate 174.120.146.106 renupave] packaging user renupave on 174.120.146.106
Apr 23 23:17:06 uscentral434 cpmigrate[4884]: [migrate 174.120.146.122 dakkindi] copying cpmove-dakkindi.tar.gz from 174.120.146.122 to local
Apr 23 23:17:06 uscentral434 cpmigrate[4884]: [migrate 174.120.146.122 dakkindi] restoring dakkindi from /home/cpmigrate/cpmove-dakkindi.tar.gz
Apr 23 23:17:10 uscentral434 cpmigrate[6896]: [migrate 174.120.146.106 renupave] copying cpmove-renupave.tar.gz from 174.120.146.106 to local
Apr 23 23:17:11 uscentral434 cpmigrate[6896]: [migrate 174.120.146.106 renupave] restoring renupave from /home/cpmigrate/cpmove-renupave.tar.gz
Apr 23 23:19:25 uscentral434 cpmigrate[13179]: [migrate 174.120.146.106 renault] starting rsync of 174.120.146.106:/home/renault to /home/renault
Apr 23 23:19:26 uscentral434 cpmigrate[5289]: [migrate 174.120.146.122 daleelak] starting rsync of 174.120.146.122:/home/daleelak to /home/daleelak
Apr 23 23:19:28 uscentral434 cpmigrate[5289]: [migrate 174.120.146.122 daleelak] completed rsync of 174.120.146.122:/home/daleelak to /home/daleelak
Apr 23 23:19:28 uscentral434 cpmigrate[5289]: [migrate 174.120.146.122 daleelak] converted daleelak mailboxes to local mailserver dovecot
Apr 23 23:19:28 uscentral434 cpmigrate[5289]: [migrate 174.120.146.122 daleelak] fixing permissions under /home/daleelak
Apr 23 23:19:28 uscentral434 cpmigrate[5289]: [migrate 174.120.146.122 daleelak] changed shell to /usr/local/cpanel/bin/jailshell for daleelak
Apr 23 23:19:28 uscentral434 cpmigrate[5289]: [migrate 174.120.146.122 daleelak] completed restore for daleelak from 174.120.146.122
Apr 23 23:19:28 uscentral434 cpmigrate[5289]: [migrate 174.120.146.122 dalvarez] packaging user dalvarez on 174.120.146.122
Apr 23 23:19:32 uscentral434 cpmigrate[5289]: [migrate 174.120.146.122 dalvarez] copying cpmove-dalvarez.tar.gz from 174.120.146.122 to local
Apr 23 23:19:32 uscentral434 cpmigrate[13179]: [migrate 174.120.146.106 renault] completed rsync of 174.120.146.106:/home/renault to /home/renault
Apr 23 23:19:32 uscentral434 cpmigrate[13179]: [migrate 174.120.146.106 renault] converted renault mailboxes to local mailserver dovecot
Apr 23 23:19:32 uscentral434 cpmigrate[13179]: [migrate 174.120.146.106 renault] fixing permissions under /home/renault
Apr 23 23:19:32 uscentral434 cpmigrate[5289]: [migrate 174.120.146.122 dalvarez] restoring dalvarez from /home/cpmigrate/cpmove-dalvarez.tar.gz
Apr 23 23:19:33 uscentral434 cpmigrate[13179]: [migrate 174.120.146.106 renault] changed shell to /usr/local/cpanel/bin/jailshell for renault
Apr 23 23:19:33 uscentral434 cpmigrate[13179]: [migrate 174.120.146.106 renault] completed restore for renault from 174.120.146.106
Apr 23 23:19:33 uscentral434 cpmigrate[13179]: [migrate 174.120.146.106 renupave] warning: found renupave in runtime list, handled by another instance, skipping!
Apr 23 23:19:33 uscentral434 cpmigrate[13179]: [migrate 174.120.146.106 repairma] packaging user repairma on 174.120.146.106
Apr 23 23:19:47 uscentral434 cpmigrate[13179]: [migrate 174.120.146.106 repairma] copying cpmove-repairma.tar.gz from 174.120.146.106 to local
Apr 23 23:19:47 uscentral434 cpmigrate[13179]: [migrate 174.120.146.106 repairma] restoring repairma from /home/cpmigrate/cpmove-repairma.tar.gz
Apr 23 23:20:13 uscentral434 cpmigrate[6896]: [migrate 174.120.146.106 renupave] starting rsync of 174.120.146.106:/home/renupave to /home/renupave
Apr 23 23:20:14 uscentral434 cpmigrate[28408]: [migrate 174.120.146.106 rawplaye] starting rsync of 174.120.146.106:/home/rawplaye to /home/rawplaye
Apr 23 23:20:24 uscentral434 cpmigrate[6896]: [migrate 174.120.146.106 renupave] completed rsync of 174.120.146.106:/home/renupave to /home/renupave
Apr 23 23:20:24 uscentral434 cpmigrate[6896]: [migrate 174.120.146.106 renupave] converted renupave mailboxes to local mailserver dovecot
Apr 23 23:20:24 uscentral434 cpmigrate[6896]: [migrate 174.120.146.106 renupave] fixing permissions under /home/renupave
Apr 23 23:20:24 uscentral434 cpmigrate[6896]: [migrate 174.120.146.106 renupave] changed shell to /usr/local/cpanel/bin/jailshell for renupave
Apr 23 23:20:24 uscentral434 cpmigrate[6896]: [migrate 174.120.146.106 renupave] completed restore for renupave from 174.120.146.106
Apr 23 23:20:24 uscentral434 cpmigrate[6896]: [migrate 174.120.146.106 repairma] warning: found repairma in runtime list, handled by another instance, skipping!
Apr 23 23:20:24 uscentral434 cpmigrate[6896]: [migrate 174.120.146.106 reprintv] packaging user reprintv on 174.120.146.106
Apr 23 23:20:32 uscentral434 cpmigrate[28408]: [migrate 174.120.146.106 rawplaye] completed rsync of 174.120.146.106:/home/rawplaye to /home/rawplaye
Apr 23 23:20:32 uscentral434 cpmigrate[28408]: [migrate 174.120.146.106 rawplaye] converted rawplaye mailboxes to local mailserver dovecot
Apr 23 23:20:32 uscentral434 cpmigrate[28408]: [migrate 174.120.146.106 rawplaye] fixing permissions under /home/rawplaye
Apr 23 23:20:33 uscentral434 cpmigrate[28408]: [migrate 174.120.146.106 rawplaye] changed shell to /usr/local/cpanel/bin/jailshell for rawplaye
Apr 23 23:20:33 uscentral434 cpmigrate[28408]: [migrate 174.120.146.106 rawplaye] completed restore for rawplaye from 174.120.146.106
Apr 23 23:20:33 uscentral434 cpmigrate[28408]: [migrate 174.120.146.106 rblend] warning: found rblend in runtime list, handled by another instance, skipping!
Apr 23 23:20:33 uscentral434 cpmigrate[28408]: [migrate 174.120.146.106 rcarvalh] warning: found rcarvalh in runtime list, handled by another instance, skipping!
Apr 23 23:20:33 uscentral434 cpmigrate[28408]: [migrate 174.120.146.106 realbizc] warning: found realbizc in runtime list, handled by another instance, skipping!
Apr 23 23:20:33 uscentral434 cpmigrate[28408]: [migrate 174.120.146.106 recordin] warning: found recordin in runtime list, handled by another instance, skipping!
Apr 23 23:20:33 uscentral434 cpmigrate[28408]: [migrate 174.120.146.106 reeloutd] warning: found reeloutd in runtime list, handled by another instance, skipping!
Apr 23 23:20:33 uscentral434 cpmigrate[28408]: [migrate 174.120.146.106 regencyw] warning: found regencyw in runtime list, handled by another instance, skipping!
Apr 23 23:20:33 uscentral434 cpmigrate[28408]: [migrate 174.120.146.106 renault] warning: found renault in runtime list, handled by another instance, skipping!
Apr 23 23:20:33 uscentral434 cpmigrate[28408]: [migrate 174.120.146.106 renupave] warning: found renupave in runtime list, handled by another instance, skipping!
Apr 23 23:20:33 uscentral434 cpmigrate[28408]: [migrate 174.120.146.106 repairma] warning: found repairma in runtime list, handled by another instance, skipping!
Apr 23 23:20:33 uscentral434 cpmigrate[28408]: [migrate 174.120.146.106 reprintv] warning: found reprintv in runtime list, handled by another instance, skipping!
Apr 23 23:20:33 uscentral434 cpmigrate[28408]: [migrate 174.120.146.106 resortbe] packaging user resortbe on 174.120.146.106
Apr 23 23:20:42 uscentral434 cpmigrate[28408]: [migrate 174.120.146.106 resortbe] copying cpmove-resortbe.tar.gz from 174.120.146.106 to local
Apr 23 23:20:42 uscentral434 cpmigrate[28408]: [migrate 174.120.146.106 resortbe] restoring resortbe from /home/cpmigrate/cpmove-resortbe.tar.gz
Apr 23 23:20:55 uscentral434 cpmigrate[6896]: [migrate 174.120.146.106 reprintv] copying cpmove-reprintv.tar.gz from 174.120.146.106 to local
Apr 23 23:20:56 uscentral434 cpmigrate[6896]: [migrate 174.120.146.106 reprintv] restoring reprintv from /home/cpmigrate/cpmove-reprintv.tar.gz
Apr 23 23:21:30 uscentral434 cpmigrate[4884]: [migrate 174.120.146.122 dakkindi] starting rsync of 174.120.146.122:/home/dakkindi to /home/dakkindi
Apr 23 23:22:01 uscentral434 cpmigrate[4884]: [migrate 174.120.146.122 dakkindi] completed rsync of 174.120.146.122:/home/dakkindi to /home/dakkindi
Apr 23 23:22:01 uscentral434 cpmigrate[4884]: [migrate 174.120.146.122 dakkindi] converted dakkindi mailboxes to local mailserver dovecot
Apr 23 23:22:01 uscentral434 cpmigrate[4884]: [migrate 174.120.146.122 dakkindi] fixing permissions under /home/dakkindi
Apr 23 23:22:02 uscentral434 cpmigrate[4884]: [migrate 174.120.146.122 dakkindi] changed shell to /usr/local/cpanel/bin/jailshell for dakkindi
Apr 23 23:22:02 uscentral434 cpmigrate[4884]: [migrate 174.120.146.122 dakkindi] completed restore for dakkindi from 174.120.146.122
Apr 23 23:22:02 uscentral434 cpmigrate[4884]: [migrate 174.120.146.122 daleelak] warning: found daleelak in runtime list, handled by another instance, skipping!
Apr 23 23:22:02 uscentral434 cpmigrate[4884]: [migrate 174.120.146.122 dalvarez] warning: found dalvarez in runtime list, handled by another instance, skipping!
Apr 23 23:22:02 uscentral434 cpmigrate[4884]: [migrate 174.120.146.122 dancingd] packaging user dancingd on 174.120.146.122
Apr 23 23:22:24 uscentral434 cpmigrate[4884]: [migrate 174.120.146.122 dancingd] copying cpmove-dancingd.tar.gz from 174.120.146.122 to local
Apr 23 23:22:25 uscentral434 cpmigrate[4884]: [migrate 174.120.146.122 dancingd] restoring dancingd from /home/cpmigrate/cpmove-dancingd.tar.gz
Apr 23 23:22:35 uscentral434 cpmigrate[5289]: [migrate 174.120.146.122 dalvarez] starting rsync of 174.120.146.122:/home/dalvarez to /home/dalvarez
Apr 23 23:22:37 uscentral434 cpmigrate[5289]: [migrate 174.120.146.122 dalvarez] completed rsync of 174.120.146.122:/home/dalvarez to /home/dalvarez
Apr 23 23:22:37 uscentral434 cpmigrate[5289]: [migrate 174.120.146.122 dalvarez] converted dalvarez mailboxes to local mailserver dovecot
Apr 23 23:22:37 uscentral434 cpmigrate[5289]: [migrate 174.120.146.122 dalvarez] fixing permissions under /home/dalvarez
Apr 23 23:22:37 uscentral434 cpmigrate[5289]: [migrate 174.120.146.122 dalvarez] changed shell to /usr/local/cpanel/bin/jailshell for dalvarez
Apr 23 23:22:37 uscentral434 cpmigrate[5289]: [migrate 174.120.146.122 dalvarez] completed restore for dalvarez from 174.120.146.122
Apr 23 23:22:37 uscentral434 cpmigrate[5289]: [migrate 174.120.146.122 dancingd] warning: found dancingd in runtime list, handled by another instance, skipping!
Apr 23 23:22:37 uscentral434 cpmigrate[5289]: [migrate 174.120.146.122 danklenc] packaging user danklenc on 174.120.146.122
Apr 23 23:22:42 uscentral434 cpmigrate[5289]: [migrate 174.120.146.122 danklenc] copying cpmove-danklenc.tar.gz from 174.120.146.122 to local
Apr 23 23:22:42 uscentral434 cpmigrate[5289]: [migrate 174.120.146.122 danklenc] restoring danklenc from /home/cpmigrate/cpmove-danklenc.tar.gz
Apr 23 23:23:44 uscentral434 cpmigrate[28408]: [migrate 174.120.146.106 resortbe] starting rsync of 174.120.146.106:/home/resortbe to /home/resortbe
Apr 23 23:23:45 uscentral434 cpmigrate[28408]: [migrate 174.120.146.106 resortbe] completed rsync of 174.120.146.106:/home/resortbe to /home/resortbe
Apr 23 23:23:45 uscentral434 cpmigrate[28408]: [migrate 174.120.146.106 resortbe] converted resortbe mailboxes to local mailserver dovecot
Apr 23 23:23:45 uscentral434 cpmigrate[28408]: [migrate 174.120.146.106 resortbe] fixing permissions under /home/resortbe
Apr 23 23:23:46 uscentral434 cpmigrate[28408]: [migrate 174.120.146.106 resortbe] changed shell to /usr/local/cpanel/bin/jailshell for resortbe
Apr 23 23:23:46 uscentral434 cpmigrate[28408]: [migrate 174.120.146.106 resortbe] completed restore for resortbe from 174.120.146.106
Apr 23 23:23:46 uscentral434 cpmigrate[28408]: [migrate 174.120.146.106 retail] packaging user retail on 174.120.146.106
Apr 23 23:24:15 uscentral434 cpmigrate[13179]: [migrate 174.120.146.106 repairma] starting rsync of 174.120.146.106:/home/repairma to /home/repairma
Apr 23 23:24:27 uscentral434 cpmigrate[13179]: [migrate 174.120.146.106 repairma] completed rsync of 174.120.146.106:/home/repairma to /home/repairma
Apr 23 23:24:27 uscentral434 cpmigrate[13179]: [migrate 174.120.146.106 repairma] converted repairma mailboxes to local mailserver dovecot
Apr 23 23:24:27 uscentral434 cpmigrate[13179]: [migrate 174.120.146.106 repairma] fixing permissions under /home/repairma
Apr 23 23:24:28 uscentral434 cpmigrate[13179]: [migrate 174.120.146.106 repairma] changed shell to /usr/local/cpanel/bin/jailshell for repairma
Apr 23 23:24:28 uscentral434 cpmigrate[13179]: [migrate 174.120.146.106 repairma] completed restore for repairma from 174.120.146.106
Apr 23 23:24:28 uscentral434 cpmigrate[13179]: [migrate 174.120.146.106 reprintv] warning: found reprintv in runtime list, handled by another instance, skipping!
Apr 23 23:24:28 uscentral434 cpmigrate[13179]: [migrate 174.120.146.106 resortbe] warning: found resortbe in runtime list, handled by another instance, skipping!
Apr 23 23:24:28 uscentral434 cpmigrate[13179]: [migrate 174.120.146.106 retail] warning: found retail in runtime list, handled by another instance, skipping!
Apr 23 23:24:28 uscentral434 cpmigrate[13179]: [migrate 174.120.146.106 retrieve] packaging user retrieve on 174.120.146.106
Apr 23 23:24:44 uscentral434 cpmigrate[13179]: [migrate 174.120.146.106 retrieve] copying cpmove-retrieve.tar.gz from 174.120.146.106 to local
Apr 23 23:24:45 uscentral434 cpmigrate[13179]: [migrate 174.120.146.106 retrieve] restoring retrieve from /home/cpmigrate/cpmove-retrieve.tar.gz
Apr 23 23:25:11 uscentral434 cpmigrate[8133]: [migrate 174.120.146.122 cybernet] starting rsync of 174.120.146.122:/home/cybernet to /home/cybernet
Apr 23 23:25:44 uscentral434 cpmigrate[4884]: [migrate 174.120.146.122 dancingd] starting rsync of 174.120.146.122:/home/dancingd to /home/dancingd
Apr 23 23:25:51 uscentral434 cpmigrate[5289]: [migrate 174.120.146.122 danklenc] starting rsync of 174.120.146.122:/home/danklenc to /home/danklenc
Apr 23 23:26:37 uscentral434 cpmigrate[4884]: [migrate 174.120.146.122 dancingd] completed rsync of 174.120.146.122:/home/dancingd to /home/dancingd
Apr 23 23:26:37 uscentral434 cpmigrate[4884]: [migrate 174.120.146.122 dancingd] converted dancingd mailboxes to local mailserver dovecot
Apr 23 23:26:37 uscentral434 cpmigrate[4884]: [migrate 174.120.146.122 dancingd] fixing permissions under /home/dancingd
Apr 23 23:26:37 uscentral434 cpmigrate[4884]: [migrate 174.120.146.122 dancingd] changed shell to /usr/local/cpanel/bin/jailshell for dancingd
Apr 23 23:26:37 uscentral434 cpmigrate[4884]: [migrate 174.120.146.122 dancingd] completed restore for dancingd from 174.120.146.122
Apr 23 23:26:37 uscentral434 cpmigrate[4884]: [migrate 174.120.146.122 danklenc] warning: found danklenc in runtime list, handled by another instance, skipping!
Apr 23 23:26:37 uscentral434 cpmigrate[4884]: [migrate 174.120.146.122 darcycon] packaging user darcycon on 174.120.146.122
Apr 23 23:26:45 uscentral434 cpmigrate[4884]: [migrate 174.120.146.122 darcycon] copying cpmove-darcycon.tar.gz from 174.120.146.122 to local
Apr 23 23:26:45 uscentral434 cpmigrate[4884]: [migrate 174.120.146.122 darcycon] restoring darcycon from /home/cpmigrate/cpmove-darcycon.tar.gz
Apr 23 23:27:01 uscentral434 cpmigrate[6896]: [migrate 174.120.146.106 reprintv] starting rsync of 174.120.146.106:/home/reprintv to /home/reprintv
Apr 23 23:27:27 uscentral434 cpmigrate[5289]: [migrate 174.120.146.122 danklenc] completed rsync of 174.120.146.122:/home/danklenc to /home/danklenc
Apr 23 23:27:27 uscentral434 cpmigrate[5289]: [migrate 174.120.146.122 danklenc] converted danklenc mailboxes to local mailserver dovecot
Apr 23 23:27:27 uscentral434 cpmigrate[5289]: [migrate 174.120.146.122 danklenc] fixing permissions under /home/danklenc
Apr 23 23:27:28 uscentral434 cpmigrate[5289]: [migrate 174.120.146.122 danklenc] changed shell to /usr/local/cpanel/bin/jailshell for danklenc
Apr 23 23:27:28 uscentral434 cpmigrate[5289]: [migrate 174.120.146.122 danklenc] completed restore for danklenc from 174.120.146.122
Apr 23 23:27:28 uscentral434 cpmigrate[5289]: [migrate 174.120.146.122 darcycon] warning: found darcycon in runtime list, handled by another instance, skipping!
Apr 23 23:27:28 uscentral434 cpmigrate[5289]: [migrate 174.120.146.122 daretoca] packaging user daretoca on 174.120.146.122
Apr 23 23:27:51 uscentral434 cpmigrate[5289]: [migrate 174.120.146.122 daretoca] copying cpmove-daretoca.tar.gz from 174.120.146.122 to local
Apr 23 23:27:52 uscentral434 cpmigrate[5289]: [migrate 174.120.146.122 daretoca] restoring daretoca from /home/cpmigrate/cpmove-daretoca.tar.gz
Apr 23 23:27:54 uscentral434 cpmigrate[13179]: [migrate 174.120.146.106 retrieve] starting rsync of 174.120.146.106:/home/retrieve to /home/retrieve
Apr 23 23:28:18 uscentral434 cpmigrate[6896]: [migrate 174.120.146.106 reprintv] completed rsync of 174.120.146.106:/home/reprintv to /home/reprintv
Apr 23 23:28:18 uscentral434 cpmigrate[6896]: [migrate 174.120.146.106 reprintv] converted reprintv mailboxes to local mailserver dovecot
Apr 23 23:28:18 uscentral434 cpmigrate[6896]: [migrate 174.120.146.106 reprintv] fixing permissions under /home/reprintv
Apr 23 23:28:19 uscentral434 cpmigrate[6896]: [migrate 174.120.146.106 reprintv] changed shell to /usr/local/cpanel/bin/jailshell for reprintv
Apr 23 23:28:19 uscentral434 cpmigrate[6896]: [migrate 174.120.146.106 reprintv] completed restore for reprintv from 174.120.146.106
Apr 23 23:28:19 uscentral434 cpmigrate[6896]: [migrate 174.120.146.106 resortbe] warning: found resortbe in runtime list, handled by another instance, skipping!
Apr 23 23:28:19 uscentral434 cpmigrate[6896]: [migrate 174.120.146.106 retail] warning: found retail in runtime list, handled by another instance, skipping!
Apr 23 23:28:19 uscentral434 cpmigrate[6896]: [migrate 174.120.146.106 retrieve] warning: found retrieve in runtime list, handled by another instance, skipping!
Apr 23 23:28:19 uscentral434 cpmigrate[6896]: [migrate 174.120.146.106 rhino] packaging user rhino on 174.120.146.106
Apr 23 23:29:13 uscentral434 cpmigrate[6896]: [migrate 174.120.146.106 rhino] copying cpmove-rhino.tar.gz from 174.120.146.106 to local
Apr 23 23:29:13 uscentral434 cpmigrate[6896]: [migrate 174.120.146.106 rhino] restoring rhino from /home/cpmigrate/cpmove-rhino.tar.gz
Apr 23 23:29:42 uscentral434 cpmigrate[4884]: [migrate 174.120.146.122 darcycon] starting rsync of 174.120.146.122:/home/darcycon to /home/darcycon
Apr 23 23:29:52 uscentral434 cpmigrate[8133]: [migrate 174.120.146.122 cybernet] completed rsync of 174.120.146.122:/home/cybernet to /home/cybernet
Apr 23 23:29:52 uscentral434 cpmigrate[8133]: [migrate 174.120.146.122 cybernet] converted cybernet mailboxes to local mailserver dovecot
Apr 23 23:29:52 uscentral434 cpmigrate[8133]: [migrate 174.120.146.122 cybernet] fixing permissions under /home/cybernet
Apr 23 23:29:52 uscentral434 cpmigrate[4884]: [migrate 174.120.146.122 darcycon] completed rsync of 174.120.146.122:/home/darcycon to /home/darcycon
Apr 23 23:29:52 uscentral434 cpmigrate[4884]: [migrate 174.120.146.122 darcycon] converted darcycon mailboxes to local mailserver dovecot
Apr 23 23:29:52 uscentral434 cpmigrate[4884]: [migrate 174.120.146.122 darcycon] fixing permissions under /home/darcycon
Apr 23 23:29:53 uscentral434 cpmigrate[4884]: [migrate 174.120.146.122 darcycon] changed shell to /usr/local/cpanel/bin/jailshell for darcycon
Apr 23 23:29:53 uscentral434 cpmigrate[4884]: [migrate 174.120.146.122 darcycon] completed restore for darcycon from 174.120.146.122
Apr 23 23:29:53 uscentral434 cpmigrate[4884]: [migrate 174.120.146.122 daretoca] warning: found daretoca in runtime list, handled by another instance, skipping!
Apr 23 23:29:53 uscentral434 cpmigrate[4884]: [migrate 174.120.146.122 davecnet] packaging user davecnet on 174.120.146.122
Apr 23 23:29:53 uscentral434 cpmigrate[8133]: [migrate 174.120.146.122 cybernet] changed shell to /usr/local/cpanel/bin/jailshell for cybernet
Apr 23 23:29:53 uscentral434 cpmigrate[8133]: [migrate 174.120.146.122 cybernet] completed restore for cybernet from 174.120.146.122
Apr 23 23:29:53 uscentral434 cpmigrate[8133]: [migrate 174.120.146.122 d26event] warning: found d26event in runtime list, handled by another instance, skipping!
Apr 23 23:29:53 uscentral434 cpmigrate[8133]: [migrate 174.120.146.122 dabahhom] warning: found dabahhom in runtime list, handled by another instance, skipping!
Apr 23 23:29:53 uscentral434 cpmigrate[8133]: [migrate 174.120.146.122 dakkindi] warning: found dakkindi in runtime list, handled by another instance, skipping!
Apr 23 23:29:53 uscentral434 cpmigrate[8133]: [migrate 174.120.146.122 daleelak] warning: found daleelak in runtime list, handled by another instance, skipping!
Apr 23 23:29:53 uscentral434 cpmigrate[8133]: [migrate 174.120.146.122 dalvarez] warning: found dalvarez in runtime list, handled by another instance, skipping!
Apr 23 23:29:53 uscentral434 cpmigrate[8133]: [migrate 174.120.146.122 dancingd] warning: found dancingd in runtime list, handled by another instance, skipping!
Apr 23 23:29:53 uscentral434 cpmigrate[8133]: [migrate 174.120.146.122 danklenc] warning: found danklenc in runtime list, handled by another instance, skipping!
Apr 23 23:29:53 uscentral434 cpmigrate[8133]: [migrate 174.120.146.122 darcycon] warning: found darcycon in runtime list, handled by another instance, skipping!
Apr 23 23:29:53 uscentral434 cpmigrate[8133]: [migrate 174.120.146.122 daretoca] warning: found daretoca in runtime list, handled by another instance, skipping!
Apr 23 23:29:53 uscentral434 cpmigrate[8133]: [migrate 174.120.146.122 davecnet] warning: found davecnet in runtime list, handled by another instance, skipping!
Apr 23 23:29:53 uscentral434 cpmigrate[8133]: [migrate 174.120.146.122 davidbur] packaging user davidbur on 174.120.146.122
Apr 23 23:30:00 uscentral434 cpmigrate[8133]: [migrate 174.120.146.122 davidbur] copying cpmove-davidbur.tar.gz from 174.120.146.122 to local
Apr 23 23:30:02 uscentral434 cpmigrate[4884]: [migrate 174.120.146.122 davecnet] copying cpmove-davecnet.tar.gz from 174.120.146.122 to local
Apr 23 23:30:02 uscentral434 cpmigrate[8133]: [migrate 174.120.146.122 davidbur] restoring davidbur from /home/cpmigrate/cpmove-davidbur.tar.gz
Apr 23 23:30:02 uscentral434 cpmigrate[4884]: [migrate 174.120.146.122 davecnet] restoring davecnet from /home/cpmigrate/cpmove-davecnet.tar.gz
Apr 23 23:32:06 uscentral434 cpmigrate[6896]: [migrate 174.120.146.106 rhino] starting rsync of 174.120.146.106:/home/rhino to /home/rhino
Apr 23 23:32:48 uscentral434 cpmigrate[5289]: [migrate 174.120.146.122 daretoca] starting rsync of 174.120.146.122:/home/daretoca to /home/daretoca
Apr 23 23:33:33 uscentral434 cpmigrate[4884]: [migrate 174.120.146.122 davecnet] starting rsync of 174.120.146.122:/home/davecnet to /home/davecnet
Apr 23 23:33:35 uscentral434 cpmigrate[4884]: [migrate 174.120.146.122 davecnet] completed rsync of 174.120.146.122:/home/davecnet to /home/davecnet
Apr 23 23:33:35 uscentral434 cpmigrate[4884]: [migrate 174.120.146.122 davecnet] converted davecnet mailboxes to local mailserver dovecot
Apr 23 23:33:35 uscentral434 cpmigrate[4884]: [migrate 174.120.146.122 davecnet] fixing permissions under /home/davecnet
Apr 23 23:33:36 uscentral434 cpmigrate[4884]: [migrate 174.120.146.122 davecnet] changed shell to /usr/local/cpanel/bin/jailshell for davecnet
Apr 23 23:33:36 uscentral434 cpmigrate[4884]: [migrate 174.120.146.122 davecnet] completed restore for davecnet from 174.120.146.122
Apr 23 23:33:36 uscentral434 cpmigrate[4884]: [migrate 174.120.146.122 davidbur] warning: found davidbur in runtime list, handled by another instance, skipping!
Apr 23 23:33:36 uscentral434 cpmigrate[4884]: [migrate 174.120.146.122 davidmlm] packaging user davidmlm on 174.120.146.122
Apr 23 23:33:41 uscentral434 cpmigrate[4884]: [migrate 174.120.146.122 davidmlm] copying cpmove-davidmlm.tar.gz from 174.120.146.122 to local
Apr 23 23:33:41 uscentral434 cpmigrate[4884]: [migrate 174.120.146.122 davidmlm] restoring davidmlm from /home/cpmigrate/cpmove-davidmlm.tar.gz
Apr 23 23:34:25 uscentral434 cpmigrate[8133]: [migrate 174.120.146.122 davidbur] starting rsync of 174.120.146.122:/home/davidbur to /home/davidbur
Apr 23 23:34:29 uscentral434 cpmigrate[8133]: [migrate 174.120.146.122 davidbur] completed rsync of 174.120.146.122:/home/davidbur to /home/davidbur
Apr 23 23:34:30 uscentral434 cpmigrate[8133]: [migrate 174.120.146.122 davidbur] converted davidbur mailboxes to local mailserver dovecot
Apr 23 23:34:30 uscentral434 cpmigrate[8133]: [migrate 174.120.146.122 davidbur] fixing permissions under /home/davidbur
Apr 23 23:34:30 uscentral434 cpmigrate[8133]: [migrate 174.120.146.122 davidbur] changed shell to /usr/local/cpanel/bin/jailshell for davidbur
Apr 23 23:34:30 uscentral434 cpmigrate[8133]: [migrate 174.120.146.122 davidbur] completed restore for davidbur from 174.120.146.122
Apr 23 23:34:30 uscentral434 cpmigrate[8133]: [migrate 174.120.146.122 davidmlm] warning: found davidmlm in runtime list, handled by another instance, skipping!
Apr 23 23:34:30 uscentral434 cpmigrate[8133]: [migrate 174.120.146.122 davidscl] packaging user davidscl on 174.120.146.122
Apr 23 23:34:31 uscentral434 cpmigrate[6896]: [migrate 174.120.146.106 rhino] completed rsync of 174.120.146.106:/home/rhino to /home/rhino
Apr 23 23:34:31 uscentral434 cpmigrate[6896]: [migrate 174.120.146.106 rhino] converted rhino mailboxes to local mailserver dovecot
Apr 23 23:34:31 uscentral434 cpmigrate[6896]: [migrate 174.120.146.106 rhino] fixing permissions under /home/rhino
Apr 23 23:34:31 uscentral434 cpmigrate[6896]: [migrate 174.120.146.106 rhino] changed shell to /usr/local/cpanel/bin/jailshell for rhino
Apr 23 23:34:31 uscentral434 cpmigrate[6896]: [migrate 174.120.146.106 rhino] completed restore for rhino from 174.120.146.106
Apr 23 23:34:31 uscentral434 cpmigrate[6896]: [migrate 174.120.146.106 riadam] packaging user riadam on 174.120.146.106
Apr 23 23:34:34 uscentral434 cpmigrate[8133]: [migrate 174.120.146.122 davidscl] copying cpmove-davidscl.tar.gz from 174.120.146.122 to local
Apr 23 23:34:34 uscentral434 cpmigrate[8133]: [migrate 174.120.146.122 davidscl] restoring davidscl from /home/cpmigrate/cpmove-davidscl.tar.gz
Apr 23 23:34:49 uscentral434 cpmigrate[6896]: [migrate 174.120.146.106 riadam] copying cpmove-riadam.tar.gz from 174.120.146.106 to local
Apr 23 23:34:49 uscentral434 cpmigrate[6896]: [migrate 174.120.146.106 riadam] restoring riadam from /home/cpmigrate/cpmove-riadam.tar.gz
Apr 23 23:36:04 uscentral434 cpmigrate[5289]: [migrate 174.120.146.122 daretoca] completed rsync of 174.120.146.122:/home/daretoca to /home/daretoca
Apr 23 23:36:04 uscentral434 cpmigrate[5289]: [migrate 174.120.146.122 daretoca] converted daretoca mailboxes to local mailserver dovecot
Apr 23 23:36:04 uscentral434 cpmigrate[5289]: [migrate 174.120.146.122 daretoca] fixing permissions under /home/daretoca
Apr 23 23:36:07 uscentral434 cpmigrate[5289]: [migrate 174.120.146.122 daretoca] changed shell to /usr/local/cpanel/bin/jailshell for daretoca
Apr 23 23:36:07 uscentral434 cpmigrate[5289]: [migrate 174.120.146.122 daretoca] completed restore for daretoca from 174.120.146.122
Apr 23 23:36:07 uscentral434 cpmigrate[5289]: [migrate 174.120.146.122 davecnet] warning: found davecnet in runtime list, handled by another instance, skipping!
Apr 23 23:36:07 uscentral434 cpmigrate[5289]: [migrate 174.120.146.122 davidbur] warning: found davidbur in runtime list, handled by another instance, skipping!
Apr 23 23:36:07 uscentral434 cpmigrate[5289]: [migrate 174.120.146.122 davidmlm] warning: found davidmlm in runtime list, handled by another instance, skipping!
Apr 23 23:36:07 uscentral434 cpmigrate[5289]: [migrate 174.120.146.122 davidscl] warning: found davidscl in runtime list, handled by another instance, skipping!
Apr 23 23:36:07 uscentral434 cpmigrate[5289]: [migrate 174.120.146.122 dayrapid] packaging user dayrapid on 174.120.146.122
Apr 23 23:36:11 uscentral434 cpmigrate[5289]: [migrate 174.120.146.122 dayrapid] copying cpmove-dayrapid.tar.gz from 174.120.146.122 to local
Apr 23 23:36:12 uscentral434 cpmigrate[5289]: [migrate 174.120.146.122 dayrapid] restoring dayrapid from /home/cpmigrate/cpmove-dayrapid.tar.gz
Apr 23 23:37:08 uscentral434 cpmigrate[4884]: [migrate 174.120.146.122 davidmlm] starting rsync of 174.120.146.122:/home/davidmlm to /home/davidmlm
Apr 23 23:37:09 uscentral434 cpmigrate[4884]: [migrate 174.120.146.122 davidmlm] completed rsync of 174.120.146.122:/home/davidmlm to /home/davidmlm
Apr 23 23:37:09 uscentral434 cpmigrate[4884]: [migrate 174.120.146.122 davidmlm] converted davidmlm mailboxes to local mailserver dovecot
Apr 23 23:37:09 uscentral434 cpmigrate[4884]: [migrate 174.120.146.122 davidmlm] fixing permissions under /home/davidmlm
Apr 23 23:37:09 uscentral434 cpmigrate[4884]: [migrate 174.120.146.122 davidmlm] changed shell to /usr/local/cpanel/bin/jailshell for davidmlm
Apr 23 23:37:09 uscentral434 cpmigrate[4884]: [migrate 174.120.146.122 davidmlm] completed restore for davidmlm from 174.120.146.122
Apr 23 23:37:09 uscentral434 cpmigrate[4884]: [migrate 174.120.146.122 davidscl] warning: found davidscl in runtime list, handled by another instance, skipping!
Apr 23 23:37:09 uscentral434 cpmigrate[4884]: [migrate 174.120.146.122 dayrapid] warning: found dayrapid in runtime list, handled by another instance, skipping!
Apr 23 23:37:09 uscentral434 cpmigrate[4884]: [migrate 174.120.146.122 dbrdevel] packaging user dbrdevel on 174.120.146.122
Apr 23 23:37:16 uscentral434 cpmigrate[4884]: [migrate 174.120.146.122 dbrdevel] copying cpmove-dbrdevel.tar.gz from 174.120.146.122 to local
Apr 23 23:37:17 uscentral434 cpmigrate[4884]: [migrate 174.120.146.122 dbrdevel] restoring dbrdevel from /home/cpmigrate/cpmove-dbrdevel.tar.gz
Apr 23 23:37:44 uscentral434 cpmigrate[6896]: [migrate 174.120.146.106 riadam] starting rsync of 174.120.146.106:/home/riadam to /home/riadam
Apr 23 23:37:49 uscentral434 cpmigrate[8133]: [migrate 174.120.146.122 davidscl] starting rsync of 174.120.146.122:/home/davidscl to /home/davidscl
Apr 23 23:37:52 uscentral434 cpmigrate[8133]: [migrate 174.120.146.122 davidscl] completed rsync of 174.120.146.122:/home/davidscl to /home/davidscl
Apr 23 23:37:52 uscentral434 cpmigrate[8133]: [migrate 174.120.146.122 davidscl] converted davidscl mailboxes to local mailserver dovecot
Apr 23 23:37:52 uscentral434 cpmigrate[8133]: [migrate 174.120.146.122 davidscl] fixing permissions under /home/davidscl
Apr 23 23:37:52 uscentral434 cpmigrate[8133]: [migrate 174.120.146.122 davidscl] changed shell to /usr/local/cpanel/bin/jailshell for davidscl
Apr 23 23:37:52 uscentral434 cpmigrate[8133]: [migrate 174.120.146.122 davidscl] completed restore for davidscl from 174.120.146.122
Apr 23 23:37:52 uscentral434 cpmigrate[8133]: [migrate 174.120.146.122 dayrapid] warning: found dayrapid in runtime list, handled by another instance, skipping!
Apr 23 23:37:52 uscentral434 cpmigrate[8133]: [migrate 174.120.146.122 dbrdevel] warning: found dbrdevel in runtime list, handled by another instance, skipping!
Apr 23 23:37:52 uscentral434 cpmigrate[8133]: [migrate 174.120.146.122 dch3n] packaging user dch3n on 174.120.146.122
Apr 23 23:38:00 uscentral434 cpmigrate[8133]: [migrate 174.120.146.122 dch3n] copying cpmove-dch3n.tar.gz from 174.120.146.122 to local
Apr 23 23:38:01 uscentral434 cpmigrate[8133]: [migrate 174.120.146.122 dch3n] restoring dch3n from /home/cpmigrate/cpmove-dch3n.tar.gz
Apr 23 23:39:30 uscentral434 cpmigrate[5289]: [migrate 174.120.146.122 dayrapid] starting rsync of 174.120.146.122:/home/dayrapid to /home/dayrapid
Apr 23 23:39:36 uscentral434 cpmigrate[5289]: [migrate 174.120.146.122 dayrapid] completed rsync of 174.120.146.122:/home/dayrapid to /home/dayrapid
Apr 23 23:39:36 uscentral434 cpmigrate[5289]: [migrate 174.120.146.122 dayrapid] converted dayrapid mailboxes to local mailserver dovecot
Apr 23 23:39:36 uscentral434 cpmigrate[5289]: [migrate 174.120.146.122 dayrapid] fixing permissions under /home/dayrapid
Apr 23 23:39:36 uscentral434 cpmigrate[5289]: [migrate 174.120.146.122 dayrapid] changed shell to /usr/local/cpanel/bin/jailshell for dayrapid
Apr 23 23:39:36 uscentral434 cpmigrate[5289]: [migrate 174.120.146.122 dayrapid] completed restore for dayrapid from 174.120.146.122
Apr 23 23:39:36 uscentral434 cpmigrate[5289]: [migrate 174.120.146.122 dbrdevel] warning: found dbrdevel in runtime list, handled by another instance, skipping!
Apr 23 23:39:36 uscentral434 cpmigrate[5289]: [migrate 174.120.146.122 dch3n] warning: found dch3n in runtime list, handled by another instance, skipping!
Apr 23 23:39:36 uscentral434 cpmigrate[5289]: [migrate 174.120.146.122 deadlong] packaging user deadlong on 174.120.146.122
Apr 23 23:39:41 uscentral434 cpmigrate[5289]: [migrate 174.120.146.122 deadlong] copying cpmove-deadlong.tar.gz from 174.120.146.122 to local
Apr 23 23:39:41 uscentral434 cpmigrate[5289]: [migrate 174.120.146.122 deadlong] restoring deadlong from /home/cpmigrate/cpmove-deadlong.tar.gz
Apr 23 23:39:54 uscentral434 cpmigrate[6896]: [migrate 174.120.146.106 riadam] completed rsync of 174.120.146.106:/home/riadam to /home/riadam
Apr 23 23:39:55 uscentral434 cpmigrate[6896]: [migrate 174.120.146.106 riadam] converted riadam mailboxes to local mailserver dovecot
Apr 23 23:39:55 uscentral434 cpmigrate[6896]: [migrate 174.120.146.106 riadam] fixing permissions under /home/riadam
Apr 23 23:39:55 uscentral434 cpmigrate[6896]: [migrate 174.120.146.106 riadam] changed shell to /usr/local/cpanel/bin/jailshell for riadam
Apr 23 23:39:55 uscentral434 cpmigrate[6896]: [migrate 174.120.146.106 riadam] completed restore for riadam from 174.120.146.106
Apr 23 23:39:55 uscentral434 cpmigrate[6896]: [migrate 174.120.146.106 rickshaw] packaging user rickshaw on 174.120.146.106
Apr 23 23:40:18 uscentral434 cpmigrate[4884]: [migrate 174.120.146.122 dbrdevel] starting rsync of 174.120.146.122:/home/dbrdevel to /home/dbrdevel
Apr 23 23:40:20 uscentral434 cpmigrate[6896]: [migrate 174.120.146.106 rickshaw] copying cpmove-rickshaw.tar.gz from 174.120.146.106 to local
Apr 23 23:40:21 uscentral434 cpmigrate[6896]: [migrate 174.120.146.106 rickshaw] restoring rickshaw from /home/cpmigrate/cpmove-rickshaw.tar.gz
Apr 23 23:40:27 uscentral434 cpmigrate[4884]: [migrate 174.120.146.122 dbrdevel] completed rsync of 174.120.146.122:/home/dbrdevel to /home/dbrdevel
Apr 23 23:40:27 uscentral434 cpmigrate[4884]: [migrate 174.120.146.122 dbrdevel] converted dbrdevel mailboxes to local mailserver dovecot
Apr 23 23:40:27 uscentral434 cpmigrate[4884]: [migrate 174.120.146.122 dbrdevel] fixing permissions under /home/dbrdevel
Apr 23 23:40:28 uscentral434 cpmigrate[4884]: [migrate 174.120.146.122 dbrdevel] changed shell to /usr/local/cpanel/bin/jailshell for dbrdevel
Apr 23 23:40:28 uscentral434 cpmigrate[4884]: [migrate 174.120.146.122 dbrdevel] completed restore for dbrdevel from 174.120.146.122
Apr 23 23:40:28 uscentral434 cpmigrate[4884]: [migrate 174.120.146.122 dch3n] warning: found dch3n in runtime list, handled by another instance, skipping!
Apr 23 23:40:28 uscentral434 cpmigrate[4884]: [migrate 174.120.146.122 deadlong] warning: found deadlong in runtime list, handled by another instance, skipping!
Apr 23 23:40:28 uscentral434 cpmigrate[4884]: [migrate 174.120.146.122 dealsnet] packaging user dealsnet on 174.120.146.122
Apr 23 23:40:34 uscentral434 cpmigrate[4884]: [migrate 174.120.146.122 dealsnet] copying cpmove-dealsnet.tar.gz from 174.120.146.122 to local
Apr 23 23:40:35 uscentral434 cpmigrate[4884]: [migrate 174.120.146.122 dealsnet] restoring dealsnet from /home/cpmigrate/cpmove-dealsnet.tar.gz
Apr 23 23:41:03 uscentral434 cpmigrate[8133]: [migrate 174.120.146.122 dch3n] starting rsync of 174.120.146.122:/home/dch3n to /home/dch3n
Apr 23 23:41:07 uscentral434 cpmigrate[8133]: [migrate 174.120.146.122 dch3n] completed rsync of 174.120.146.122:/home/dch3n to /home/dch3n
Apr 23 23:41:07 uscentral434 cpmigrate[8133]: [migrate 174.120.146.122 dch3n] converted dch3n mailboxes to local mailserver dovecot
Apr 23 23:41:07 uscentral434 cpmigrate[8133]: [migrate 174.120.146.122 dch3n] fixing permissions under /home/dch3n
Apr 23 23:41:07 uscentral434 cpmigrate[8133]: [migrate 174.120.146.122 dch3n] changed shell to /usr/local/cpanel/bin/jailshell for dch3n
Apr 23 23:41:07 uscentral434 cpmigrate[8133]: [migrate 174.120.146.122 dch3n] completed restore for dch3n from 174.120.146.122
Apr 23 23:41:07 uscentral434 cpmigrate[8133]: [migrate 174.120.146.122 deadlong] warning: found deadlong in runtime list, handled by another instance, skipping!
Apr 23 23:41:07 uscentral434 cpmigrate[8133]: [migrate 174.120.146.122 dealsnet] warning: found dealsnet in runtime list, handled by another instance, skipping!
Apr 23 23:41:07 uscentral434 cpmigrate[8133]: [migrate 174.120.146.122 deanwrig] packaging user deanwrig on 174.120.146.122
Apr 23 23:41:13 uscentral434 cpmigrate[8133]: [migrate 174.120.146.122 deanwrig] copying cpmove-deanwrig.tar.gz from 174.120.146.122 to local
Apr 23 23:41:13 uscentral434 cpmigrate[8133]: [migrate 174.120.146.122 deanwrig] restoring deanwrig from /home/cpmigrate/cpmove-deanwrig.tar.gz
Apr 23 23:42:55 uscentral434 cpmigrate[5289]: [migrate 174.120.146.122 deadlong] starting rsync of 174.120.146.122:/home/deadlong to /home/deadlong
Apr 23 23:42:59 uscentral434 cpmigrate[5289]: [migrate 174.120.146.122 deadlong] completed rsync of 174.120.146.122:/home/deadlong to /home/deadlong
Apr 23 23:42:59 uscentral434 cpmigrate[5289]: [migrate 174.120.146.122 deadlong] converted deadlong mailboxes to local mailserver dovecot
Apr 23 23:42:59 uscentral434 cpmigrate[5289]: [migrate 174.120.146.122 deadlong] fixing permissions under /home/deadlong
Apr 23 23:42:59 uscentral434 cpmigrate[5289]: [migrate 174.120.146.122 deadlong] changed shell to /usr/local/cpanel/bin/jailshell for deadlong
Apr 23 23:43:00 uscentral434 cpmigrate[5289]: [migrate 174.120.146.122 deadlong] completed restore for deadlong from 174.120.146.122
Apr 23 23:43:00 uscentral434 cpmigrate[5289]: [migrate 174.120.146.122 dealsnet] warning: found dealsnet in runtime list, handled by another instance, skipping!
Apr 23 23:43:00 uscentral434 cpmigrate[5289]: [migrate 174.120.146.122 deanwrig] warning: found deanwrig in runtime list, handled by another instance, skipping!
Apr 23 23:43:00 uscentral434 cpmigrate[5289]: [migrate 174.120.146.122 debrabur] packaging user debrabur on 174.120.146.122
Apr 23 23:43:04 uscentral434 cpmigrate[5289]: [migrate 174.120.146.122 debrabur] copying cpmove-debrabur.tar.gz from 174.120.146.122 to local
Apr 23 23:43:04 uscentral434 cpmigrate[5289]: [migrate 174.120.146.122 debrabur] restoring debrabur from /home/cpmigrate/cpmove-debrabur.tar.gz
Apr 23 23:43:21 uscentral434 cpmigrate[6896]: [migrate 174.120.146.106 rickshaw] starting rsync of 174.120.146.106:/home/rickshaw to /home/rickshaw
Apr 23 23:43:47 uscentral434 cpmigrate[4884]: [migrate 174.120.146.122 dealsnet] starting rsync of 174.120.146.122:/home/dealsnet to /home/dealsnet
Apr 23 23:44:01 uscentral434 cpmigrate[4884]: [migrate 174.120.146.122 dealsnet] completed rsync of 174.120.146.122:/home/dealsnet to /home/dealsnet
Apr 23 23:44:01 uscentral434 cpmigrate[4884]: [migrate 174.120.146.122 dealsnet] converted dealsnet mailboxes to local mailserver dovecot
Apr 23 23:44:01 uscentral434 cpmigrate[4884]: [migrate 174.120.146.122 dealsnet] fixing permissions under /home/dealsnet
Apr 23 23:44:02 uscentral434 cpmigrate[4884]: [migrate 174.120.146.122 dealsnet] changed shell to /usr/local/cpanel/bin/jailshell for dealsnet
Apr 23 23:44:02 uscentral434 cpmigrate[4884]: [migrate 174.120.146.122 dealsnet] completed restore for dealsnet from 174.120.146.122
Apr 23 23:44:02 uscentral434 cpmigrate[4884]: [migrate 174.120.146.122 deanwrig] warning: found deanwrig in runtime list, handled by another instance, skipping!
Apr 23 23:44:02 uscentral434 cpmigrate[4884]: [migrate 174.120.146.122 debrabur] warning: found debrabur in runtime list, handled by another instance, skipping!
Apr 23 23:44:02 uscentral434 cpmigrate[4884]: [migrate 174.120.146.122 deepervo] packaging user deepervo on 174.120.146.122
Apr 23 23:44:12 uscentral434 cpmigrate[4884]: [migrate 174.120.146.122 deepervo] copying cpmove-deepervo.tar.gz from 174.120.146.122 to local
Apr 23 23:44:12 uscentral434 cpmigrate[4884]: [migrate 174.120.146.122 deepervo] restoring deepervo from /home/cpmigrate/cpmove-deepervo.tar.gz
Apr 23 23:44:25 uscentral434 cpmigrate[8133]: [migrate 174.120.146.122 deanwrig] starting rsync of 174.120.146.122:/home/deanwrig to /home/deanwrig
Apr 23 23:44:32 uscentral434 cpmigrate[8133]: [migrate 174.120.146.122 deanwrig] completed rsync of 174.120.146.122:/home/deanwrig to /home/deanwrig
Apr 23 23:44:32 uscentral434 cpmigrate[8133]: [migrate 174.120.146.122 deanwrig] converted deanwrig mailboxes to local mailserver dovecot
Apr 23 23:44:32 uscentral434 cpmigrate[8133]: [migrate 174.120.146.122 deanwrig] fixing permissions under /home/deanwrig
Apr 23 23:44:33 uscentral434 cpmigrate[8133]: [migrate 174.120.146.122 deanwrig] changed shell to /usr/local/cpanel/bin/jailshell for deanwrig
Apr 23 23:44:33 uscentral434 cpmigrate[8133]: [migrate 174.120.146.122 deanwrig] completed restore for deanwrig from 174.120.146.122
Apr 23 23:44:33 uscentral434 cpmigrate[8133]: [migrate 174.120.146.122 debrabur] warning: found debrabur in runtime list, handled by another instance, skipping!
Apr 23 23:44:33 uscentral434 cpmigrate[8133]: [migrate 174.120.146.122 deepervo] warning: found deepervo in runtime list, handled by another instance, skipping!
Apr 23 23:44:33 uscentral434 cpmigrate[8133]: [migrate 174.120.146.122 delo321] packaging user delo321 on 174.120.146.122
Apr 23 23:44:37 uscentral434 cpmigrate[8133]: [migrate 174.120.146.122 delo321] copying cpmove-delo321.tar.gz from 174.120.146.122 to local
