Apr 23 17:03:54 uscentral434 cpmigrate[8133]: [migrate 174.120.146.122 absirker] completed rsync of 174.120.146.122:/home/absirker to /home/absirker
Apr 23 17:03:54 uscentral434 cpmigrate[8133]: [migrate 174.120.146.122 absirker] converted absirker mailboxes to local mailserver dovecot
Apr 23 17:03:54 uscentral434 cpmigrate[8133]: [migrate 174.120.146.122 absirker] fixing permissions under /home/absirker
Apr 23 17:03:55 uscentral434 cpmigrate[8133]: [migrate 174.120.146.122 absirker] changed shell to /usr/local/cpanel/bin/jailshell for absirker
Apr 23 17:03:55 uscentral434 cpmigrate[8133]: [migrate 174.120.146.122 absirker] completed restore for absirker from 174.120.146.122
Apr 23 17:03:55 uscentral434 cpmigrate[8133]: [migrate 174.120.146.122 acb] warning: found acb in runtime list, handled by another instance, skipping!
Apr 23 17:03:55 uscentral434 cpmigrate[8133]: [migrate 174.120.146.122 acbtv] packaging user acbtv on 174.120.146.122
Apr 23 17:03:59 uscentral434 cpmigrate[4884]: [migrate 174.120.146.122 acb] copying cpmove-acb.tar.gz from 174.120.146.122 to local
Apr 23 17:04:00 uscentral434 cpmigrate[4884]: [migrate 174.120.146.122 acb] restoring acb from /home/cpmigrate/cpmove-acb.tar.gz
Apr 23 17:04:04 uscentral434 cpmigrate[13179]: [migrate 174.120.146.106 nancydin] starting rsync of 174.120.146.106:/home/nancydin to /home/nancydin
Apr 23 17:04:04 uscentral434 cpmigrate[8133]: [migrate 174.120.146.122 acbtv] copying cpmove-acbtv.tar.gz from 174.120.146.122 to local
Apr 23 17:04:05 uscentral434 cpmigrate[8133]: [migrate 174.120.146.122 acbtv] restoring acbtv from /home/cpmigrate/cpmove-acbtv.tar.gz
Apr 23 17:04:47 uscentral434 cpmigrate[28408]: [migrate 174.120.146.106 napigato] starting rsync of 174.120.146.106:/home/napigato to /home/napigato
Apr 23 17:05:45 uscentral434 cpmigrate[13179]: [migrate 174.120.146.106 nancydin] completed rsync of 174.120.146.106:/home/nancydin to /home/nancydin
Apr 23 17:05:45 uscentral434 cpmigrate[13179]: [migrate 174.120.146.106 nancydin] converted nancydin mailboxes to local mailserver dovecot
Apr 23 17:05:45 uscentral434 cpmigrate[13179]: [migrate 174.120.146.106 nancydin] fixing permissions under /home/nancydin
Apr 23 17:05:45 uscentral434 cpmigrate[13179]: [migrate 174.120.146.106 nancydin] changed shell to /usr/local/cpanel/bin/jailshell for nancydin
Apr 23 17:05:45 uscentral434 cpmigrate[13179]: [migrate 174.120.146.106 nancydin] completed restore for nancydin from 174.120.146.106
Apr 23 17:05:45 uscentral434 cpmigrate[13179]: [migrate 174.120.146.106 napigato] warning: found napigato in runtime list, handled by another instance, skipping!
Apr 23 17:05:45 uscentral434 cpmigrate[13179]: [migrate 174.120.146.106 napjunkn] packaging user napjunkn on 174.120.146.106
Apr 23 17:05:57 uscentral434 cpmigrate[13179]: [migrate 174.120.146.106 napjunkn] copying cpmove-napjunkn.tar.gz from 174.120.146.106 to local
Apr 23 17:05:58 uscentral434 cpmigrate[13179]: [migrate 174.120.146.106 napjunkn] restoring napjunkn from /home/cpmigrate/cpmove-napjunkn.tar.gz
Apr 23 17:06:11 uscentral434 cpmigrate[28408]: [migrate 174.120.146.106 napigato] completed rsync of 174.120.146.106:/home/napigato to /home/napigato
Apr 23 17:06:11 uscentral434 cpmigrate[28408]: [migrate 174.120.146.106 napigato] converted napigato mailboxes to local mailserver dovecot
Apr 23 17:06:11 uscentral434 cpmigrate[28408]: [migrate 174.120.146.106 napigato] fixing permissions under /home/napigato
Apr 23 17:06:11 uscentral434 cpmigrate[28408]: [migrate 174.120.146.106 napigato] changed shell to /usr/local/cpanel/bin/jailshell for napigato
Apr 23 17:06:11 uscentral434 cpmigrate[28408]: [migrate 174.120.146.106 napigato] completed restore for napigato from 174.120.146.106
Apr 23 17:06:11 uscentral434 cpmigrate[28408]: [migrate 174.120.146.106 napjunkn] warning: found napjunkn in runtime list, handled by another instance, skipping!
Apr 23 17:06:11 uscentral434 cpmigrate[28408]: [migrate 174.120.146.106 narberth] packaging user narberth on 174.120.146.106
Apr 23 17:06:16 uscentral434 cpmigrate[28408]: [migrate 174.120.146.106 narberth] copying cpmove-narberth.tar.gz from 174.120.146.106 to local
Apr 23 17:06:17 uscentral434 cpmigrate[28408]: [migrate 174.120.146.106 narberth] restoring narberth from /home/cpmigrate/cpmove-narberth.tar.gz
Apr 23 17:07:36 uscentral434 cpmigrate[4884]: [migrate 174.120.146.122 acb] starting rsync of 174.120.146.122:/home/acb to /home/acb
Apr 23 17:07:37 uscentral434 cpmigrate[4884]: [migrate 174.120.146.122 acb] completed rsync of 174.120.146.122:/home/acb to /home/acb
Apr 23 17:07:37 uscentral434 cpmigrate[4884]: [migrate 174.120.146.122 acb] converted acb mailboxes to local mailserver dovecot
Apr 23 17:07:37 uscentral434 cpmigrate[4884]: [migrate 174.120.146.122 acb] fixing permissions under /home/acb
Apr 23 17:07:38 uscentral434 cpmigrate[4884]: [migrate 174.120.146.122 acb] changed shell to /usr/local/cpanel/bin/jailshell for acb
Apr 23 17:07:38 uscentral434 cpmigrate[4884]: [migrate 174.120.146.122 acb] completed restore for acb from 174.120.146.122
Apr 23 17:07:38 uscentral434 cpmigrate[4884]: [migrate 174.120.146.122 acbtv] warning: found acbtv in runtime list, handled by another instance, skipping!
Apr 23 17:07:38 uscentral434 cpmigrate[4884]: [migrate 174.120.146.122 accessca] packaging user accessca on 174.120.146.122
Apr 23 17:07:42 uscentral434 cpmigrate[4884]: [migrate 174.120.146.122 accessca] copying cpmove-accessca.tar.gz from 174.120.146.122 to local
Apr 23 17:07:43 uscentral434 cpmigrate[4884]: [migrate 174.120.146.122 accessca] restoring accessca from /home/cpmigrate/cpmove-accessca.tar.gz
Apr 23 17:07:44 uscentral434 cpmigrate[8133]: [migrate 174.120.146.122 acbtv] starting rsync of 174.120.146.122:/home/acbtv to /home/acbtv
Apr 23 17:07:46 uscentral434 cpmigrate[8133]: [migrate 174.120.146.122 acbtv] completed rsync of 174.120.146.122:/home/acbtv to /home/acbtv
Apr 23 17:07:46 uscentral434 cpmigrate[8133]: [migrate 174.120.146.122 acbtv] converted acbtv mailboxes to local mailserver dovecot
Apr 23 17:07:46 uscentral434 cpmigrate[8133]: [migrate 174.120.146.122 acbtv] fixing permissions under /home/acbtv
Apr 23 17:07:46 uscentral434 cpmigrate[8133]: [migrate 174.120.146.122 acbtv] changed shell to /usr/local/cpanel/bin/jailshell for acbtv
Apr 23 17:07:46 uscentral434 cpmigrate[8133]: [migrate 174.120.146.122 acbtv] completed restore for acbtv from 174.120.146.122
Apr 23 17:07:46 uscentral434 cpmigrate[8133]: [migrate 174.120.146.122 accessca] warning: found accessca in runtime list, handled by another instance, skipping!
Apr 23 17:07:46 uscentral434 cpmigrate[8133]: [migrate 174.120.146.122 acneejco] packaging user acneejco on 174.120.146.122
Apr 23 17:07:50 uscentral434 cpmigrate[8133]: [migrate 174.120.146.122 acneejco] copying cpmove-acneejco.tar.gz from 174.120.146.122 to local
Apr 23 17:07:50 uscentral434 cpmigrate[8133]: [migrate 174.120.146.122 acneejco] restoring acneejco from /home/cpmigrate/cpmove-acneejco.tar.gz
Apr 23 17:08:21 uscentral434 cpmigrate[6896]: [migrate 174.120.146.106 nacron] copying cpmove-nacron.tar.gz from 174.120.146.106 to local
Apr 23 17:08:23 uscentral434 cpmigrate[6896]: [migrate 174.120.146.106 nacron] restoring nacron from /home/cpmigrate/cpmove-nacron.tar.gz
Apr 23 17:09:10 uscentral434 cpmigrate[13179]: [migrate 174.120.146.106 napjunkn] starting rsync of 174.120.146.106:/home/napjunkn to /home/napjunkn
Apr 23 17:09:30 uscentral434 cpmigrate[13179]: [migrate 174.120.146.106 napjunkn] completed rsync of 174.120.146.106:/home/napjunkn to /home/napjunkn
Apr 23 17:09:30 uscentral434 cpmigrate[13179]: [migrate 174.120.146.106 napjunkn] converted napjunkn mailboxes to local mailserver dovecot
Apr 23 17:09:30 uscentral434 cpmigrate[13179]: [migrate 174.120.146.106 napjunkn] fixing permissions under /home/napjunkn
Apr 23 17:09:30 uscentral434 cpmigrate[13179]: [migrate 174.120.146.106 napjunkn] changed shell to /usr/local/cpanel/bin/jailshell for napjunkn
Apr 23 17:09:30 uscentral434 cpmigrate[13179]: [migrate 174.120.146.106 napjunkn] completed restore for napjunkn from 174.120.146.106
Apr 23 17:09:30 uscentral434 cpmigrate[13179]: [migrate 174.120.146.106 narberth] warning: found narberth in runtime list, handled by another instance, skipping!
Apr 23 17:09:30 uscentral434 cpmigrate[13179]: [migrate 174.120.146.106 naswmain] packaging user naswmain on 174.120.146.106
Apr 23 17:09:44 uscentral434 cpmigrate[13179]: [migrate 174.120.146.106 naswmain] copying cpmove-naswmain.tar.gz from 174.120.146.106 to local
Apr 23 17:09:44 uscentral434 cpmigrate[13179]: [migrate 174.120.146.106 naswmain] restoring naswmain from /home/cpmigrate/cpmove-naswmain.tar.gz
Apr 23 17:10:07 uscentral434 cpmigrate[5289]: [migrate 174.120.146.122 ablurkco] starting rsync of 174.120.146.122:/home/ablurkco to /home/ablurkco
Apr 23 17:10:33 uscentral434 cpmigrate[4884]: [migrate 174.120.146.122 accessca] starting rsync of 174.120.146.122:/home/accessca to /home/accessca
Apr 23 17:10:36 uscentral434 cpmigrate[4884]: [migrate 174.120.146.122 accessca] completed rsync of 174.120.146.122:/home/accessca to /home/accessca
Apr 23 17:10:36 uscentral434 cpmigrate[4884]: [migrate 174.120.146.122 accessca] converted accessca mailboxes to local mailserver dovecot
Apr 23 17:10:36 uscentral434 cpmigrate[4884]: [migrate 174.120.146.122 accessca] fixing permissions under /home/accessca
Apr 23 17:10:36 uscentral434 cpmigrate[4884]: [migrate 174.120.146.122 accessca] changed shell to /usr/local/cpanel/bin/jailshell for accessca
Apr 23 17:10:36 uscentral434 cpmigrate[4884]: [migrate 174.120.146.122 accessca] completed restore for accessca from 174.120.146.122
Apr 23 17:10:36 uscentral434 cpmigrate[4884]: [migrate 174.120.146.122 acneejco] warning: found acneejco in runtime list, handled by another instance, skipping!
Apr 23 17:10:36 uscentral434 cpmigrate[4884]: [migrate 174.120.146.122 adelandt] packaging user adelandt on 174.120.146.122
Apr 23 17:10:40 uscentral434 cpmigrate[4884]: [migrate 174.120.146.122 adelandt] copying cpmove-adelandt.tar.gz from 174.120.146.122 to local
Apr 23 17:10:41 uscentral434 cpmigrate[4884]: [migrate 174.120.146.122 adelandt] restoring adelandt from /home/cpmigrate/cpmove-adelandt.tar.gz
Apr 23 17:10:41 uscentral434 cpmigrate[28408]: [migrate 174.120.146.106 narberth] starting rsync of 174.120.146.106:/home/narberth to /home/narberth
Apr 23 17:10:41 uscentral434 cpmigrate[8133]: [migrate 174.120.146.122 acneejco] starting rsync of 174.120.146.122:/home/acneejco to /home/acneejco
Apr 23 17:10:51 uscentral434 cpmigrate[8133]: [migrate 174.120.146.122 acneejco] completed rsync of 174.120.146.122:/home/acneejco to /home/acneejco
Apr 23 17:10:51 uscentral434 cpmigrate[8133]: [migrate 174.120.146.122 acneejco] converted acneejco mailboxes to local mailserver dovecot
Apr 23 17:10:51 uscentral434 cpmigrate[8133]: [migrate 174.120.146.122 acneejco] fixing permissions under /home/acneejco
Apr 23 17:10:52 uscentral434 cpmigrate[8133]: [migrate 174.120.146.122 acneejco] changed shell to /usr/local/cpanel/bin/jailshell for acneejco
Apr 23 17:10:52 uscentral434 cpmigrate[8133]: [migrate 174.120.146.122 acneejco] completed restore for acneejco from 174.120.146.122
Apr 23 17:10:52 uscentral434 cpmigrate[8133]: [migrate 174.120.146.122 adelandt] warning: found adelandt in runtime list, handled by another instance, skipping!
Apr 23 17:10:52 uscentral434 cpmigrate[8133]: [migrate 174.120.146.122 adminmh] packaging user adminmh on 174.120.146.122
Apr 23 17:11:00 uscentral434 cpmigrate[8133]: [migrate 174.120.146.122 adminmh] copying cpmove-adminmh.tar.gz from 174.120.146.122 to local
Apr 23 17:11:00 uscentral434 cpmigrate[8133]: [migrate 174.120.146.122 adminmh] restoring adminmh from /home/cpmigrate/cpmove-adminmh.tar.gz
Apr 23 17:12:24 uscentral434 cpmigrate[28408]: [migrate 174.120.146.106 narberth] completed rsync of 174.120.146.106:/home/narberth to /home/narberth
Apr 23 17:12:24 uscentral434 cpmigrate[28408]: [migrate 174.120.146.106 narberth] converted narberth mailboxes to local mailserver dovecot
Apr 23 17:12:24 uscentral434 cpmigrate[28408]: [migrate 174.120.146.106 narberth] fixing permissions under /home/narberth
Apr 23 17:12:24 uscentral434 cpmigrate[28408]: [migrate 174.120.146.106 narberth] changed shell to /usr/local/cpanel/bin/jailshell for narberth
Apr 23 17:12:24 uscentral434 cpmigrate[28408]: [migrate 174.120.146.106 narberth] completed restore for narberth from 174.120.146.106
Apr 23 17:12:24 uscentral434 cpmigrate[28408]: [migrate 174.120.146.106 naswmain] warning: found naswmain in runtime list, handled by another instance, skipping!
Apr 23 17:12:24 uscentral434 cpmigrate[28408]: [migrate 174.120.146.106 naturalt] packaging user naturalt on 174.120.146.106
Apr 23 17:12:37 uscentral434 cpmigrate[28408]: [migrate 174.120.146.106 naturalt] copying cpmove-naturalt.tar.gz from 174.120.146.106 to local
Apr 23 17:12:37 uscentral434 cpmigrate[28408]: [migrate 174.120.146.106 naturalt] restoring naturalt from /home/cpmigrate/cpmove-naturalt.tar.gz
Apr 23 17:13:04 uscentral434 cpmigrate[13179]: [migrate 174.120.146.106 naswmain] starting rsync of 174.120.146.106:/home/naswmain to /home/naswmain
Apr 23 17:13:42 uscentral434 cpmigrate[4884]: [migrate 174.120.146.122 adelandt] starting rsync of 174.120.146.122:/home/adelandt to /home/adelandt
Apr 23 17:14:14 uscentral434 cpmigrate[8133]: [migrate 174.120.146.122 adminmh] starting rsync of 174.120.146.122:/home/adminmh to /home/adminmh
Apr 23 17:14:20 uscentral434 cpmigrate[8133]: [migrate 174.120.146.122 adminmh] completed rsync of 174.120.146.122:/home/adminmh to /home/adminmh
Apr 23 17:14:20 uscentral434 cpmigrate[8133]: [migrate 174.120.146.122 adminmh] converted adminmh mailboxes to local mailserver dovecot
Apr 23 17:14:20 uscentral434 cpmigrate[8133]: [migrate 174.120.146.122 adminmh] fixing permissions under /home/adminmh
Apr 23 17:14:20 uscentral434 cpmigrate[8133]: [migrate 174.120.146.122 adminmh] changed shell to /usr/local/cpanel/bin/jailshell for adminmh
Apr 23 17:14:20 uscentral434 cpmigrate[8133]: [migrate 174.120.146.122 adminmh] completed restore for adminmh from 174.120.146.122
Apr 23 17:14:20 uscentral434 cpmigrate[8133]: [migrate 174.120.146.122 advanced] packaging user advanced on 174.120.146.122
Apr 23 17:14:25 uscentral434 cpmigrate[4884]: [migrate 174.120.146.122 adelandt] completed rsync of 174.120.146.122:/home/adelandt to /home/adelandt
Apr 23 17:14:25 uscentral434 cpmigrate[4884]: [migrate 174.120.146.122 adelandt] converted adelandt mailboxes to local mailserver dovecot
Apr 23 17:14:25 uscentral434 cpmigrate[4884]: [migrate 174.120.146.122 adelandt] fixing permissions under /home/adelandt
Apr 23 17:14:25 uscentral434 cpmigrate[8133]: [migrate 174.120.146.122 advanced] copying cpmove-advanced.tar.gz from 174.120.146.122 to local
Apr 23 17:14:25 uscentral434 cpmigrate[8133]: [migrate 174.120.146.122 advanced] restoring advanced from /home/cpmigrate/cpmove-advanced.tar.gz
Apr 23 17:14:26 uscentral434 cpmigrate[4884]: [migrate 174.120.146.122 adelandt] changed shell to /usr/local/cpanel/bin/jailshell for adelandt
Apr 23 17:14:26 uscentral434 cpmigrate[4884]: [migrate 174.120.146.122 adelandt] completed restore for adelandt from 174.120.146.122
Apr 23 17:14:26 uscentral434 cpmigrate[4884]: [migrate 174.120.146.122 adminmh] warning: found adminmh in runtime list, handled by another instance, skipping!
Apr 23 17:14:26 uscentral434 cpmigrate[4884]: [migrate 174.120.146.122 advanced] warning: found advanced in runtime list, handled by another instance, skipping!
Apr 23 17:14:26 uscentral434 cpmigrate[4884]: [migrate 174.120.146.122 advision] packaging user advision on 174.120.146.122
Apr 23 17:14:35 uscentral434 cpmigrate[4884]: [migrate 174.120.146.122 advision] copying cpmove-advision.tar.gz from 174.120.146.122 to local
Apr 23 17:14:35 uscentral434 cpmigrate[4884]: [migrate 174.120.146.122 advision] restoring advision from /home/cpmigrate/cpmove-advision.tar.gz
Apr 23 17:16:07 uscentral434 cpmigrate[28408]: [migrate 174.120.146.106 naturalt] starting rsync of 174.120.146.106:/home/naturalt to /home/naturalt
Apr 23 17:17:29 uscentral434 cpmigrate[5289]: [migrate 174.120.146.122 ablurkco] completed rsync of 174.120.146.122:/home/ablurkco to /home/ablurkco
Apr 23 17:17:29 uscentral434 cpmigrate[5289]: [migrate 174.120.146.122 ablurkco] converted ablurkco mailboxes to local mailserver dovecot
Apr 23 17:17:29 uscentral434 cpmigrate[5289]: [migrate 174.120.146.122 ablurkco] fixing permissions under /home/ablurkco
Apr 23 17:17:31 uscentral434 cpmigrate[5289]: [migrate 174.120.146.122 ablurkco] changed shell to /usr/local/cpanel/bin/jailshell for ablurkco
Apr 23 17:17:31 uscentral434 cpmigrate[5289]: [migrate 174.120.146.122 ablurkco] completed restore for ablurkco from 174.120.146.122
Apr 23 17:17:31 uscentral434 cpmigrate[5289]: [migrate 174.120.146.122 abounamo] warning: found abounamo in runtime list, handled by another instance, skipping!
Apr 23 17:17:31 uscentral434 cpmigrate[5289]: [migrate 174.120.146.122 absirker] warning: found absirker in runtime list, handled by another instance, skipping!
Apr 23 17:17:31 uscentral434 cpmigrate[5289]: [migrate 174.120.146.122 acb] warning: found acb in runtime list, handled by another instance, skipping!
Apr 23 17:17:31 uscentral434 cpmigrate[5289]: [migrate 174.120.146.122 acbtv] warning: found acbtv in runtime list, handled by another instance, skipping!
Apr 23 17:17:31 uscentral434 cpmigrate[5289]: [migrate 174.120.146.122 accessca] warning: found accessca in runtime list, handled by another instance, skipping!
Apr 23 17:17:31 uscentral434 cpmigrate[5289]: [migrate 174.120.146.122 acneejco] warning: found acneejco in runtime list, handled by another instance, skipping!
Apr 23 17:17:31 uscentral434 cpmigrate[5289]: [migrate 174.120.146.122 adelandt] warning: found adelandt in runtime list, handled by another instance, skipping!
Apr 23 17:17:31 uscentral434 cpmigrate[5289]: [migrate 174.120.146.122 adminmh] warning: found adminmh in runtime list, handled by another instance, skipping!
Apr 23 17:17:31 uscentral434 cpmigrate[5289]: [migrate 174.120.146.122 advanced] warning: found advanced in runtime list, handled by another instance, skipping!
Apr 23 17:17:31 uscentral434 cpmigrate[5289]: [migrate 174.120.146.122 advision] warning: found advision in runtime list, handled by another instance, skipping!
Apr 23 17:17:31 uscentral434 cpmigrate[5289]: [migrate 174.120.146.122 aedoweb] packaging user aedoweb on 174.120.146.122
Apr 23 17:17:37 uscentral434 cpmigrate[5289]: [migrate 174.120.146.122 aedoweb] copying cpmove-aedoweb.tar.gz from 174.120.146.122 to local
Apr 23 17:17:38 uscentral434 cpmigrate[5289]: [migrate 174.120.146.122 aedoweb] restoring aedoweb from /home/cpmigrate/cpmove-aedoweb.tar.gz
Apr 23 17:17:38 uscentral434 cpmigrate[8133]: [migrate 174.120.146.122 advanced] starting rsync of 174.120.146.122:/home/advanced to /home/advanced
Apr 23 17:17:40 uscentral434 cpmigrate[8133]: [migrate 174.120.146.122 advanced] completed rsync of 174.120.146.122:/home/advanced to /home/advanced
Apr 23 17:17:40 uscentral434 cpmigrate[8133]: [migrate 174.120.146.122 advanced] converted advanced mailboxes to local mailserver dovecot
Apr 23 17:17:40 uscentral434 cpmigrate[8133]: [migrate 174.120.146.122 advanced] fixing permissions under /home/advanced
Apr 23 17:17:40 uscentral434 cpmigrate[8133]: [migrate 174.120.146.122 advanced] changed shell to /usr/local/cpanel/bin/jailshell for advanced
Apr 23 17:17:40 uscentral434 cpmigrate[8133]: [migrate 174.120.146.122 advanced] completed restore for advanced from 174.120.146.122
Apr 23 17:17:40 uscentral434 cpmigrate[8133]: [migrate 174.120.146.122 advision] warning: found advision in runtime list, handled by another instance, skipping!
Apr 23 17:17:40 uscentral434 cpmigrate[8133]: [migrate 174.120.146.122 aedoweb] warning: found aedoweb in runtime list, handled by another instance, skipping!
Apr 23 17:17:40 uscentral434 cpmigrate[8133]: [migrate 174.120.146.122 aerospac] packaging user aerospac on 174.120.146.122
Apr 23 17:17:49 uscentral434 cpmigrate[4884]: [migrate 174.120.146.122 advision] starting rsync of 174.120.146.122:/home/advision to /home/advision
Apr 23 17:17:57 uscentral434 cpmigrate[8133]: [migrate 174.120.146.122 aerospac] copying cpmove-aerospac.tar.gz from 174.120.146.122 to local
Apr 23 17:17:57 uscentral434 cpmigrate[8133]: [migrate 174.120.146.122 aerospac] restoring aerospac from /home/cpmigrate/cpmove-aerospac.tar.gz
Apr 23 17:18:00 uscentral434 cpmigrate[13179]: [migrate 174.120.146.106 naswmain] completed rsync of 174.120.146.106:/home/naswmain to /home/naswmain
Apr 23 17:18:00 uscentral434 cpmigrate[13179]: [migrate 174.120.146.106 naswmain] converted naswmain mailboxes to local mailserver dovecot
Apr 23 17:18:00 uscentral434 cpmigrate[13179]: [migrate 174.120.146.106 naswmain] fixing permissions under /home/naswmain
Apr 23 17:18:00 uscentral434 cpmigrate[13179]: [migrate 174.120.146.106 naswmain] changed shell to /usr/local/cpanel/bin/jailshell for naswmain
Apr 23 17:18:00 uscentral434 cpmigrate[13179]: [migrate 174.120.146.106 naswmain] completed restore for naswmain from 174.120.146.106
Apr 23 17:18:00 uscentral434 cpmigrate[13179]: [migrate 174.120.146.106 naturalt] warning: found naturalt in runtime list, handled by another instance, skipping!
Apr 23 17:18:00 uscentral434 cpmigrate[13179]: [migrate 174.120.146.106 ncdoctor] packaging user ncdoctor on 174.120.146.106
Apr 23 17:18:06 uscentral434 cpmigrate[4884]: [migrate 174.120.146.122 advision] completed rsync of 174.120.146.122:/home/advision to /home/advision
Apr 23 17:18:06 uscentral434 cpmigrate[4884]: [migrate 174.120.146.122 advision] converted advision mailboxes to local mailserver dovecot
Apr 23 17:18:06 uscentral434 cpmigrate[4884]: [migrate 174.120.146.122 advision] fixing permissions under /home/advision
Apr 23 17:18:06 uscentral434 cpmigrate[4884]: [migrate 174.120.146.122 advision] changed shell to /usr/local/cpanel/bin/jailshell for advision
Apr 23 17:18:06 uscentral434 cpmigrate[4884]: [migrate 174.120.146.122 advision] completed restore for advision from 174.120.146.122
Apr 23 17:18:06 uscentral434 cpmigrate[4884]: [migrate 174.120.146.122 aedoweb] warning: found aedoweb in runtime list, handled by another instance, skipping!
Apr 23 17:18:06 uscentral434 cpmigrate[4884]: [migrate 174.120.146.122 aerospac] warning: found aerospac in runtime list, handled by another instance, skipping!
Apr 23 17:18:06 uscentral434 cpmigrate[4884]: [migrate 174.120.146.122 africahe] packaging user africahe on 174.120.146.122
Apr 23 17:18:13 uscentral434 cpmigrate[4884]: [migrate 174.120.146.122 africahe] copying cpmove-africahe.tar.gz from 174.120.146.122 to local
Apr 23 17:18:13 uscentral434 cpmigrate[4884]: [migrate 174.120.146.122 africahe] restoring africahe from /home/cpmigrate/cpmove-africahe.tar.gz
Apr 23 17:18:16 uscentral434 cpmigrate[13179]: [migrate 174.120.146.106 ncdoctor] copying cpmove-ncdoctor.tar.gz from 174.120.146.106 to local
Apr 23 17:18:16 uscentral434 cpmigrate[13179]: [migrate 174.120.146.106 ncdoctor] restoring ncdoctor from /home/cpmigrate/cpmove-ncdoctor.tar.gz
Apr 23 17:20:46 uscentral434 cpmigrate[5289]: [migrate 174.120.146.122 aedoweb] starting rsync of 174.120.146.122:/home/aedoweb to /home/aedoweb
Apr 23 17:20:48 uscentral434 cpmigrate[5289]: [migrate 174.120.146.122 aedoweb] completed rsync of 174.120.146.122:/home/aedoweb to /home/aedoweb
Apr 23 17:20:49 uscentral434 cpmigrate[5289]: [migrate 174.120.146.122 aedoweb] converted aedoweb mailboxes to local mailserver dovecot
Apr 23 17:20:49 uscentral434 cpmigrate[5289]: [migrate 174.120.146.122 aedoweb] fixing permissions under /home/aedoweb
Apr 23 17:20:49 uscentral434 cpmigrate[5289]: [migrate 174.120.146.122 aedoweb] changed shell to /usr/local/cpanel/bin/jailshell for aedoweb
Apr 23 17:20:49 uscentral434 cpmigrate[5289]: [migrate 174.120.146.122 aedoweb] completed restore for aedoweb from 174.120.146.122
Apr 23 17:20:49 uscentral434 cpmigrate[5289]: [migrate 174.120.146.122 aerospac] warning: found aerospac in runtime list, handled by another instance, skipping!
Apr 23 17:20:49 uscentral434 cpmigrate[5289]: [migrate 174.120.146.122 africahe] warning: found africahe in runtime list, handled by another instance, skipping!
Apr 23 17:20:49 uscentral434 cpmigrate[5289]: [migrate 174.120.146.122 aftermid] packaging user aftermid on 174.120.146.122
Apr 23 17:20:55 uscentral434 cpmigrate[5289]: [migrate 174.120.146.122 aftermid] copying cpmove-aftermid.tar.gz from 174.120.146.122 to local
Apr 23 17:20:56 uscentral434 cpmigrate[5289]: [migrate 174.120.146.122 aftermid] restoring aftermid from /home/cpmigrate/cpmove-aftermid.tar.gz
Apr 23 17:21:39 uscentral434 cpmigrate[4884]: [migrate 174.120.146.122 africahe] starting rsync of 174.120.146.122:/home/africahe to /home/africahe
Apr 23 17:21:57 uscentral434 cpmigrate[8133]: [migrate 174.120.146.122 aerospac] starting rsync of 174.120.146.122:/home/aerospac to /home/aerospac
Apr 23 17:21:59 uscentral434 cpmigrate[4884]: [migrate 174.120.146.122 africahe] completed rsync of 174.120.146.122:/home/africahe to /home/africahe
Apr 23 17:21:59 uscentral434 cpmigrate[4884]: [migrate 174.120.146.122 africahe] converted africahe mailboxes to local mailserver dovecot
Apr 23 17:21:59 uscentral434 cpmigrate[4884]: [migrate 174.120.146.122 africahe] fixing permissions under /home/africahe
Apr 23 17:21:59 uscentral434 cpmigrate[4884]: [migrate 174.120.146.122 africahe] changed shell to /usr/local/cpanel/bin/jailshell for africahe
Apr 23 17:21:59 uscentral434 cpmigrate[4884]: [migrate 174.120.146.122 africahe] completed restore for africahe from 174.120.146.122
Apr 23 17:21:59 uscentral434 cpmigrate[4884]: [migrate 174.120.146.122 aftermid] warning: found aftermid in runtime list, handled by another instance, skipping!
Apr 23 17:21:59 uscentral434 cpmigrate[4884]: [migrate 174.120.146.122 afyaelim] packaging user afyaelim on 174.120.146.122
Apr 23 17:22:04 uscentral434 cpmigrate[4884]: [migrate 174.120.146.122 afyaelim] copying cpmove-afyaelim.tar.gz from 174.120.146.122 to local
Apr 23 17:22:04 uscentral434 cpmigrate[4884]: [migrate 174.120.146.122 afyaelim] restoring afyaelim from /home/cpmigrate/cpmove-afyaelim.tar.gz
Apr 23 17:22:51 uscentral434 cpmigrate[13179]: [migrate 174.120.146.106 ncdoctor] starting rsync of 174.120.146.106:/home/ncdoctor to /home/ncdoctor
Apr 23 17:23:12 uscentral434 cpmigrate[8133]: [migrate 174.120.146.122 aerospac] completed rsync of 174.120.146.122:/home/aerospac to /home/aerospac
Apr 23 17:23:12 uscentral434 cpmigrate[8133]: [migrate 174.120.146.122 aerospac] converted aerospac mailboxes to local mailserver dovecot
Apr 23 17:23:12 uscentral434 cpmigrate[8133]: [migrate 174.120.146.122 aerospac] fixing permissions under /home/aerospac
Apr 23 17:23:13 uscentral434 cpmigrate[8133]: [migrate 174.120.146.122 aerospac] changed shell to /usr/local/cpanel/bin/jailshell for aerospac
Apr 23 17:23:13 uscentral434 cpmigrate[8133]: [migrate 174.120.146.122 aerospac] completed restore for aerospac from 174.120.146.122
Apr 23 17:23:13 uscentral434 cpmigrate[8133]: [migrate 174.120.146.122 africahe] warning: found africahe in runtime list, handled by another instance, skipping!
Apr 23 17:23:13 uscentral434 cpmigrate[8133]: [migrate 174.120.146.122 aftermid] warning: found aftermid in runtime list, handled by another instance, skipping!
Apr 23 17:23:13 uscentral434 cpmigrate[8133]: [migrate 174.120.146.122 afyaelim] warning: found afyaelim in runtime list, handled by another instance, skipping!
Apr 23 17:23:13 uscentral434 cpmigrate[8133]: [migrate 174.120.146.122 agelessw] packaging user agelessw on 174.120.146.122
Apr 23 17:23:18 uscentral434 cpmigrate[8133]: [migrate 174.120.146.122 agelessw] copying cpmove-agelessw.tar.gz from 174.120.146.122 to local
Apr 23 17:23:19 uscentral434 cpmigrate[8133]: [migrate 174.120.146.122 agelessw] restoring agelessw from /home/cpmigrate/cpmove-agelessw.tar.gz
Apr 23 17:24:06 uscentral434 cpmigrate[13179]: [migrate 174.120.146.106 ncdoctor] completed rsync of 174.120.146.106:/home/ncdoctor to /home/ncdoctor
Apr 23 17:24:06 uscentral434 cpmigrate[13179]: [migrate 174.120.146.106 ncdoctor] converted ncdoctor mailboxes to local mailserver dovecot
Apr 23 17:24:06 uscentral434 cpmigrate[13179]: [migrate 174.120.146.106 ncdoctor] fixing permissions under /home/ncdoctor
Apr 23 17:24:07 uscentral434 cpmigrate[13179]: [migrate 174.120.146.106 ncdoctor] changed shell to /usr/local/cpanel/bin/jailshell for ncdoctor
Apr 23 17:24:07 uscentral434 cpmigrate[13179]: [migrate 174.120.146.106 ncdoctor] completed restore for ncdoctor from 174.120.146.106
Apr 23 17:24:07 uscentral434 cpmigrate[13179]: [migrate 174.120.146.106 ncshares] packaging user ncshares on 174.120.146.106
Apr 23 17:24:51 uscentral434 cpmigrate[5289]: [migrate 174.120.146.122 aftermid] starting rsync of 174.120.146.122:/home/aftermid to /home/aftermid
Apr 23 17:24:56 uscentral434 cpmigrate[5289]: [migrate 174.120.146.122 aftermid] completed rsync of 174.120.146.122:/home/aftermid to /home/aftermid
Apr 23 17:24:56 uscentral434 cpmigrate[5289]: [migrate 174.120.146.122 aftermid] converted aftermid mailboxes to local mailserver dovecot
Apr 23 17:24:56 uscentral434 cpmigrate[5289]: [migrate 174.120.146.122 aftermid] fixing permissions under /home/aftermid
Apr 23 17:24:56 uscentral434 cpmigrate[5289]: [migrate 174.120.146.122 aftermid] changed shell to /usr/local/cpanel/bin/jailshell for aftermid
Apr 23 17:24:56 uscentral434 cpmigrate[5289]: [migrate 174.120.146.122 aftermid] completed restore for aftermid from 174.120.146.122
Apr 23 17:24:56 uscentral434 cpmigrate[5289]: [migrate 174.120.146.122 afyaelim] warning: found afyaelim in runtime list, handled by another instance, skipping!
Apr 23 17:24:56 uscentral434 cpmigrate[5289]: [migrate 174.120.146.122 agelessw] warning: found agelessw in runtime list, handled by another instance, skipping!
Apr 23 17:24:56 uscentral434 cpmigrate[5289]: [migrate 174.120.146.122 agmpart] packaging user agmpart on 174.120.146.122
Apr 23 17:24:58 uscentral434 cpmigrate[13179]: [migrate 174.120.146.106 ncshares] copying cpmove-ncshares.tar.gz from 174.120.146.106 to local
Apr 23 17:24:58 uscentral434 cpmigrate[13179]: [migrate 174.120.146.106 ncshares] restoring ncshares from /home/cpmigrate/cpmove-ncshares.tar.gz
Apr 23 17:25:02 uscentral434 cpmigrate[5289]: [migrate 174.120.146.122 agmpart] copying cpmove-agmpart.tar.gz from 174.120.146.122 to local
Apr 23 17:25:03 uscentral434 cpmigrate[5289]: [migrate 174.120.146.122 agmpart] restoring agmpart from /home/cpmigrate/cpmove-agmpart.tar.gz
Apr 23 17:26:01 uscentral434 cpmigrate[4884]: [migrate 174.120.146.122 afyaelim] starting rsync of 174.120.146.122:/home/afyaelim to /home/afyaelim
Apr 23 17:26:13 uscentral434 cpmigrate[4884]: [migrate 174.120.146.122 afyaelim] completed rsync of 174.120.146.122:/home/afyaelim to /home/afyaelim
Apr 23 17:26:13 uscentral434 cpmigrate[4884]: [migrate 174.120.146.122 afyaelim] converted afyaelim mailboxes to local mailserver dovecot
Apr 23 17:26:13 uscentral434 cpmigrate[4884]: [migrate 174.120.146.122 afyaelim] fixing permissions under /home/afyaelim
Apr 23 17:26:13 uscentral434 cpmigrate[4884]: [migrate 174.120.146.122 afyaelim] changed shell to /usr/local/cpanel/bin/jailshell for afyaelim
Apr 23 17:26:13 uscentral434 cpmigrate[4884]: [migrate 174.120.146.122 afyaelim] completed restore for afyaelim from 174.120.146.122
Apr 23 17:26:13 uscentral434 cpmigrate[4884]: [migrate 174.120.146.122 agelessw] warning: found agelessw in runtime list, handled by another instance, skipping!
Apr 23 17:26:13 uscentral434 cpmigrate[4884]: [migrate 174.120.146.122 agmpart] warning: found agmpart in runtime list, handled by another instance, skipping!
Apr 23 17:26:13 uscentral434 cpmigrate[4884]: [migrate 174.120.146.122 agolf] packaging user agolf on 174.120.146.122
Apr 23 17:26:20 uscentral434 cpmigrate[4884]: [migrate 174.120.146.122 agolf] copying cpmove-agolf.tar.gz from 174.120.146.122 to local
Apr 23 17:26:21 uscentral434 cpmigrate[4884]: [migrate 174.120.146.122 agolf] restoring agolf from /home/cpmigrate/cpmove-agolf.tar.gz
Apr 23 17:26:39 uscentral434 cpmigrate[8133]: [migrate 174.120.146.122 agelessw] starting rsync of 174.120.146.122:/home/agelessw to /home/agelessw
Apr 23 17:26:53 uscentral434 cpmigrate[28408]: [migrate 174.120.146.106 naturalt] completed rsync of 174.120.146.106:/home/naturalt to /home/naturalt
Apr 23 17:26:53 uscentral434 cpmigrate[28408]: [migrate 174.120.146.106 naturalt] converted naturalt mailboxes to local mailserver dovecot
Apr 23 17:26:53 uscentral434 cpmigrate[28408]: [migrate 174.120.146.106 naturalt] fixing permissions under /home/naturalt
Apr 23 17:26:53 uscentral434 cpmigrate[28408]: [migrate 174.120.146.106 naturalt] changed shell to /usr/local/cpanel/bin/jailshell for naturalt
Apr 23 17:26:53 uscentral434 cpmigrate[28408]: [migrate 174.120.146.106 naturalt] completed restore for naturalt from 174.120.146.106
Apr 23 17:26:53 uscentral434 cpmigrate[28408]: [migrate 174.120.146.106 ncdoctor] warning: found ncdoctor in runtime list, handled by another instance, skipping!
Apr 23 17:26:53 uscentral434 cpmigrate[28408]: [migrate 174.120.146.106 ncshares] warning: found ncshares in runtime list, handled by another instance, skipping!
Apr 23 17:26:53 uscentral434 cpmigrate[28408]: [migrate 174.120.146.106 nectarga] packaging user nectarga on 174.120.146.106
Apr 23 17:27:01 uscentral434 cpmigrate[28408]: [migrate 174.120.146.106 nectarga] copying cpmove-nectarga.tar.gz from 174.120.146.106 to local
Apr 23 17:27:01 uscentral434 cpmigrate[28408]: [migrate 174.120.146.106 nectarga] restoring nectarga from /home/cpmigrate/cpmove-nectarga.tar.gz
Apr 23 17:27:06 uscentral434 cpmigrate[8133]: [migrate 174.120.146.122 agelessw] completed rsync of 174.120.146.122:/home/agelessw to /home/agelessw
Apr 23 17:27:06 uscentral434 cpmigrate[8133]: [migrate 174.120.146.122 agelessw] converted agelessw mailboxes to local mailserver dovecot
Apr 23 17:27:06 uscentral434 cpmigrate[8133]: [migrate 174.120.146.122 agelessw] fixing permissions under /home/agelessw
Apr 23 17:27:06 uscentral434 cpmigrate[8133]: [migrate 174.120.146.122 agelessw] changed shell to /usr/local/cpanel/bin/jailshell for agelessw
Apr 23 17:27:06 uscentral434 cpmigrate[8133]: [migrate 174.120.146.122 agelessw] completed restore for agelessw from 174.120.146.122
Apr 23 17:27:06 uscentral434 cpmigrate[8133]: [migrate 174.120.146.122 agmpart] warning: found agmpart in runtime list, handled by another instance, skipping!
Apr 23 17:27:06 uscentral434 cpmigrate[8133]: [migrate 174.120.146.122 agolf] warning: found agolf in runtime list, handled by another instance, skipping!
Apr 23 17:27:06 uscentral434 cpmigrate[8133]: [migrate 174.120.146.122 agorasou] packaging user agorasou on 174.120.146.122
Apr 23 17:27:31 uscentral434 cpmigrate[8133]: [migrate 174.120.146.122 agorasou] copying cpmove-agorasou.tar.gz from 174.120.146.122 to local
Apr 23 17:27:31 uscentral434 cpmigrate[8133]: [migrate 174.120.146.122 agorasou] restoring agorasou from /home/cpmigrate/cpmove-agorasou.tar.gz
Apr 23 17:27:55 uscentral434 cpmigrate[13179]: [migrate 174.120.146.106 ncshares] starting rsync of 174.120.146.106:/home/ncshares to /home/ncshares
Apr 23 17:28:29 uscentral434 cpmigrate[5289]: [migrate 174.120.146.122 agmpart] starting rsync of 174.120.146.122:/home/agmpart to /home/agmpart
Apr 23 17:28:33 uscentral434 cpmigrate[5289]: [migrate 174.120.146.122 agmpart] completed rsync of 174.120.146.122:/home/agmpart to /home/agmpart
Apr 23 17:28:33 uscentral434 cpmigrate[5289]: [migrate 174.120.146.122 agmpart] converted agmpart mailboxes to local mailserver dovecot
Apr 23 17:28:34 uscentral434 cpmigrate[5289]: [migrate 174.120.146.122 agmpart] fixing permissions under /home/agmpart
Apr 23 17:28:34 uscentral434 cpmigrate[5289]: [migrate 174.120.146.122 agmpart] changed shell to /usr/local/cpanel/bin/jailshell for agmpart
Apr 23 17:28:34 uscentral434 cpmigrate[5289]: [migrate 174.120.146.122 agmpart] completed restore for agmpart from 174.120.146.122
Apr 23 17:28:34 uscentral434 cpmigrate[5289]: [migrate 174.120.146.122 agolf] warning: found agolf in runtime list, handled by another instance, skipping!
Apr 23 17:28:34 uscentral434 cpmigrate[5289]: [migrate 174.120.146.122 agorasou] warning: found agorasou in runtime list, handled by another instance, skipping!
Apr 23 17:28:34 uscentral434 cpmigrate[5289]: [migrate 174.120.146.122 ahmsamy] packaging user ahmsamy on 174.120.146.122
Apr 23 17:28:44 uscentral434 cpmigrate[5289]: [migrate 174.120.146.122 ahmsamy] copying cpmove-ahmsamy.tar.gz from 174.120.146.122 to local
Apr 23 17:28:44 uscentral434 cpmigrate[5289]: [migrate 174.120.146.122 ahmsamy] restoring ahmsamy from /home/cpmigrate/cpmove-ahmsamy.tar.gz
Apr 23 17:29:11 uscentral434 cpmigrate[4884]: [migrate 174.120.146.122 agolf] starting rsync of 174.120.146.122:/home/agolf to /home/agolf
Apr 23 17:29:13 uscentral434 cpmigrate[4884]: [migrate 174.120.146.122 agolf] completed rsync of 174.120.146.122:/home/agolf to /home/agolf
Apr 23 17:29:13 uscentral434 cpmigrate[4884]: [migrate 174.120.146.122 agolf] converted agolf mailboxes to local mailserver dovecot
Apr 23 17:29:13 uscentral434 cpmigrate[4884]: [migrate 174.120.146.122 agolf] fixing permissions under /home/agolf
Apr 23 17:29:14 uscentral434 cpmigrate[4884]: [migrate 174.120.146.122 agolf] changed shell to /usr/local/cpanel/bin/jailshell for agolf
Apr 23 17:29:14 uscentral434 cpmigrate[4884]: [migrate 174.120.146.122 agolf] completed restore for agolf from 174.120.146.122
Apr 23 17:29:14 uscentral434 cpmigrate[4884]: [migrate 174.120.146.122 agorasou] warning: found agorasou in runtime list, handled by another instance, skipping!
Apr 23 17:29:14 uscentral434 cpmigrate[4884]: [migrate 174.120.146.122 ahmsamy] warning: found ahmsamy in runtime list, handled by another instance, skipping!
Apr 23 17:29:14 uscentral434 cpmigrate[4884]: [migrate 174.120.146.122 airmasra] packaging user airmasra on 174.120.146.122
Apr 23 17:29:20 uscentral434 cpmigrate[4884]: [migrate 174.120.146.122 airmasra] copying cpmove-airmasra.tar.gz from 174.120.146.122 to local
Apr 23 17:29:20 uscentral434 cpmigrate[4884]: [migrate 174.120.146.122 airmasra] restoring airmasra from /home/cpmigrate/cpmove-airmasra.tar.gz
Apr 23 17:30:00 uscentral434 cpmigrate[28408]: [migrate 174.120.146.106 nectarga] starting rsync of 174.120.146.106:/home/nectarga to /home/nectarga
Apr 23 17:31:34 uscentral434 cpmigrate[6896]: [migrate 174.120.146.106 nacron] starting rsync of 174.120.146.106:/home/nacron to /home/nacron
Apr 23 17:31:42 uscentral434 cpmigrate[28408]: [migrate 174.120.146.106 nectarga] completed rsync of 174.120.146.106:/home/nectarga to /home/nectarga
Apr 23 17:31:42 uscentral434 cpmigrate[28408]: [migrate 174.120.146.106 nectarga] converted nectarga mailboxes to local mailserver dovecot
Apr 23 17:31:42 uscentral434 cpmigrate[28408]: [migrate 174.120.146.106 nectarga] fixing permissions under /home/nectarga
Apr 23 17:31:42 uscentral434 cpmigrate[28408]: [migrate 174.120.146.106 nectarga] changed shell to /usr/local/cpanel/bin/jailshell for nectarga
Apr 23 17:31:42 uscentral434 cpmigrate[28408]: [migrate 174.120.146.106 nectarga] completed restore for nectarga from 174.120.146.106
Apr 23 17:31:42 uscentral434 cpmigrate[28408]: [migrate 174.120.146.106 nesembro] packaging user nesembro on 174.120.146.106
Apr 23 17:31:45 uscentral434 cpmigrate[5289]: [migrate 174.120.146.122 ahmsamy] starting rsync of 174.120.146.122:/home/ahmsamy to /home/ahmsamy
Apr 23 17:32:00 uscentral434 cpmigrate[28408]: [migrate 174.120.146.106 nesembro] copying cpmove-nesembro.tar.gz from 174.120.146.106 to local
Apr 23 17:32:01 uscentral434 cpmigrate[28408]: [migrate 174.120.146.106 nesembro] restoring nesembro from /home/cpmigrate/cpmove-nesembro.tar.gz
Apr 23 17:32:26 uscentral434 cpmigrate[5289]: [migrate 174.120.146.122 ahmsamy] completed rsync of 174.120.146.122:/home/ahmsamy to /home/ahmsamy
Apr 23 17:32:26 uscentral434 cpmigrate[5289]: [migrate 174.120.146.122 ahmsamy] converted ahmsamy mailboxes to local mailserver dovecot
Apr 23 17:32:26 uscentral434 cpmigrate[5289]: [migrate 174.120.146.122 ahmsamy] fixing permissions under /home/ahmsamy
Apr 23 17:32:26 uscentral434 cpmigrate[5289]: [migrate 174.120.146.122 ahmsamy] changed shell to /usr/local/cpanel/bin/jailshell for ahmsamy
Apr 23 17:32:26 uscentral434 cpmigrate[5289]: [migrate 174.120.146.122 ahmsamy] completed restore for ahmsamy from 174.120.146.122
Apr 23 17:32:26 uscentral434 cpmigrate[5289]: [migrate 174.120.146.122 airmasra] warning: found airmasra in runtime list, handled by another instance, skipping!
Apr 23 17:32:26 uscentral434 cpmigrate[5289]: [migrate 174.120.146.122 alandela] packaging user alandela on 174.120.146.122
Apr 23 17:32:33 uscentral434 cpmigrate[4884]: [migrate 174.120.146.122 airmasra] starting rsync of 174.120.146.122:/home/airmasra to /home/airmasra
Apr 23 17:32:34 uscentral434 cpmigrate[5289]: [migrate 174.120.146.122 alandela] copying cpmove-alandela.tar.gz from 174.120.146.122 to local
Apr 23 17:32:34 uscentral434 cpmigrate[5289]: [migrate 174.120.146.122 alandela] restoring alandela from /home/cpmigrate/cpmove-alandela.tar.gz
Apr 23 17:32:40 uscentral434 cpmigrate[4884]: [migrate 174.120.146.122 airmasra] completed rsync of 174.120.146.122:/home/airmasra to /home/airmasra
Apr 23 17:32:40 uscentral434 cpmigrate[4884]: [migrate 174.120.146.122 airmasra] converted airmasra mailboxes to local mailserver dovecot
Apr 23 17:32:40 uscentral434 cpmigrate[4884]: [migrate 174.120.146.122 airmasra] fixing permissions under /home/airmasra
Apr 23 17:32:40 uscentral434 cpmigrate[4884]: [migrate 174.120.146.122 airmasra] changed shell to /usr/local/cpanel/bin/jailshell for airmasra
Apr 23 17:32:40 uscentral434 cpmigrate[4884]: [migrate 174.120.146.122 airmasra] completed restore for airmasra from 174.120.146.122
Apr 23 17:32:40 uscentral434 cpmigrate[4884]: [migrate 174.120.146.122 alandela] warning: found alandela in runtime list, handled by another instance, skipping!
Apr 23 17:32:40 uscentral434 cpmigrate[4884]: [migrate 174.120.146.122 alannafa] packaging user alannafa on 174.120.146.122
Apr 23 17:32:49 uscentral434 cpmigrate[4884]: [migrate 174.120.146.122 alannafa] copying cpmove-alannafa.tar.gz from 174.120.146.122 to local
Apr 23 17:32:49 uscentral434 cpmigrate[4884]: [migrate 174.120.146.122 alannafa] restoring alannafa from /home/cpmigrate/cpmove-alannafa.tar.gz
Apr 23 17:33:11 uscentral434 cpmigrate[8133]: [migrate 174.120.146.122 agorasou] starting rsync of 174.120.146.122:/home/agorasou to /home/agorasou
Apr 23 17:33:16 uscentral434 cpmigrate[8133]: [migrate 174.120.146.122 agorasou] completed rsync of 174.120.146.122:/home/agorasou to /home/agorasou
Apr 23 17:33:16 uscentral434 cpmigrate[8133]: [migrate 174.120.146.122 agorasou] converted agorasou mailboxes to local mailserver dovecot
Apr 23 17:33:16 uscentral434 cpmigrate[8133]: [migrate 174.120.146.122 agorasou] fixing permissions under /home/agorasou
Apr 23 17:33:16 uscentral434 cpmigrate[8133]: [migrate 174.120.146.122 agorasou] changed shell to /usr/local/cpanel/bin/jailshell for agorasou
Apr 23 17:33:16 uscentral434 cpmigrate[8133]: [migrate 174.120.146.122 agorasou] completed restore for agorasou from 174.120.146.122
Apr 23 17:33:16 uscentral434 cpmigrate[8133]: [migrate 174.120.146.122 ahmsamy] warning: found ahmsamy in runtime list, handled by another instance, skipping!
Apr 23 17:33:16 uscentral434 cpmigrate[8133]: [migrate 174.120.146.122 airmasra] warning: found airmasra in runtime list, handled by another instance, skipping!
Apr 23 17:33:16 uscentral434 cpmigrate[8133]: [migrate 174.120.146.122 alandela] warning: found alandela in runtime list, handled by another instance, skipping!
Apr 23 17:33:16 uscentral434 cpmigrate[8133]: [migrate 174.120.146.122 alannafa] warning: found alannafa in runtime list, handled by another instance, skipping!
Apr 23 17:33:16 uscentral434 cpmigrate[8133]: [migrate 174.120.146.122 alekseis] packaging user alekseis on 174.120.146.122
Apr 23 17:33:17 uscentral434 cpmigrate[13179]: [migrate 174.120.146.106 ncshares] completed rsync of 174.120.146.106:/home/ncshares to /home/ncshares
Apr 23 17:33:17 uscentral434 cpmigrate[13179]: [migrate 174.120.146.106 ncshares] converted ncshares mailboxes to local mailserver dovecot
Apr 23 17:33:17 uscentral434 cpmigrate[13179]: [migrate 174.120.146.106 ncshares] fixing permissions under /home/ncshares
Apr 23 17:33:18 uscentral434 cpmigrate[13179]: [migrate 174.120.146.106 ncshares] changed shell to /usr/local/cpanel/bin/jailshell for ncshares
Apr 23 17:33:18 uscentral434 cpmigrate[13179]: [migrate 174.120.146.106 ncshares] completed restore for ncshares from 174.120.146.106
Apr 23 17:33:18 uscentral434 cpmigrate[13179]: [migrate 174.120.146.106 nectarga] warning: found nectarga in runtime list, handled by another instance, skipping!
Apr 23 17:33:18 uscentral434 cpmigrate[13179]: [migrate 174.120.146.106 nesembro] warning: found nesembro in runtime list, handled by another instance, skipping!
Apr 23 17:33:18 uscentral434 cpmigrate[13179]: [migrate 174.120.146.106 net] packaging user net on 174.120.146.106
Apr 23 17:33:23 uscentral434 cpmigrate[8133]: [migrate 174.120.146.122 alekseis] copying cpmove-alekseis.tar.gz from 174.120.146.122 to local
Apr 23 17:33:23 uscentral434 cpmigrate[8133]: [migrate 174.120.146.122 alekseis] restoring alekseis from /home/cpmigrate/cpmove-alekseis.tar.gz
Apr 23 17:33:34 uscentral434 cpmigrate[13179]: [migrate 174.120.146.106 net] copying cpmove-net.tar.gz from 174.120.146.106 to local
Apr 23 17:33:35 uscentral434 cpmigrate[13179]: [migrate 174.120.146.106 net] restoring net from /home/cpmigrate/cpmove-net.tar.gz
Apr 23 17:35:01 uscentral434 cpmigrate[28408]: [migrate 174.120.146.106 nesembro] starting rsync of 174.120.146.106:/home/nesembro to /home/nesembro
Apr 23 17:35:52 uscentral434 cpmigrate[5289]: [migrate 174.120.146.122 alandela] starting rsync of 174.120.146.122:/home/alandela to /home/alandela
Apr 23 17:35:57 uscentral434 cpmigrate[5289]: [migrate 174.120.146.122 alandela] completed rsync of 174.120.146.122:/home/alandela to /home/alandela
Apr 23 17:35:57 uscentral434 cpmigrate[5289]: [migrate 174.120.146.122 alandela] converted alandela mailboxes to local mailserver dovecot
Apr 23 17:35:57 uscentral434 cpmigrate[5289]: [migrate 174.120.146.122 alandela] fixing permissions under /home/alandela
Apr 23 17:35:58 uscentral434 cpmigrate[5289]: [migrate 174.120.146.122 alandela] changed shell to /usr/local/cpanel/bin/jailshell for alandela
Apr 23 17:35:58 uscentral434 cpmigrate[5289]: [migrate 174.120.146.122 alandela] completed restore for alandela from 174.120.146.122
Apr 23 17:35:58 uscentral434 cpmigrate[5289]: [migrate 174.120.146.122 alannafa] warning: found alannafa in runtime list, handled by another instance, skipping!
Apr 23 17:35:58 uscentral434 cpmigrate[5289]: [migrate 174.120.146.122 alekseis] warning: found alekseis in runtime list, handled by another instance, skipping!
Apr 23 17:35:58 uscentral434 cpmigrate[5289]: [migrate 174.120.146.122 alexande] packaging user alexande on 174.120.146.122
Apr 23 17:36:07 uscentral434 cpmigrate[4884]: [migrate 174.120.146.122 alannafa] starting rsync of 174.120.146.122:/home/alannafa to /home/alannafa
Apr 23 17:36:13 uscentral434 cpmigrate[5289]: [migrate 174.120.146.122 alexande] copying cpmove-alexande.tar.gz from 174.120.146.122 to local
Apr 23 17:36:14 uscentral434 cpmigrate[5289]: [migrate 174.120.146.122 alexande] restoring alexande from /home/cpmigrate/cpmove-alexande.tar.gz
Apr 23 17:36:26 uscentral434 cpmigrate[4884]: [migrate 174.120.146.122 alannafa] completed rsync of 174.120.146.122:/home/alannafa to /home/alannafa
Apr 23 17:36:26 uscentral434 cpmigrate[4884]: [migrate 174.120.146.122 alannafa] converted alannafa mailboxes to local mailserver dovecot
Apr 23 17:36:26 uscentral434 cpmigrate[4884]: [migrate 174.120.146.122 alannafa] fixing permissions under /home/alannafa
Apr 23 17:36:27 uscentral434 cpmigrate[4884]: [migrate 174.120.146.122 alannafa] changed shell to /usr/local/cpanel/bin/jailshell for alannafa
Apr 23 17:36:27 uscentral434 cpmigrate[4884]: [migrate 174.120.146.122 alannafa] completed restore for alannafa from 174.120.146.122
Apr 23 17:36:27 uscentral434 cpmigrate[4884]: [migrate 174.120.146.122 alekseis] warning: found alekseis in runtime list, handled by another instance, skipping!
Apr 23 17:36:27 uscentral434 cpmigrate[4884]: [migrate 174.120.146.122 alexande] warning: found alexande in runtime list, handled by another instance, skipping!
Apr 23 17:36:27 uscentral434 cpmigrate[4884]: [migrate 174.120.146.122 alexsil] packaging user alexsil on 174.120.146.122
Apr 23 17:36:34 uscentral434 cpmigrate[4884]: [migrate 174.120.146.122 alexsil] copying cpmove-alexsil.tar.gz from 174.120.146.122 to local
Apr 23 17:36:34 uscentral434 cpmigrate[4884]: [migrate 174.120.146.122 alexsil] restoring alexsil from /home/cpmigrate/cpmove-alexsil.tar.gz
Apr 23 17:36:47 uscentral434 cpmigrate[8133]: [migrate 174.120.146.122 alekseis] starting rsync of 174.120.146.122:/home/alekseis to /home/alekseis
Apr 23 17:36:55 uscentral434 cpmigrate[8133]: [migrate 174.120.146.122 alekseis] completed rsync of 174.120.146.122:/home/alekseis to /home/alekseis
Apr 23 17:36:55 uscentral434 cpmigrate[8133]: [migrate 174.120.146.122 alekseis] converted alekseis mailboxes to local mailserver dovecot
Apr 23 17:36:56 uscentral434 cpmigrate[8133]: [migrate 174.120.146.122 alekseis] fixing permissions under /home/alekseis
Apr 23 17:36:56 uscentral434 cpmigrate[8133]: [migrate 174.120.146.122 alekseis] changed shell to /usr/local/cpanel/bin/jailshell for alekseis
Apr 23 17:36:56 uscentral434 cpmigrate[8133]: [migrate 174.120.146.122 alekseis] completed restore for alekseis from 174.120.146.122
