Apr 24 01:58:47 uscentral434 cpmigrate[4884]: [migrate 174.120.146.122 ezwebdom] changed shell to /usr/local/cpanel/bin/jailshell for ezwebdom
Apr 24 01:58:47 uscentral434 cpmigrate[4884]: [migrate 174.120.146.122 ezwebdom] completed restore for ezwebdom from 174.120.146.122
Apr 24 01:58:47 uscentral434 cpmigrate[4884]: [migrate 174.120.146.122 ezwork] warning: found ezwork in runtime list, handled by another instance, skipping!
Apr 24 01:58:47 uscentral434 cpmigrate[4884]: [migrate 174.120.146.122 f3fitnes] warning: found f3fitnes in runtime list, handled by another instance, skipping!
Apr 24 01:58:47 uscentral434 cpmigrate[4884]: [migrate 174.120.146.122 faboaltd] packaging user faboaltd on 174.120.146.122
Apr 24 01:58:58 uscentral434 cpmigrate[8133]: [migrate 174.120.146.122 ezwork] starting rsync of 174.120.146.122:/home/ezwork to /home/ezwork
Apr 24 01:59:07 uscentral434 cpmigrate[4884]: [migrate 174.120.146.122 faboaltd] copying cpmove-faboaltd.tar.gz from 174.120.146.122 to local
Apr 24 01:59:08 uscentral434 cpmigrate[4884]: [migrate 174.120.146.122 faboaltd] restoring faboaltd from /home/cpmigrate/cpmove-faboaltd.tar.gz
Apr 24 01:59:10 uscentral434 cpmigrate[8133]: [migrate 174.120.146.122 ezwork] completed rsync of 174.120.146.122:/home/ezwork to /home/ezwork
Apr 24 01:59:10 uscentral434 cpmigrate[8133]: [migrate 174.120.146.122 ezwork] converted ezwork mailboxes to local mailserver dovecot
Apr 24 01:59:10 uscentral434 cpmigrate[8133]: [migrate 174.120.146.122 ezwork] fixing permissions under /home/ezwork
Apr 24 01:59:11 uscentral434 cpmigrate[8133]: [migrate 174.120.146.122 ezwork] changed shell to /usr/local/cpanel/bin/jailshell for ezwork
Apr 24 01:59:11 uscentral434 cpmigrate[8133]: [migrate 174.120.146.122 ezwork] completed restore for ezwork from 174.120.146.122
Apr 24 01:59:11 uscentral434 cpmigrate[8133]: [migrate 174.120.146.122 f3fitnes] warning: found f3fitnes in runtime list, handled by another instance, skipping!
Apr 24 01:59:11 uscentral434 cpmigrate[8133]: [migrate 174.120.146.122 faboaltd] warning: found faboaltd in runtime list, handled by another instance, skipping!
Apr 24 01:59:11 uscentral434 cpmigrate[8133]: [migrate 174.120.146.122 falekeor] packaging user falekeor on 174.120.146.122
Apr 24 01:59:12 uscentral434 cpmigrate[6896]: [migrate 174.120.146.106 roserest] completed rsync of 174.120.146.106:/home/roserest to /home/roserest
Apr 24 01:59:12 uscentral434 cpmigrate[6896]: [migrate 174.120.146.106 roserest] converted roserest mailboxes to local mailserver dovecot
Apr 24 01:59:12 uscentral434 cpmigrate[6896]: [migrate 174.120.146.106 roserest] fixing permissions under /home/roserest
Apr 24 01:59:14 uscentral434 cpmigrate[6896]: [migrate 174.120.146.106 roserest] changed shell to /usr/local/cpanel/bin/jailshell for roserest
Apr 24 01:59:14 uscentral434 cpmigrate[6896]: [migrate 174.120.146.106 roserest] completed restore for roserest from 174.120.146.106
Apr 24 01:59:14 uscentral434 cpmigrate[6896]: [migrate 174.120.146.106 rpmmarke] warning: found rpmmarke in runtime list, handled by another instance, skipping!
Apr 24 01:59:14 uscentral434 cpmigrate[6896]: [migrate 174.120.146.106 rpsofthu] warning: found rpsofthu in runtime list, handled by another instance, skipping!
Apr 24 01:59:14 uscentral434 cpmigrate[6896]: [migrate 174.120.146.106 rrocrmco] packaging user rrocrmco on 174.120.146.106
Apr 24 01:59:16 uscentral434 cpmigrate[8133]: [migrate 174.120.146.122 falekeor] copying cpmove-falekeor.tar.gz from 174.120.146.122 to local
Apr 24 01:59:16 uscentral434 cpmigrate[8133]: [migrate 174.120.146.122 falekeor] restoring falekeor from /home/cpmigrate/cpmove-falekeor.tar.gz
Apr 24 01:59:30 uscentral434 cpmigrate[6896]: [migrate 174.120.146.106 rrocrmco] copying cpmove-rrocrmco.tar.gz from 174.120.146.106 to local
Apr 24 01:59:31 uscentral434 cpmigrate[6896]: [migrate 174.120.146.106 rrocrmco] restoring rrocrmco from /home/cpmigrate/cpmove-rrocrmco.tar.gz
Apr 24 01:59:41 uscentral434 cpmigrate[5289]: [migrate 174.120.146.122 f3fitnes] starting rsync of 174.120.146.122:/home/f3fitnes to /home/f3fitnes
Apr 24 01:59:53 uscentral434 cpmigrate[13179]: [migrate 174.120.146.106 rpsofthu] starting rsync of 174.120.146.106:/home/rpsofthu to /home/rpsofthu
Apr 24 02:00:18 uscentral434 cpmigrate[5289]: [migrate 174.120.146.122 f3fitnes] completed rsync of 174.120.146.122:/home/f3fitnes to /home/f3fitnes
Apr 24 02:00:18 uscentral434 cpmigrate[5289]: [migrate 174.120.146.122 f3fitnes] converted f3fitnes mailboxes to local mailserver dovecot
Apr 24 02:00:18 uscentral434 cpmigrate[5289]: [migrate 174.120.146.122 f3fitnes] fixing permissions under /home/f3fitnes
Apr 24 02:00:19 uscentral434 cpmigrate[5289]: [migrate 174.120.146.122 f3fitnes] changed shell to /usr/local/cpanel/bin/jailshell for f3fitnes
Apr 24 02:00:19 uscentral434 cpmigrate[5289]: [migrate 174.120.146.122 f3fitnes] completed restore for f3fitnes from 174.120.146.122
Apr 24 02:00:19 uscentral434 cpmigrate[5289]: [migrate 174.120.146.122 faboaltd] warning: found faboaltd in runtime list, handled by another instance, skipping!
Apr 24 02:00:19 uscentral434 cpmigrate[5289]: [migrate 174.120.146.122 falekeor] warning: found falekeor in runtime list, handled by another instance, skipping!
Apr 24 02:00:19 uscentral434 cpmigrate[5289]: [migrate 174.120.146.122 fastbros] packaging user fastbros on 174.120.146.122
Apr 24 02:00:23 uscentral434 cpmigrate[13179]: [migrate 174.120.146.106 rpsofthu] completed rsync of 174.120.146.106:/home/rpsofthu to /home/rpsofthu
Apr 24 02:00:23 uscentral434 cpmigrate[13179]: [migrate 174.120.146.106 rpsofthu] converted rpsofthu mailboxes to local mailserver dovecot
Apr 24 02:00:23 uscentral434 cpmigrate[13179]: [migrate 174.120.146.106 rpsofthu] fixing permissions under /home/rpsofthu
Apr 24 02:00:24 uscentral434 cpmigrate[13179]: [migrate 174.120.146.106 rpsofthu] changed shell to /usr/local/cpanel/bin/jailshell for rpsofthu
Apr 24 02:00:24 uscentral434 cpmigrate[13179]: [migrate 174.120.146.106 rpsofthu] completed restore for rpsofthu from 174.120.146.106
Apr 24 02:00:24 uscentral434 cpmigrate[13179]: [migrate 174.120.146.106 rrocrmco] warning: found rrocrmco in runtime list, handled by another instance, skipping!
Apr 24 02:00:24 uscentral434 cpmigrate[13179]: [migrate 174.120.146.106 rtefabri] packaging user rtefabri on 174.120.146.106
Apr 24 02:02:06 uscentral434 cpmigrate[4884]: [migrate 174.120.146.122 faboaltd] starting rsync of 174.120.146.122:/home/faboaltd to /home/faboaltd
Apr 24 02:02:09 uscentral434 cpmigrate[8133]: [migrate 174.120.146.122 falekeor] starting rsync of 174.120.146.122:/home/falekeor to /home/falekeor
Apr 24 02:02:20 uscentral434 cpmigrate[8133]: [migrate 174.120.146.122 falekeor] completed rsync of 174.120.146.122:/home/falekeor to /home/falekeor
Apr 24 02:02:21 uscentral434 cpmigrate[8133]: [migrate 174.120.146.122 falekeor] converted falekeor mailboxes to local mailserver dovecot
Apr 24 02:02:21 uscentral434 cpmigrate[8133]: [migrate 174.120.146.122 falekeor] fixing permissions under /home/falekeor
Apr 24 02:02:21 uscentral434 cpmigrate[8133]: [migrate 174.120.146.122 falekeor] changed shell to /usr/local/cpanel/bin/jailshell for falekeor
Apr 24 02:02:21 uscentral434 cpmigrate[8133]: [migrate 174.120.146.122 falekeor] completed restore for falekeor from 174.120.146.122
Apr 24 02:02:21 uscentral434 cpmigrate[8133]: [migrate 174.120.146.122 fastbros] warning: found fastbros in runtime list, handled by another instance, skipping!
Apr 24 02:02:21 uscentral434 cpmigrate[8133]: [migrate 174.120.146.122 fastizer] packaging user fastizer on 174.120.146.122
Apr 24 02:02:27 uscentral434 cpmigrate[6896]: [migrate 174.120.146.106 rrocrmco] starting rsync of 174.120.146.106:/home/rrocrmco to /home/rrocrmco
Apr 24 02:02:55 uscentral434 cpmigrate[4884]: [migrate 174.120.146.122 faboaltd] completed rsync of 174.120.146.122:/home/faboaltd to /home/faboaltd
Apr 24 02:02:55 uscentral434 cpmigrate[4884]: [migrate 174.120.146.122 faboaltd] converted faboaltd mailboxes to local mailserver dovecot
Apr 24 02:02:55 uscentral434 cpmigrate[4884]: [migrate 174.120.146.122 faboaltd] fixing permissions under /home/faboaltd
Apr 24 02:02:56 uscentral434 cpmigrate[4884]: [migrate 174.120.146.122 faboaltd] changed shell to /usr/local/cpanel/bin/jailshell for faboaltd
Apr 24 02:02:56 uscentral434 cpmigrate[4884]: [migrate 174.120.146.122 faboaltd] completed restore for faboaltd from 174.120.146.122
Apr 24 02:02:56 uscentral434 cpmigrate[4884]: [migrate 174.120.146.122 falekeor] warning: found falekeor in runtime list, handled by another instance, skipping!
Apr 24 02:02:56 uscentral434 cpmigrate[4884]: [migrate 174.120.146.122 fastbros] warning: found fastbros in runtime list, handled by another instance, skipping!
Apr 24 02:02:56 uscentral434 cpmigrate[4884]: [migrate 174.120.146.122 fastizer] warning: found fastizer in runtime list, handled by another instance, skipping!
Apr 24 02:02:56 uscentral434 cpmigrate[4884]: [migrate 174.120.146.122 fastperf] packaging user fastperf on 174.120.146.122
Apr 24 02:03:35 uscentral434 cpmigrate[13179]: [migrate 174.120.146.106 rtefabri] copying cpmove-rtefabri.tar.gz from 174.120.146.106 to local
Apr 24 02:03:36 uscentral434 cpmigrate[13179]: [migrate 174.120.146.106 rtefabri] restoring rtefabri from /home/cpmigrate/cpmove-rtefabri.tar.gz
Apr 24 02:06:38 uscentral434 cpmigrate[13179]: [migrate 174.120.146.106 rtefabri] starting rsync of 174.120.146.106:/home/rtefabri to /home/rtefabri
Apr 24 02:06:46 uscentral434 cpmigrate[13179]: [migrate 174.120.146.106 rtefabri] completed rsync of 174.120.146.106:/home/rtefabri to /home/rtefabri
Apr 24 02:06:46 uscentral434 cpmigrate[13179]: [migrate 174.120.146.106 rtefabri] converted rtefabri mailboxes to local mailserver dovecot
Apr 24 02:06:46 uscentral434 cpmigrate[13179]: [migrate 174.120.146.106 rtefabri] fixing permissions under /home/rtefabri
Apr 24 02:06:47 uscentral434 cpmigrate[13179]: [migrate 174.120.146.106 rtefabri] changed shell to /usr/local/cpanel/bin/jailshell for rtefabri
Apr 24 02:06:47 uscentral434 cpmigrate[13179]: [migrate 174.120.146.106 rtefabri] completed restore for rtefabri from 174.120.146.106
Apr 24 02:06:47 uscentral434 cpmigrate[13179]: [migrate 174.120.146.106 rubenmed] packaging user rubenmed on 174.120.146.106
Apr 24 02:07:37 uscentral434 cpmigrate[13179]: [migrate 174.120.146.106 rubenmed] copying cpmove-rubenmed.tar.gz from 174.120.146.106 to local
Apr 24 02:07:37 uscentral434 cpmigrate[13179]: [migrate 174.120.146.106 rubenmed] restoring rubenmed from /home/cpmigrate/cpmove-rubenmed.tar.gz
Apr 24 02:08:33 uscentral434 cpmigrate[5289]: [migrate 174.120.146.122 fastbros] copying cpmove-fastbros.tar.gz from 174.120.146.122 to local
Apr 24 02:08:34 uscentral434 cpmigrate[5289]: [migrate 174.120.146.122 fastbros] restoring fastbros from /home/cpmigrate/cpmove-fastbros.tar.gz
Apr 24 02:08:35 uscentral434 cpmigrate[8133]: [migrate 174.120.146.122 fastizer] copying cpmove-fastizer.tar.gz from 174.120.146.122 to local
Apr 24 02:08:35 uscentral434 cpmigrate[8133]: [migrate 174.120.146.122 fastizer] restoring fastizer from /home/cpmigrate/cpmove-fastizer.tar.gz
Apr 24 02:08:37 uscentral434 cpmigrate[4884]: [migrate 174.120.146.122 fastperf] copying cpmove-fastperf.tar.gz from 174.120.146.122 to local
Apr 24 02:08:37 uscentral434 cpmigrate[4884]: [migrate 174.120.146.122 fastperf] restoring fastperf from /home/cpmigrate/cpmove-fastperf.tar.gz
Apr 24 02:11:08 uscentral434 cpmigrate[13179]: [migrate 174.120.146.106 rubenmed] starting rsync of 174.120.146.106:/home/rubenmed to /home/rubenmed
Apr 24 02:11:44 uscentral434 cpmigrate[4884]: [migrate 174.120.146.122 fastperf] starting rsync of 174.120.146.122:/home/fastperf to /home/fastperf
Apr 24 02:11:53 uscentral434 cpmigrate[8133]: [migrate 174.120.146.122 fastizer] starting rsync of 174.120.146.122:/home/fastizer to /home/fastizer
Apr 24 02:11:59 uscentral434 cpmigrate[4884]: [migrate 174.120.146.122 fastperf] completed rsync of 174.120.146.122:/home/fastperf to /home/fastperf
Apr 24 02:11:59 uscentral434 cpmigrate[4884]: [migrate 174.120.146.122 fastperf] converted fastperf mailboxes to local mailserver dovecot
Apr 24 02:11:59 uscentral434 cpmigrate[4884]: [migrate 174.120.146.122 fastperf] fixing permissions under /home/fastperf
Apr 24 02:12:00 uscentral434 cpmigrate[4884]: [migrate 174.120.146.122 fastperf] changed shell to /usr/local/cpanel/bin/jailshell for fastperf
Apr 24 02:12:00 uscentral434 cpmigrate[4884]: [migrate 174.120.146.122 fastperf] completed restore for fastperf from 174.120.146.122
Apr 24 02:12:00 uscentral434 cpmigrate[4884]: [migrate 174.120.146.122 fatbuste] packaging user fatbuste on 174.120.146.122
Apr 24 02:12:13 uscentral434 cpmigrate[4884]: [migrate 174.120.146.122 fatbuste] copying cpmove-fatbuste.tar.gz from 174.120.146.122 to local
Apr 24 02:12:13 uscentral434 cpmigrate[4884]: [migrate 174.120.146.122 fatbuste] restoring fatbuste from /home/cpmigrate/cpmove-fatbuste.tar.gz
Apr 24 02:12:36 uscentral434 cpmigrate[5289]: [migrate 174.120.146.122 fastbros] starting rsync of 174.120.146.122:/home/fastbros to /home/fastbros
Apr 24 02:12:45 uscentral434 cpmigrate[5289]: [migrate 174.120.146.122 fastbros] completed rsync of 174.120.146.122:/home/fastbros to /home/fastbros
Apr 24 02:12:45 uscentral434 cpmigrate[5289]: [migrate 174.120.146.122 fastbros] converted fastbros mailboxes to local mailserver dovecot
Apr 24 02:12:45 uscentral434 cpmigrate[5289]: [migrate 174.120.146.122 fastbros] fixing permissions under /home/fastbros
Apr 24 02:12:45 uscentral434 cpmigrate[5289]: [migrate 174.120.146.122 fastbros] changed shell to /usr/local/cpanel/bin/jailshell for fastbros
Apr 24 02:12:45 uscentral434 cpmigrate[5289]: [migrate 174.120.146.122 fastbros] completed restore for fastbros from 174.120.146.122
Apr 24 02:12:45 uscentral434 cpmigrate[5289]: [migrate 174.120.146.122 fastizer] warning: found fastizer in runtime list, handled by another instance, skipping!
Apr 24 02:12:45 uscentral434 cpmigrate[5289]: [migrate 174.120.146.122 fastperf] warning: found fastperf in runtime list, handled by another instance, skipping!
Apr 24 02:12:45 uscentral434 cpmigrate[5289]: [migrate 174.120.146.122 fatbuste] warning: found fatbuste in runtime list, handled by another instance, skipping!
Apr 24 02:12:45 uscentral434 cpmigrate[5289]: [migrate 174.120.146.122 fcmjocom] packaging user fcmjocom on 174.120.146.122
Apr 24 02:12:50 uscentral434 cpmigrate[5289]: [migrate 174.120.146.122 fcmjocom] copying cpmove-fcmjocom.tar.gz from 174.120.146.122 to local
Apr 24 02:12:51 uscentral434 cpmigrate[5289]: [migrate 174.120.146.122 fcmjocom] restoring fcmjocom from /home/cpmigrate/cpmove-fcmjocom.tar.gz
Apr 24 02:13:02 uscentral434 cpmigrate[8133]: [migrate 174.120.146.122 fastizer] completed rsync of 174.120.146.122:/home/fastizer to /home/fastizer
Apr 24 02:13:02 uscentral434 cpmigrate[8133]: [migrate 174.120.146.122 fastizer] converted fastizer mailboxes to local mailserver dovecot
Apr 24 02:13:02 uscentral434 cpmigrate[8133]: [migrate 174.120.146.122 fastizer] fixing permissions under /home/fastizer
Apr 24 02:13:03 uscentral434 cpmigrate[8133]: [migrate 174.120.146.122 fastizer] changed shell to /usr/local/cpanel/bin/jailshell for fastizer
Apr 24 02:13:03 uscentral434 cpmigrate[8133]: [migrate 174.120.146.122 fastizer] completed restore for fastizer from 174.120.146.122
Apr 24 02:13:03 uscentral434 cpmigrate[8133]: [migrate 174.120.146.122 fastperf] warning: found fastperf in runtime list, handled by another instance, skipping!
Apr 24 02:13:03 uscentral434 cpmigrate[8133]: [migrate 174.120.146.122 fatbuste] warning: found fatbuste in runtime list, handled by another instance, skipping!
Apr 24 02:13:03 uscentral434 cpmigrate[8133]: [migrate 174.120.146.122 fcmjocom] warning: found fcmjocom in runtime list, handled by another instance, skipping!
Apr 24 02:13:03 uscentral434 cpmigrate[8133]: [migrate 174.120.146.122 filmciti] packaging user filmciti on 174.120.146.122
Apr 24 02:13:20 uscentral434 cpmigrate[8133]: [migrate 174.120.146.122 filmciti] copying cpmove-filmciti.tar.gz from 174.120.146.122 to local
Apr 24 02:13:21 uscentral434 cpmigrate[8133]: [migrate 174.120.146.122 filmciti] restoring filmciti from /home/cpmigrate/cpmove-filmciti.tar.gz
Apr 24 02:15:23 uscentral434 cpmigrate[4884]: [migrate 174.120.146.122 fatbuste] starting rsync of 174.120.146.122:/home/fatbuste to /home/fatbuste
Apr 24 02:15:32 uscentral434 cpmigrate[4884]: [migrate 174.120.146.122 fatbuste] completed rsync of 174.120.146.122:/home/fatbuste to /home/fatbuste
Apr 24 02:15:32 uscentral434 cpmigrate[4884]: [migrate 174.120.146.122 fatbuste] converted fatbuste mailboxes to local mailserver dovecot
Apr 24 02:15:32 uscentral434 cpmigrate[4884]: [migrate 174.120.146.122 fatbuste] fixing permissions under /home/fatbuste
Apr 24 02:15:33 uscentral434 cpmigrate[4884]: [migrate 174.120.146.122 fatbuste] changed shell to /usr/local/cpanel/bin/jailshell for fatbuste
Apr 24 02:15:33 uscentral434 cpmigrate[4884]: [migrate 174.120.146.122 fatbuste] completed restore for fatbuste from 174.120.146.122
Apr 24 02:15:33 uscentral434 cpmigrate[4884]: [migrate 174.120.146.122 fcmjocom] warning: found fcmjocom in runtime list, handled by another instance, skipping!
Apr 24 02:15:33 uscentral434 cpmigrate[4884]: [migrate 174.120.146.122 filmciti] warning: found filmciti in runtime list, handled by another instance, skipping!
Apr 24 02:15:33 uscentral434 cpmigrate[4884]: [migrate 174.120.146.122 fisgamco] packaging user fisgamco on 174.120.146.122
Apr 24 02:16:16 uscentral434 cpmigrate[5289]: [migrate 174.120.146.122 fcmjocom] starting rsync of 174.120.146.122:/home/fcmjocom to /home/fcmjocom
Apr 24 02:16:24 uscentral434 cpmigrate[5289]: [migrate 174.120.146.122 fcmjocom] completed rsync of 174.120.146.122:/home/fcmjocom to /home/fcmjocom
Apr 24 02:16:24 uscentral434 cpmigrate[5289]: [migrate 174.120.146.122 fcmjocom] converted fcmjocom mailboxes to local mailserver dovecot
Apr 24 02:16:24 uscentral434 cpmigrate[5289]: [migrate 174.120.146.122 fcmjocom] fixing permissions under /home/fcmjocom
Apr 24 02:16:24 uscentral434 cpmigrate[5289]: [migrate 174.120.146.122 fcmjocom] changed shell to /usr/local/cpanel/bin/jailshell for fcmjocom
Apr 24 02:16:24 uscentral434 cpmigrate[5289]: [migrate 174.120.146.122 fcmjocom] completed restore for fcmjocom from 174.120.146.122
Apr 24 02:16:24 uscentral434 cpmigrate[5289]: [migrate 174.120.146.122 filmciti] warning: found filmciti in runtime list, handled by another instance, skipping!
Apr 24 02:16:24 uscentral434 cpmigrate[5289]: [migrate 174.120.146.122 fisgamco] warning: found fisgamco in runtime list, handled by another instance, skipping!
Apr 24 02:16:24 uscentral434 cpmigrate[5289]: [migrate 174.120.146.122 fitnessm] packaging user fitnessm on 174.120.146.122
Apr 24 02:16:29 uscentral434 cpmigrate[5289]: [migrate 174.120.146.122 fitnessm] copying cpmove-fitnessm.tar.gz from 174.120.146.122 to local
Apr 24 02:16:29 uscentral434 cpmigrate[5289]: [migrate 174.120.146.122 fitnessm] restoring fitnessm from /home/cpmigrate/cpmove-fitnessm.tar.gz
Apr 24 02:16:50 uscentral434 cpmigrate[13179]: [migrate 174.120.146.106 rubenmed] completed rsync of 174.120.146.106:/home/rubenmed to /home/rubenmed
Apr 24 02:16:50 uscentral434 cpmigrate[13179]: [migrate 174.120.146.106 rubenmed] converted rubenmed mailboxes to local mailserver dovecot
Apr 24 02:16:50 uscentral434 cpmigrate[13179]: [migrate 174.120.146.106 rubenmed] fixing permissions under /home/rubenmed
Apr 24 02:16:50 uscentral434 cpmigrate[13179]: [migrate 174.120.146.106 rubenmed] changed shell to /usr/local/cpanel/bin/jailshell for rubenmed
Apr 24 02:16:51 uscentral434 cpmigrate[13179]: [migrate 174.120.146.106 rubenmed] completed restore for rubenmed from 174.120.146.106
Apr 24 02:16:51 uscentral434 cpmigrate[13179]: [migrate 174.120.146.106 runeberg] packaging user runeberg on 174.120.146.106
Apr 24 02:17:06 uscentral434 cpmigrate[13179]: [migrate 174.120.146.106 runeberg] copying cpmove-runeberg.tar.gz from 174.120.146.106 to local
Apr 24 02:17:07 uscentral434 cpmigrate[13179]: [migrate 174.120.146.106 runeberg] restoring runeberg from /home/cpmigrate/cpmove-runeberg.tar.gz
Apr 24 02:19:44 uscentral434 cpmigrate[5289]: [migrate 174.120.146.122 fitnessm] starting rsync of 174.120.146.122:/home/fitnessm to /home/fitnessm
Apr 24 02:20:21 uscentral434 cpmigrate[5289]: [migrate 174.120.146.122 fitnessm] completed rsync of 174.120.146.122:/home/fitnessm to /home/fitnessm
Apr 24 02:20:21 uscentral434 cpmigrate[5289]: [migrate 174.120.146.122 fitnessm] converted fitnessm mailboxes to local mailserver dovecot
Apr 24 02:20:21 uscentral434 cpmigrate[5289]: [migrate 174.120.146.122 fitnessm] fixing permissions under /home/fitnessm
Apr 24 02:20:22 uscentral434 cpmigrate[5289]: [migrate 174.120.146.122 fitnessm] changed shell to /usr/local/cpanel/bin/jailshell for fitnessm
Apr 24 02:20:22 uscentral434 cpmigrate[5289]: [migrate 174.120.146.122 fitnessm] completed restore for fitnessm from 174.120.146.122
Apr 24 02:20:22 uscentral434 cpmigrate[5289]: [migrate 174.120.146.122 fitnpeti] packaging user fitnpeti on 174.120.146.122
Apr 24 02:21:38 uscentral434 cpmigrate[8133]: [migrate 174.120.146.122 filmciti] starting rsync of 174.120.146.122:/home/filmciti to /home/filmciti
Apr 24 02:22:23 uscentral434 cpmigrate[5289]: [migrate 174.120.146.122 fitnpeti] copying cpmove-fitnpeti.tar.gz from 174.120.146.122 to local
Apr 24 02:22:25 uscentral434 cpmigrate[5289]: [migrate 174.120.146.122 fitnpeti] restoring fitnpeti from /home/cpmigrate/cpmove-fitnpeti.tar.gz
Apr 24 02:22:34 uscentral434 cpmigrate[13179]: [migrate 174.120.146.106 runeberg] starting rsync of 174.120.146.106:/home/runeberg to /home/runeberg
Apr 24 02:24:29 uscentral434 cpmigrate[8133]: [migrate 174.120.146.122 filmciti] completed rsync of 174.120.146.122:/home/filmciti to /home/filmciti
Apr 24 02:24:29 uscentral434 cpmigrate[8133]: [migrate 174.120.146.122 filmciti] converted filmciti mailboxes to local mailserver dovecot
Apr 24 02:24:29 uscentral434 cpmigrate[8133]: [migrate 174.120.146.122 filmciti] fixing permissions under /home/filmciti
Apr 24 02:24:31 uscentral434 cpmigrate[8133]: [migrate 174.120.146.122 filmciti] changed shell to /usr/local/cpanel/bin/jailshell for filmciti
Apr 24 02:24:31 uscentral434 cpmigrate[8133]: [migrate 174.120.146.122 filmciti] completed restore for filmciti from 174.120.146.122
Apr 24 02:24:31 uscentral434 cpmigrate[8133]: [migrate 174.120.146.122 fisgamco] warning: found fisgamco in runtime list, handled by another instance, skipping!
Apr 24 02:24:31 uscentral434 cpmigrate[8133]: [migrate 174.120.146.122 fitnessm] warning: found fitnessm in runtime list, handled by another instance, skipping!
Apr 24 02:24:31 uscentral434 cpmigrate[8133]: [migrate 174.120.146.122 fitnpeti] warning: found fitnpeti in runtime list, handled by another instance, skipping!
Apr 24 02:24:31 uscentral434 cpmigrate[8133]: [migrate 174.120.146.122 fitprost] packaging user fitprost on 174.120.146.122
Apr 24 02:24:39 uscentral434 cpmigrate[8133]: [migrate 174.120.146.122 fitprost] copying cpmove-fitprost.tar.gz from 174.120.146.122 to local
Apr 24 02:24:39 uscentral434 cpmigrate[8133]: [migrate 174.120.146.122 fitprost] restoring fitprost from /home/cpmigrate/cpmove-fitprost.tar.gz
Apr 24 02:26:42 uscentral434 cpmigrate[5289]: [migrate 174.120.146.122 fitnpeti] starting rsync of 174.120.146.122:/home/fitnpeti to /home/fitnpeti
Apr 24 02:27:18 uscentral434 cpmigrate[5289]: [migrate 174.120.146.122 fitnpeti] completed rsync of 174.120.146.122:/home/fitnpeti to /home/fitnpeti
Apr 24 02:27:18 uscentral434 cpmigrate[5289]: [migrate 174.120.146.122 fitnpeti] converted fitnpeti mailboxes to local mailserver dovecot
Apr 24 02:27:18 uscentral434 cpmigrate[5289]: [migrate 174.120.146.122 fitnpeti] fixing permissions under /home/fitnpeti
Apr 24 02:27:19 uscentral434 cpmigrate[5289]: [migrate 174.120.146.122 fitnpeti] changed shell to /usr/local/cpanel/bin/jailshell for fitnpeti
Apr 24 02:27:19 uscentral434 cpmigrate[5289]: [migrate 174.120.146.122 fitnpeti] completed restore for fitnpeti from 174.120.146.122
Apr 24 02:27:19 uscentral434 cpmigrate[5289]: [migrate 174.120.146.122 fitprost] warning: found fitprost in runtime list, handled by another instance, skipping!
Apr 24 02:27:19 uscentral434 cpmigrate[5289]: [migrate 174.120.146.122 fitzysro] packaging user fitzysro on 174.120.146.122
Apr 24 02:28:01 uscentral434 cpmigrate[8133]: [migrate 174.120.146.122 fitprost] starting rsync of 174.120.146.122:/home/fitprost to /home/fitprost
Apr 24 02:28:06 uscentral434 cpmigrate[8133]: [migrate 174.120.146.122 fitprost] completed rsync of 174.120.146.122:/home/fitprost to /home/fitprost
Apr 24 02:28:06 uscentral434 cpmigrate[8133]: [migrate 174.120.146.122 fitprost] converted fitprost mailboxes to local mailserver dovecot
Apr 24 02:28:06 uscentral434 cpmigrate[8133]: [migrate 174.120.146.122 fitprost] fixing permissions under /home/fitprost
Apr 24 02:28:07 uscentral434 cpmigrate[8133]: [migrate 174.120.146.122 fitprost] changed shell to /usr/local/cpanel/bin/jailshell for fitprost
Apr 24 02:28:07 uscentral434 cpmigrate[8133]: [migrate 174.120.146.122 fitprost] completed restore for fitprost from 174.120.146.122
Apr 24 02:28:07 uscentral434 cpmigrate[8133]: [migrate 174.120.146.122 fitzysro] warning: found fitzysro in runtime list, handled by another instance, skipping!
Apr 24 02:28:07 uscentral434 cpmigrate[8133]: [migrate 174.120.146.122 fivestar] packaging user fivestar on 174.120.146.122
Apr 24 02:42:01 uscentral434 cpmigrate[6896]: [migrate 174.120.146.106 rrocrmco] completed rsync of 174.120.146.106:/home/rrocrmco to /home/rrocrmco
Apr 24 02:42:01 uscentral434 cpmigrate[6896]: [migrate 174.120.146.106 rrocrmco] converted rrocrmco mailboxes to local mailserver dovecot
Apr 24 02:42:01 uscentral434 cpmigrate[6896]: [migrate 174.120.146.106 rrocrmco] fixing permissions under /home/rrocrmco
Apr 24 02:42:01 uscentral434 cpmigrate[6896]: [migrate 174.120.146.106 rrocrmco] changed shell to /usr/local/cpanel/bin/jailshell for rrocrmco
Apr 24 02:42:01 uscentral434 cpmigrate[6896]: [migrate 174.120.146.106 rrocrmco] completed restore for rrocrmco from 174.120.146.106
Apr 24 02:42:01 uscentral434 cpmigrate[6896]: [migrate 174.120.146.106 rtefabri] warning: found rtefabri in runtime list, handled by another instance, skipping!
Apr 24 02:42:01 uscentral434 cpmigrate[6896]: [migrate 174.120.146.106 rubenmed] warning: found rubenmed in runtime list, handled by another instance, skipping!
Apr 24 02:42:01 uscentral434 cpmigrate[6896]: [migrate 174.120.146.106 runeberg] warning: found runeberg in runtime list, handled by another instance, skipping!
Apr 24 02:42:01 uscentral434 cpmigrate[6896]: [migrate 174.120.146.106 ryanaltv] packaging user ryanaltv on 174.120.146.106
Apr 24 02:42:48 uscentral434 cpmigrate[6896]: [migrate 174.120.146.106 ryanaltv] copying cpmove-ryanaltv.tar.gz from 174.120.146.106 to local
Apr 24 02:42:49 uscentral434 cpmigrate[6896]: [migrate 174.120.146.106 ryanaltv] restoring ryanaltv from /home/cpmigrate/cpmove-ryanaltv.tar.gz
Apr 24 02:46:06 uscentral434 cpmigrate[6896]: [migrate 174.120.146.106 ryanaltv] starting rsync of 174.120.146.106:/home/ryanaltv to /home/ryanaltv
Apr 24 02:46:29 uscentral434 cpmigrate[5289]: [migrate 174.120.146.122 fitzysro] copying cpmove-fitzysro.tar.gz from 174.120.146.122 to local
Apr 24 02:46:29 uscentral434 cpmigrate[5289]: [migrate 174.120.146.122 fitzysro] restoring fitzysro from /home/cpmigrate/cpmove-fitzysro.tar.gz
Apr 24 02:48:15 uscentral434 cpmigrate[8133]: [migrate 174.120.146.122 fivestar] copying cpmove-fivestar.tar.gz from 174.120.146.122 to local
Apr 24 02:48:16 uscentral434 cpmigrate[8133]: [migrate 174.120.146.122 fivestar] restoring fivestar from /home/cpmigrate/cpmove-fivestar.tar.gz
Apr 24 02:48:47 uscentral434 cpmigrate[6896]: [migrate 174.120.146.106 ryanaltv] completed rsync of 174.120.146.106:/home/ryanaltv to /home/ryanaltv
Apr 24 02:48:47 uscentral434 cpmigrate[6896]: [migrate 174.120.146.106 ryanaltv] converted ryanaltv mailboxes to local mailserver dovecot
Apr 24 02:48:47 uscentral434 cpmigrate[6896]: [migrate 174.120.146.106 ryanaltv] fixing permissions under /home/ryanaltv
Apr 24 02:48:47 uscentral434 cpmigrate[6896]: [migrate 174.120.146.106 ryanaltv] changed shell to /usr/local/cpanel/bin/jailshell for ryanaltv
Apr 24 02:48:47 uscentral434 cpmigrate[6896]: [migrate 174.120.146.106 ryanaltv] completed restore for ryanaltv from 174.120.146.106
Apr 24 02:48:47 uscentral434 cpmigrate[6896]: [migrate 174.120.146.106 s5cdowns] packaging user s5cdowns on 174.120.146.106
Apr 24 02:49:03 uscentral434 cpmigrate[6896]: [migrate 174.120.146.106 s5cdowns] copying cpmove-s5cdowns.tar.gz from 174.120.146.106 to local
Apr 24 02:49:03 uscentral434 cpmigrate[6896]: [migrate 174.120.146.106 s5cdowns] restoring s5cdowns from /home/cpmigrate/cpmove-s5cdowns.tar.gz
Apr 24 02:50:01 uscentral434 cpmigrate[5289]: [migrate 174.120.146.122 fitzysro] starting rsync of 174.120.146.122:/home/fitzysro to /home/fitzysro
Apr 24 02:50:47 uscentral434 cpmigrate[5289]: [migrate 174.120.146.122 fitzysro] completed rsync of 174.120.146.122:/home/fitzysro to /home/fitzysro
Apr 24 02:50:47 uscentral434 cpmigrate[5289]: [migrate 174.120.146.122 fitzysro] converted fitzysro mailboxes to local mailserver dovecot
Apr 24 02:50:47 uscentral434 cpmigrate[5289]: [migrate 174.120.146.122 fitzysro] fixing permissions under /home/fitzysro
Apr 24 02:50:47 uscentral434 cpmigrate[5289]: [migrate 174.120.146.122 fitzysro] changed shell to /usr/local/cpanel/bin/jailshell for fitzysro
Apr 24 02:50:47 uscentral434 cpmigrate[5289]: [migrate 174.120.146.122 fitzysro] completed restore for fitzysro from 174.120.146.122
Apr 24 02:50:47 uscentral434 cpmigrate[5289]: [migrate 174.120.146.122 fivestar] warning: found fivestar in runtime list, handled by another instance, skipping!
Apr 24 02:50:47 uscentral434 cpmigrate[5289]: [migrate 174.120.146.122 flycrcom] packaging user flycrcom on 174.120.146.122
Apr 24 02:51:14 uscentral434 cpmigrate[6896]: [migrate 174.120.146.106 s5cdowns] starting rsync of 174.120.146.106:/home/s5cdowns to /home/s5cdowns
Apr 24 02:51:16 uscentral434 cpmigrate[6896]: [migrate 174.120.146.106 s5cdowns] completed rsync of 174.120.146.106:/home/s5cdowns to /home/s5cdowns
Apr 24 02:51:16 uscentral434 cpmigrate[6896]: [migrate 174.120.146.106 s5cdowns] converted s5cdowns mailboxes to local mailserver dovecot
Apr 24 02:51:16 uscentral434 cpmigrate[6896]: [migrate 174.120.146.106 s5cdowns] fixing permissions under /home/s5cdowns
Apr 24 02:51:17 uscentral434 cpmigrate[6896]: [migrate 174.120.146.106 s5cdowns] changed shell to /usr/local/cpanel/bin/jailshell for s5cdowns
Apr 24 02:51:17 uscentral434 cpmigrate[6896]: [migrate 174.120.146.106 s5cdowns] completed restore for s5cdowns from 174.120.146.106
Apr 24 02:51:17 uscentral434 cpmigrate[6896]: [migrate 174.120.146.106 s5jspear] packaging user s5jspear on 174.120.146.106
Apr 24 02:51:45 uscentral434 cpmigrate[6896]: [migrate 174.120.146.106 s5jspear] copying cpmove-s5jspear.tar.gz from 174.120.146.106 to local
Apr 24 02:51:46 uscentral434 cpmigrate[6896]: [migrate 174.120.146.106 s5jspear] restoring s5jspear from /home/cpmigrate/cpmove-s5jspear.tar.gz
Apr 24 02:51:49 uscentral434 cpmigrate[8133]: [migrate 174.120.146.122 fivestar] starting rsync of 174.120.146.122:/home/fivestar to /home/fivestar
Apr 24 02:51:55 uscentral434 cpmigrate[8133]: [migrate 174.120.146.122 fivestar] completed rsync of 174.120.146.122:/home/fivestar to /home/fivestar
Apr 24 02:51:55 uscentral434 cpmigrate[8133]: [migrate 174.120.146.122 fivestar] converted fivestar mailboxes to local mailserver dovecot
Apr 24 02:51:55 uscentral434 cpmigrate[8133]: [migrate 174.120.146.122 fivestar] fixing permissions under /home/fivestar
Apr 24 02:51:55 uscentral434 cpmigrate[8133]: [migrate 174.120.146.122 fivestar] changed shell to /usr/local/cpanel/bin/jailshell for fivestar
Apr 24 02:51:55 uscentral434 cpmigrate[8133]: [migrate 174.120.146.122 fivestar] completed restore for fivestar from 174.120.146.122
Apr 24 02:51:55 uscentral434 cpmigrate[8133]: [migrate 174.120.146.122 flycrcom] warning: found flycrcom in runtime list, handled by another instance, skipping!
Apr 24 02:51:55 uscentral434 cpmigrate[8133]: [migrate 174.120.146.122 foodieco] packaging user foodieco on 174.120.146.122
Apr 24 02:54:32 uscentral434 cpmigrate[8133]: [migrate 174.120.146.122 foodieco] copying cpmove-foodieco.tar.gz from 174.120.146.122 to local
Apr 24 02:54:32 uscentral434 cpmigrate[8133]: [migrate 174.120.146.122 foodieco] restoring foodieco from /home/cpmigrate/cpmove-foodieco.tar.gz
Apr 24 02:55:07 uscentral434 cpmigrate[5289]: [migrate 174.120.146.122 flycrcom] copying cpmove-flycrcom.tar.gz from 174.120.146.122 to local
Apr 24 02:55:08 uscentral434 cpmigrate[5289]: [migrate 174.120.146.122 flycrcom] restoring flycrcom from /home/cpmigrate/cpmove-flycrcom.tar.gz
Apr 24 02:55:08 uscentral434 cpmigrate[6896]: [migrate 174.120.146.106 s5jspear] starting rsync of 174.120.146.106:/home/s5jspear to /home/s5jspear
Apr 24 02:56:13 uscentral434 cpmigrate[4884]: [migrate 174.120.146.122 fisgamco] copying cpmove-fisgamco.tar.gz from 174.120.146.122 to local
Apr 24 02:56:18 uscentral434 cpmigrate[4884]: [migrate 174.120.146.122 fisgamco] restoring fisgamco from /home/cpmigrate/cpmove-fisgamco.tar.gz
Apr 24 02:57:29 uscentral434 cpmigrate[8133]: [migrate 174.120.146.122 foodieco] starting rsync of 174.120.146.122:/home/foodieco to /home/foodieco
Apr 24 02:58:34 uscentral434 cpmigrate[13179]: [migrate 174.120.146.106 runeberg] completed rsync of 174.120.146.106:/home/runeberg to /home/runeberg
Apr 24 02:58:34 uscentral434 cpmigrate[13179]: [migrate 174.120.146.106 runeberg] converted runeberg mailboxes to local mailserver dovecot
Apr 24 02:58:34 uscentral434 cpmigrate[13179]: [migrate 174.120.146.106 runeberg] fixing permissions under /home/runeberg
Apr 24 02:58:36 uscentral434 cpmigrate[6896]: [migrate 174.120.146.106 s5jspear] completed rsync of 174.120.146.106:/home/s5jspear to /home/s5jspear
Apr 24 02:58:36 uscentral434 cpmigrate[6896]: [migrate 174.120.146.106 s5jspear] converted s5jspear mailboxes to local mailserver dovecot
Apr 24 02:58:36 uscentral434 cpmigrate[6896]: [migrate 174.120.146.106 s5jspear] fixing permissions under /home/s5jspear
Apr 24 02:58:36 uscentral434 cpmigrate[6896]: [migrate 174.120.146.106 s5jspear] changed shell to /usr/local/cpanel/bin/jailshell for s5jspear
Apr 24 02:58:36 uscentral434 cpmigrate[6896]: [migrate 174.120.146.106 s5jspear] completed restore for s5jspear from 174.120.146.106
Apr 24 02:58:36 uscentral434 cpmigrate[6896]: [migrate 174.120.146.106 s5purush] packaging user s5purush on 174.120.146.106
Apr 24 02:58:36 uscentral434 cpmigrate[13179]: [migrate 174.120.146.106 runeberg] changed shell to /usr/local/cpanel/bin/jailshell for runeberg
Apr 24 02:58:36 uscentral434 cpmigrate[13179]: [migrate 174.120.146.106 runeberg] completed restore for runeberg from 174.120.146.106
Apr 24 02:58:36 uscentral434 cpmigrate[13179]: [migrate 174.120.146.106 ryanaltv] warning: found ryanaltv in runtime list, handled by another instance, skipping!
Apr 24 02:58:36 uscentral434 cpmigrate[13179]: [migrate 174.120.146.106 s5cdowns] warning: found s5cdowns in runtime list, handled by another instance, skipping!
Apr 24 02:58:36 uscentral434 cpmigrate[13179]: [migrate 174.120.146.106 s5jspear] warning: found s5jspear in runtime list, handled by another instance, skipping!
Apr 24 02:58:36 uscentral434 cpmigrate[13179]: [migrate 174.120.146.106 s5purush] warning: found s5purush in runtime list, handled by another instance, skipping!
Apr 24 02:58:36 uscentral434 cpmigrate[13179]: [migrate 174.120.146.106 sabinepa] packaging user sabinepa on 174.120.146.106
Apr 24 02:58:52 uscentral434 cpmigrate[6896]: [migrate 174.120.146.106 s5purush] copying cpmove-s5purush.tar.gz from 174.120.146.106 to local
Apr 24 02:58:53 uscentral434 cpmigrate[6896]: [migrate 174.120.146.106 s5purush] restoring s5purush from /home/cpmigrate/cpmove-s5purush.tar.gz
Apr 24 02:59:00 uscentral434 cpmigrate[13179]: [migrate 174.120.146.106 sabinepa] copying cpmove-sabinepa.tar.gz from 174.120.146.106 to local
Apr 24 02:59:01 uscentral434 cpmigrate[13179]: [migrate 174.120.146.106 sabinepa] restoring sabinepa from /home/cpmigrate/cpmove-sabinepa.tar.gz
Apr 24 03:02:20 uscentral434 cpmigrate[13179]: [migrate 174.120.146.106 sabinepa] starting rsync of 174.120.146.106:/home/sabinepa to /home/sabinepa
Apr 24 03:02:23 uscentral434 cpmigrate[6896]: [migrate 174.120.146.106 s5purush] starting rsync of 174.120.146.106:/home/s5purush to /home/s5purush
Apr 24 03:02:25 uscentral434 cpmigrate[6896]: [migrate 174.120.146.106 s5purush] completed rsync of 174.120.146.106:/home/s5purush to /home/s5purush
Apr 24 03:02:25 uscentral434 cpmigrate[6896]: [migrate 174.120.146.106 s5purush] converted s5purush mailboxes to local mailserver dovecot
Apr 24 03:02:25 uscentral434 cpmigrate[6896]: [migrate 174.120.146.106 s5purush] fixing permissions under /home/s5purush
Apr 24 03:02:25 uscentral434 cpmigrate[6896]: [migrate 174.120.146.106 s5purush] changed shell to /usr/local/cpanel/bin/jailshell for s5purush
Apr 24 03:02:25 uscentral434 cpmigrate[6896]: [migrate 174.120.146.106 s5purush] completed restore for s5purush from 174.120.146.106
Apr 24 03:02:25 uscentral434 cpmigrate[6896]: [migrate 174.120.146.106 sabinepa] warning: found sabinepa in runtime list, handled by another instance, skipping!
Apr 24 03:02:25 uscentral434 cpmigrate[6896]: [migrate 174.120.146.106 safehave] packaging user safehave on 174.120.146.106
Apr 24 03:02:32 uscentral434 cpmigrate[13179]: [migrate 174.120.146.106 sabinepa] completed rsync of 174.120.146.106:/home/sabinepa to /home/sabinepa
Apr 24 03:02:32 uscentral434 cpmigrate[13179]: [migrate 174.120.146.106 sabinepa] converted sabinepa mailboxes to local mailserver dovecot
Apr 24 03:02:32 uscentral434 cpmigrate[13179]: [migrate 174.120.146.106 sabinepa] fixing permissions under /home/sabinepa
Apr 24 03:02:33 uscentral434 cpmigrate[13179]: [migrate 174.120.146.106 sabinepa] changed shell to /usr/local/cpanel/bin/jailshell for sabinepa
Apr 24 03:02:33 uscentral434 cpmigrate[13179]: [migrate 174.120.146.106 sabinepa] completed restore for sabinepa from 174.120.146.106
Apr 24 03:02:33 uscentral434 cpmigrate[13179]: [migrate 174.120.146.106 safehave] warning: found safehave in runtime list, handled by another instance, skipping!
Apr 24 03:02:33 uscentral434 cpmigrate[13179]: [migrate 174.120.146.106 sagimx] packaging user sagimx on 174.120.146.106
Apr 24 03:02:36 uscentral434 cpmigrate[5289]: [migrate 174.120.146.122 flycrcom] starting rsync of 174.120.146.122:/home/flycrcom to /home/flycrcom
Apr 24 03:02:39 uscentral434 cpmigrate[6896]: [migrate 174.120.146.106 safehave] copying cpmove-safehave.tar.gz from 174.120.146.106 to local
Apr 24 03:02:40 uscentral434 cpmigrate[6896]: [migrate 174.120.146.106 safehave] restoring safehave from /home/cpmigrate/cpmove-safehave.tar.gz
Apr 24 03:02:41 uscentral434 cpmigrate[13179]: [migrate 174.120.146.106 sagimx] copying cpmove-sagimx.tar.gz from 174.120.146.106 to local
Apr 24 03:02:41 uscentral434 cpmigrate[13179]: [migrate 174.120.146.106 sagimx] restoring sagimx from /home/cpmigrate/cpmove-sagimx.tar.gz
Apr 24 03:02:50 uscentral434 cpmigrate[5289]: [migrate 174.120.146.122 flycrcom] completed rsync of 174.120.146.122:/home/flycrcom to /home/flycrcom
Apr 24 03:02:50 uscentral434 cpmigrate[5289]: [migrate 174.120.146.122 flycrcom] converted flycrcom mailboxes to local mailserver dovecot
Apr 24 03:02:50 uscentral434 cpmigrate[5289]: [migrate 174.120.146.122 flycrcom] fixing permissions under /home/flycrcom
Apr 24 03:02:51 uscentral434 cpmigrate[5289]: [migrate 174.120.146.122 flycrcom] changed shell to /usr/local/cpanel/bin/jailshell for flycrcom
Apr 24 03:02:51 uscentral434 cpmigrate[5289]: [migrate 174.120.146.122 flycrcom] completed restore for flycrcom from 174.120.146.122
Apr 24 03:02:51 uscentral434 cpmigrate[5289]: [migrate 174.120.146.122 foodieco] warning: found foodieco in runtime list, handled by another instance, skipping!
Apr 24 03:02:51 uscentral434 cpmigrate[5289]: [migrate 174.120.146.122 foodme] packaging user foodme on 174.120.146.122
Apr 24 03:05:51 uscentral434 cpmigrate[6896]: [migrate 174.120.146.106 safehave] starting rsync of 174.120.146.106:/home/safehave to /home/safehave
Apr 24 03:05:57 uscentral434 cpmigrate[6896]: [migrate 174.120.146.106 safehave] completed rsync of 174.120.146.106:/home/safehave to /home/safehave
Apr 24 03:05:57 uscentral434 cpmigrate[6896]: [migrate 174.120.146.106 safehave] converted safehave mailboxes to local mailserver dovecot
Apr 24 03:05:57 uscentral434 cpmigrate[6896]: [migrate 174.120.146.106 safehave] fixing permissions under /home/safehave
Apr 24 03:05:57 uscentral434 cpmigrate[6896]: [migrate 174.120.146.106 safehave] changed shell to /usr/local/cpanel/bin/jailshell for safehave
Apr 24 03:05:57 uscentral434 cpmigrate[6896]: [migrate 174.120.146.106 safehave] completed restore for safehave from 174.120.146.106
Apr 24 03:05:57 uscentral434 cpmigrate[6896]: [migrate 174.120.146.106 sagimx] warning: found sagimx in runtime list, handled by another instance, skipping!
Apr 24 03:05:57 uscentral434 cpmigrate[6896]: [migrate 174.120.146.106 saintste] packaging user saintste on 174.120.146.106
Apr 24 03:05:58 uscentral434 cpmigrate[13179]: [migrate 174.120.146.106 sagimx] starting rsync of 174.120.146.106:/home/sagimx to /home/sagimx
Apr 24 03:06:03 uscentral434 cpmigrate[13179]: [migrate 174.120.146.106 sagimx] completed rsync of 174.120.146.106:/home/sagimx to /home/sagimx
Apr 24 03:06:03 uscentral434 cpmigrate[13179]: [migrate 174.120.146.106 sagimx] converted sagimx mailboxes to local mailserver dovecot
Apr 24 03:06:03 uscentral434 cpmigrate[13179]: [migrate 174.120.146.106 sagimx] fixing permissions under /home/sagimx
Apr 24 03:06:03 uscentral434 cpmigrate[13179]: [migrate 174.120.146.106 sagimx] changed shell to /usr/local/cpanel/bin/jailshell for sagimx
Apr 24 03:06:03 uscentral434 cpmigrate[13179]: [migrate 174.120.146.106 sagimx] completed restore for sagimx from 174.120.146.106
Apr 24 03:06:03 uscentral434 cpmigrate[13179]: [migrate 174.120.146.106 saintste] warning: found saintste in runtime list, handled by another instance, skipping!
Apr 24 03:06:03 uscentral434 cpmigrate[13179]: [migrate 174.120.146.106 samiejan] packaging user samiejan on 174.120.146.106
Apr 24 03:06:10 uscentral434 cpmigrate[13179]: [migrate 174.120.146.106 samiejan] copying cpmove-samiejan.tar.gz from 174.120.146.106 to local
Apr 24 03:06:11 uscentral434 cpmigrate[13179]: [migrate 174.120.146.106 samiejan] restoring samiejan from /home/cpmigrate/cpmove-samiejan.tar.gz
Apr 24 03:06:55 uscentral434 cpmigrate[6896]: [migrate 174.120.146.106 saintste] copying cpmove-saintste.tar.gz from 174.120.146.106 to local
Apr 24 03:06:56 uscentral434 cpmigrate[6896]: [migrate 174.120.146.106 saintste] restoring saintste from /home/cpmigrate/cpmove-saintste.tar.gz
Apr 24 03:09:03 uscentral434 cpmigrate[8133]: [migrate 174.120.146.122 foodieco] completed rsync of 174.120.146.122:/home/foodieco to /home/foodieco
Apr 24 03:09:03 uscentral434 cpmigrate[8133]: [migrate 174.120.146.122 foodieco] converted foodieco mailboxes to local mailserver dovecot
Apr 24 03:09:03 uscentral434 cpmigrate[8133]: [migrate 174.120.146.122 foodieco] fixing permissions under /home/foodieco
Apr 24 03:09:03 uscentral434 cpmigrate[8133]: [migrate 174.120.146.122 foodieco] changed shell to /usr/local/cpanel/bin/jailshell for foodieco
Apr 24 03:09:03 uscentral434 cpmigrate[8133]: [migrate 174.120.146.122 foodieco] completed restore for foodieco from 174.120.146.122
Apr 24 03:09:03 uscentral434 cpmigrate[8133]: [migrate 174.120.146.122 foodme] warning: found foodme in runtime list, handled by another instance, skipping!
Apr 24 03:09:03 uscentral434 cpmigrate[8133]: [migrate 174.120.146.122 formaser] packaging user formaser on 174.120.146.122
Apr 24 03:09:31 uscentral434 cpmigrate[13179]: [migrate 174.120.146.106 samiejan] starting rsync of 174.120.146.106:/home/samiejan to /home/samiejan
Apr 24 03:09:34 uscentral434 cpmigrate[13179]: [migrate 174.120.146.106 samiejan] completed rsync of 174.120.146.106:/home/samiejan to /home/samiejan
Apr 24 03:09:34 uscentral434 cpmigrate[13179]: [migrate 174.120.146.106 samiejan] converted samiejan mailboxes to local mailserver dovecot
Apr 24 03:09:34 uscentral434 cpmigrate[13179]: [migrate 174.120.146.106 samiejan] fixing permissions under /home/samiejan
Apr 24 03:09:35 uscentral434 cpmigrate[13179]: [migrate 174.120.146.106 samiejan] changed shell to /usr/local/cpanel/bin/jailshell for samiejan
Apr 24 03:09:35 uscentral434 cpmigrate[13179]: [migrate 174.120.146.106 samiejan] completed restore for samiejan from 174.120.146.106
Apr 24 03:09:35 uscentral434 cpmigrate[13179]: [migrate 174.120.146.106 sandecco] packaging user sandecco on 174.120.146.106
Apr 24 03:09:41 uscentral434 cpmigrate[13179]: [migrate 174.120.146.106 sandecco] copying cpmove-sandecco.tar.gz from 174.120.146.106 to local
Apr 24 03:09:42 uscentral434 cpmigrate[13179]: [migrate 174.120.146.106 sandecco] restoring sandecco from /home/cpmigrate/cpmove-sandecco.tar.gz
Apr 24 03:10:30 uscentral434 cpmigrate[6896]: [migrate 174.120.146.106 saintste] starting rsync of 174.120.146.106:/home/saintste to /home/saintste
Apr 24 03:11:04 uscentral434 cpmigrate[5289]: [migrate 174.120.146.122 foodme] copying cpmove-foodme.tar.gz from 174.120.146.122 to local
Apr 24 03:11:04 uscentral434 cpmigrate[5289]: [migrate 174.120.146.122 foodme] restoring foodme from /home/cpmigrate/cpmove-foodme.tar.gz
Apr 24 03:11:05 uscentral434 cpmigrate[8133]: [migrate 174.120.146.122 formaser] copying cpmove-formaser.tar.gz from 174.120.146.122 to local
Apr 24 03:11:05 uscentral434 cpmigrate[8133]: [migrate 174.120.146.122 formaser] restoring formaser from /home/cpmigrate/cpmove-formaser.tar.gz
Apr 24 03:12:53 uscentral434 cpmigrate[13179]: [migrate 174.120.146.106 sandecco] starting rsync of 174.120.146.106:/home/sandecco to /home/sandecco
Apr 24 03:14:00 uscentral434 cpmigrate[8133]: [migrate 174.120.146.122 formaser] starting rsync of 174.120.146.122:/home/formaser to /home/formaser
Apr 24 03:14:07 uscentral434 cpmigrate[8133]: [migrate 174.120.146.122 formaser] completed rsync of 174.120.146.122:/home/formaser to /home/formaser
Apr 24 03:14:07 uscentral434 cpmigrate[8133]: [migrate 174.120.146.122 formaser] converted formaser mailboxes to local mailserver dovecot
Apr 24 03:14:07 uscentral434 cpmigrate[8133]: [migrate 174.120.146.122 formaser] fixing permissions under /home/formaser
Apr 24 03:14:07 uscentral434 cpmigrate[8133]: [migrate 174.120.146.122 formaser] changed shell to /usr/local/cpanel/bin/jailshell for formaser
Apr 24 03:14:07 uscentral434 cpmigrate[8133]: [migrate 174.120.146.122 formaser] completed restore for formaser from 174.120.146.122
Apr 24 03:14:07 uscentral434 cpmigrate[8133]: [migrate 174.120.146.122 formatio] packaging user formatio on 174.120.146.122
Apr 24 03:14:09 uscentral434 cpmigrate[6896]: [migrate 174.120.146.106 saintste] completed rsync of 174.120.146.106:/home/saintste to /home/saintste
Apr 24 03:14:09 uscentral434 cpmigrate[6896]: [migrate 174.120.146.106 saintste] converted saintste mailboxes to local mailserver dovecot
Apr 24 03:14:09 uscentral434 cpmigrate[6896]: [migrate 174.120.146.106 saintste] fixing permissions under /home/saintste
Apr 24 03:14:09 uscentral434 cpmigrate[5289]: [migrate 174.120.146.122 foodme] starting rsync of 174.120.146.122:/home/foodme to /home/foodme
Apr 24 03:14:10 uscentral434 cpmigrate[6896]: [migrate 174.120.146.106 saintste] changed shell to /usr/local/cpanel/bin/jailshell for saintste
Apr 24 03:14:10 uscentral434 cpmigrate[6896]: [migrate 174.120.146.106 saintste] completed restore for saintste from 174.120.146.106
Apr 24 03:14:10 uscentral434 cpmigrate[6896]: [migrate 174.120.146.106 samiejan] warning: found samiejan in runtime list, handled by another instance, skipping!
Apr 24 03:14:10 uscentral434 cpmigrate[6896]: [migrate 174.120.146.106 sandecco] warning: found sandecco in runtime list, handled by another instance, skipping!
Apr 24 03:14:10 uscentral434 cpmigrate[6896]: [migrate 174.120.146.106 sandraca] packaging user sandraca on 174.120.146.106
Apr 24 03:14:24 uscentral434 cpmigrate[6896]: [migrate 174.120.146.106 sandraca] copying cpmove-sandraca.tar.gz from 174.120.146.106 to local
Apr 24 03:14:24 uscentral434 cpmigrate[6896]: [migrate 174.120.146.106 sandraca] restoring sandraca from /home/cpmigrate/cpmove-sandraca.tar.gz
Apr 24 03:16:30 uscentral434 cpmigrate[5289]: [migrate 174.120.146.122 foodme] completed rsync of 174.120.146.122:/home/foodme to /home/foodme
Apr 24 03:16:30 uscentral434 cpmigrate[5289]: [migrate 174.120.146.122 foodme] converted foodme mailboxes to local mailserver dovecot
Apr 24 03:16:30 uscentral434 cpmigrate[5289]: [migrate 174.120.146.122 foodme] fixing permissions under /home/foodme
Apr 24 03:16:30 uscentral434 cpmigrate[5289]: [migrate 174.120.146.122 foodme] changed shell to /usr/local/cpanel/bin/jailshell for foodme
Apr 24 03:16:31 uscentral434 cpmigrate[5289]: [migrate 174.120.146.122 foodme] completed restore for foodme from 174.120.146.122
Apr 24 03:16:31 uscentral434 cpmigrate[5289]: [migrate 174.120.146.122 formaser] warning: found formaser in runtime list, handled by another instance, skipping!
Apr 24 03:16:31 uscentral434 cpmigrate[5289]: [migrate 174.120.146.122 formatio] warning: found formatio in runtime list, handled by another instance, skipping!
Apr 24 03:16:31 uscentral434 cpmigrate[5289]: [migrate 174.120.146.122 forrentp] packaging user forrentp on 174.120.146.122
