Apr 23 22:45:24 uscentral434 cpmigrate[6896]: [migrate 174.120.146.106 qoonas] converted qoonas mailboxes to local mailserver dovecot
Apr 23 22:45:24 uscentral434 cpmigrate[6896]: [migrate 174.120.146.106 qoonas] fixing permissions under /home/qoonas
Apr 23 22:45:24 uscentral434 cpmigrate[6896]: [migrate 174.120.146.106 qoonas] changed shell to /usr/local/cpanel/bin/jailshell for qoonas
Apr 23 22:45:24 uscentral434 cpmigrate[6896]: [migrate 174.120.146.106 qoonas] completed restore for qoonas from 174.120.146.106
Apr 23 22:45:24 uscentral434 cpmigrate[6896]: [migrate 174.120.146.106 quantumx] warning: found quantumx in runtime list, handled by another instance, skipping!
Apr 23 22:45:24 uscentral434 cpmigrate[6896]: [migrate 174.120.146.106 qubittoo] warning: found qubittoo in runtime list, handled by another instance, skipping!
Apr 23 22:45:24 uscentral434 cpmigrate[6896]: [migrate 174.120.146.106 queensva] packaging user queensva on 174.120.146.106
Apr 23 22:45:39 uscentral434 cpmigrate[6896]: [migrate 174.120.146.106 queensva] copying cpmove-queensva.tar.gz from 174.120.146.106 to local
Apr 23 22:45:40 uscentral434 cpmigrate[6896]: [migrate 174.120.146.106 queensva] restoring queensva from /home/cpmigrate/cpmove-queensva.tar.gz
Apr 23 22:46:50 uscentral434 cpmigrate[13179]: [migrate 174.120.146.106 pukime] completed rsync of 174.120.146.106:/home/pukime to /home/pukime
Apr 23 22:46:50 uscentral434 cpmigrate[13179]: [migrate 174.120.146.106 pukime] converted pukime mailboxes to local mailserver dovecot
Apr 23 22:46:50 uscentral434 cpmigrate[13179]: [migrate 174.120.146.106 pukime] fixing permissions under /home/pukime
Apr 23 22:46:52 uscentral434 cpmigrate[13179]: [migrate 174.120.146.106 pukime] changed shell to /usr/local/cpanel/bin/jailshell for pukime
Apr 23 22:46:52 uscentral434 cpmigrate[13179]: [migrate 174.120.146.106 pukime] completed restore for pukime from 174.120.146.106
Apr 23 22:46:52 uscentral434 cpmigrate[13179]: [migrate 174.120.146.106 pureatom] warning: found pureatom in runtime list, handled by another instance, skipping!
Apr 23 22:46:52 uscentral434 cpmigrate[13179]: [migrate 174.120.146.106 purobusi] warning: found purobusi in runtime list, handled by another instance, skipping!
Apr 23 22:46:52 uscentral434 cpmigrate[13179]: [migrate 174.120.146.106 pvkassoc] warning: found pvkassoc in runtime list, handled by another instance, skipping!
Apr 23 22:46:52 uscentral434 cpmigrate[13179]: [migrate 174.120.146.106 pwrwines] warning: found pwrwines in runtime list, handled by another instance, skipping!
Apr 23 22:46:52 uscentral434 cpmigrate[13179]: [migrate 174.120.146.106 qctelugu] warning: found qctelugu in runtime list, handled by another instance, skipping!
Apr 23 22:46:52 uscentral434 cpmigrate[13179]: [migrate 174.120.146.106 qisystem] warning: found qisystem in runtime list, handled by another instance, skipping!
Apr 23 22:46:52 uscentral434 cpmigrate[13179]: [migrate 174.120.146.106 qoonas] warning: found qoonas in runtime list, handled by another instance, skipping!
Apr 23 22:46:52 uscentral434 cpmigrate[13179]: [migrate 174.120.146.106 quantumx] warning: found quantumx in runtime list, handled by another instance, skipping!
Apr 23 22:46:52 uscentral434 cpmigrate[13179]: [migrate 174.120.146.106 qubittoo] warning: found qubittoo in runtime list, handled by another instance, skipping!
Apr 23 22:46:52 uscentral434 cpmigrate[13179]: [migrate 174.120.146.106 queensva] warning: found queensva in runtime list, handled by another instance, skipping!
Apr 23 22:46:52 uscentral434 cpmigrate[13179]: [migrate 174.120.146.106 quicctor] packaging user quicctor on 174.120.146.106
Apr 23 22:47:06 uscentral434 cpmigrate[28408]: [migrate 174.120.146.106 qubittoo] starting rsync of 174.120.146.106:/home/qubittoo to /home/qubittoo
Apr 23 22:47:18 uscentral434 cpmigrate[28408]: [migrate 174.120.146.106 qubittoo] completed rsync of 174.120.146.106:/home/qubittoo to /home/qubittoo
Apr 23 22:47:18 uscentral434 cpmigrate[28408]: [migrate 174.120.146.106 qubittoo] converted qubittoo mailboxes to local mailserver dovecot
Apr 23 22:47:19 uscentral434 cpmigrate[28408]: [migrate 174.120.146.106 qubittoo] fixing permissions under /home/qubittoo
Apr 23 22:47:19 uscentral434 cpmigrate[28408]: [migrate 174.120.146.106 qubittoo] changed shell to /usr/local/cpanel/bin/jailshell for qubittoo
Apr 23 22:47:19 uscentral434 cpmigrate[28408]: [migrate 174.120.146.106 qubittoo] completed restore for qubittoo from 174.120.146.106
Apr 23 22:47:19 uscentral434 cpmigrate[28408]: [migrate 174.120.146.106 queensva] warning: found queensva in runtime list, handled by another instance, skipping!
Apr 23 22:47:19 uscentral434 cpmigrate[28408]: [migrate 174.120.146.106 quicctor] warning: found quicctor in runtime list, handled by another instance, skipping!
Apr 23 22:47:19 uscentral434 cpmigrate[28408]: [migrate 174.120.146.106 qwenchpu] packaging user qwenchpu on 174.120.146.106
Apr 23 22:47:23 uscentral434 cpmigrate[5289]: [migrate 174.120.146.122 confined] starting rsync of 174.120.146.122:/home/confined to /home/confined
Apr 23 22:47:24 uscentral434 cpmigrate[28408]: [migrate 174.120.146.106 qwenchpu] copying cpmove-qwenchpu.tar.gz from 174.120.146.106 to local
Apr 23 22:47:25 uscentral434 cpmigrate[28408]: [migrate 174.120.146.106 qwenchpu] restoring qwenchpu from /home/cpmigrate/cpmove-qwenchpu.tar.gz
Apr 23 22:47:25 uscentral434 cpmigrate[13179]: [migrate 174.120.146.106 quicctor] copying cpmove-quicctor.tar.gz from 174.120.146.106 to local
Apr 23 22:47:26 uscentral434 cpmigrate[5289]: [migrate 174.120.146.122 confined] completed rsync of 174.120.146.122:/home/confined to /home/confined
Apr 23 22:47:26 uscentral434 cpmigrate[5289]: [migrate 174.120.146.122 confined] converted confined mailboxes to local mailserver dovecot
Apr 23 22:47:26 uscentral434 cpmigrate[5289]: [migrate 174.120.146.122 confined] fixing permissions under /home/confined
Apr 23 22:47:26 uscentral434 cpmigrate[13179]: [migrate 174.120.146.106 quicctor] restoring quicctor from /home/cpmigrate/cpmove-quicctor.tar.gz
Apr 23 22:47:26 uscentral434 cpmigrate[5289]: [migrate 174.120.146.122 confined] changed shell to /usr/local/cpanel/bin/jailshell for confined
Apr 23 22:47:26 uscentral434 cpmigrate[5289]: [migrate 174.120.146.122 confined] completed restore for confined from 174.120.146.122
Apr 23 22:47:26 uscentral434 cpmigrate[5289]: [migrate 174.120.146.122 conocer] warning: found conocer in runtime list, handled by another instance, skipping!
Apr 23 22:47:26 uscentral434 cpmigrate[5289]: [migrate 174.120.146.122 contrast] warning: found contrast in runtime list, handled by another instance, skipping!
Apr 23 22:47:26 uscentral434 cpmigrate[5289]: [migrate 174.120.146.122 coolestc] packaging user coolestc on 174.120.146.122
Apr 23 22:47:32 uscentral434 cpmigrate[5289]: [migrate 174.120.146.122 coolestc] copying cpmove-coolestc.tar.gz from 174.120.146.122 to local
Apr 23 22:47:32 uscentral434 cpmigrate[5289]: [migrate 174.120.146.122 coolestc] restoring coolestc from /home/cpmigrate/cpmove-coolestc.tar.gz
Apr 23 22:48:09 uscentral434 cpmigrate[4884]: [migrate 174.120.146.122 conocer] starting rsync of 174.120.146.122:/home/conocer to /home/conocer
Apr 23 22:48:11 uscentral434 cpmigrate[4884]: [migrate 174.120.146.122 conocer] completed rsync of 174.120.146.122:/home/conocer to /home/conocer
Apr 23 22:48:11 uscentral434 cpmigrate[4884]: [migrate 174.120.146.122 conocer] converted conocer mailboxes to local mailserver dovecot
Apr 23 22:48:11 uscentral434 cpmigrate[4884]: [migrate 174.120.146.122 conocer] fixing permissions under /home/conocer
Apr 23 22:48:11 uscentral434 cpmigrate[4884]: [migrate 174.120.146.122 conocer] changed shell to /usr/local/cpanel/bin/jailshell for conocer
Apr 23 22:48:11 uscentral434 cpmigrate[4884]: [migrate 174.120.146.122 conocer] completed restore for conocer from 174.120.146.122
Apr 23 22:48:11 uscentral434 cpmigrate[4884]: [migrate 174.120.146.122 contrast] warning: found contrast in runtime list, handled by another instance, skipping!
Apr 23 22:48:11 uscentral434 cpmigrate[4884]: [migrate 174.120.146.122 coolestc] warning: found coolestc in runtime list, handled by another instance, skipping!
Apr 23 22:48:11 uscentral434 cpmigrate[4884]: [migrate 174.120.146.122 cordille] packaging user cordille on 174.120.146.122
Apr 23 22:48:15 uscentral434 cpmigrate[4884]: [migrate 174.120.146.122 cordille] copying cpmove-cordille.tar.gz from 174.120.146.122 to local
Apr 23 22:48:15 uscentral434 cpmigrate[4884]: [migrate 174.120.146.122 cordille] restoring cordille from /home/cpmigrate/cpmove-cordille.tar.gz
Apr 23 22:48:42 uscentral434 cpmigrate[8133]: [migrate 174.120.146.122 contrast] starting rsync of 174.120.146.122:/home/contrast to /home/contrast
Apr 23 22:48:53 uscentral434 cpmigrate[8133]: [migrate 174.120.146.122 contrast] completed rsync of 174.120.146.122:/home/contrast to /home/contrast
Apr 23 22:48:53 uscentral434 cpmigrate[8133]: [migrate 174.120.146.122 contrast] converted contrast mailboxes to local mailserver dovecot
Apr 23 22:48:53 uscentral434 cpmigrate[8133]: [migrate 174.120.146.122 contrast] fixing permissions under /home/contrast
Apr 23 22:48:53 uscentral434 cpmigrate[8133]: [migrate 174.120.146.122 contrast] changed shell to /usr/local/cpanel/bin/jailshell for contrast
Apr 23 22:48:54 uscentral434 cpmigrate[8133]: [migrate 174.120.146.122 contrast] completed restore for contrast from 174.120.146.122
Apr 23 22:48:54 uscentral434 cpmigrate[8133]: [migrate 174.120.146.122 coolestc] warning: found coolestc in runtime list, handled by another instance, skipping!
Apr 23 22:48:54 uscentral434 cpmigrate[8133]: [migrate 174.120.146.122 cordille] warning: found cordille in runtime list, handled by another instance, skipping!
Apr 23 22:48:54 uscentral434 cpmigrate[8133]: [migrate 174.120.146.122 costari] packaging user costari on 174.120.146.122
Apr 23 22:48:57 uscentral434 cpmigrate[8133]: [migrate 174.120.146.122 costari] copying cpmove-costari.tar.gz from 174.120.146.122 to local
Apr 23 22:48:57 uscentral434 cpmigrate[8133]: [migrate 174.120.146.122 costari] restoring costari from /home/cpmigrate/cpmove-costari.tar.gz
Apr 23 22:50:03 uscentral434 cpmigrate[6896]: [migrate 174.120.146.106 queensva] starting rsync of 174.120.146.106:/home/queensva to /home/queensva
Apr 23 22:50:28 uscentral434 cpmigrate[6896]: [migrate 174.120.146.106 queensva] completed rsync of 174.120.146.106:/home/queensva to /home/queensva
Apr 23 22:50:28 uscentral434 cpmigrate[6896]: [migrate 174.120.146.106 queensva] converted queensva mailboxes to local mailserver dovecot
Apr 23 22:50:28 uscentral434 cpmigrate[6896]: [migrate 174.120.146.106 queensva] fixing permissions under /home/queensva
Apr 23 22:50:28 uscentral434 cpmigrate[6896]: [migrate 174.120.146.106 queensva] changed shell to /usr/local/cpanel/bin/jailshell for queensva
Apr 23 22:50:28 uscentral434 cpmigrate[6896]: [migrate 174.120.146.106 queensva] completed restore for queensva from 174.120.146.106
Apr 23 22:50:28 uscentral434 cpmigrate[6896]: [migrate 174.120.146.106 quicctor] warning: found quicctor in runtime list, handled by another instance, skipping!
Apr 23 22:50:28 uscentral434 cpmigrate[6896]: [migrate 174.120.146.106 qwenchpu] warning: found qwenchpu in runtime list, handled by another instance, skipping!
Apr 23 22:50:28 uscentral434 cpmigrate[6896]: [migrate 174.120.146.106 rabecaco] packaging user rabecaco on 174.120.146.106
Apr 23 22:50:34 uscentral434 cpmigrate[6896]: [migrate 174.120.146.106 rabecaco] copying cpmove-rabecaco.tar.gz from 174.120.146.106 to local
Apr 23 22:50:35 uscentral434 cpmigrate[6896]: [migrate 174.120.146.106 rabecaco] restoring rabecaco from /home/cpmigrate/cpmove-rabecaco.tar.gz
Apr 23 22:51:12 uscentral434 cpmigrate[28408]: [migrate 174.120.146.106 qwenchpu] starting rsync of 174.120.146.106:/home/qwenchpu to /home/qwenchpu
Apr 23 22:51:21 uscentral434 cpmigrate[28408]: [migrate 174.120.146.106 qwenchpu] completed rsync of 174.120.146.106:/home/qwenchpu to /home/qwenchpu
Apr 23 22:51:21 uscentral434 cpmigrate[28408]: [migrate 174.120.146.106 qwenchpu] converted qwenchpu mailboxes to local mailserver dovecot
Apr 23 22:51:21 uscentral434 cpmigrate[28408]: [migrate 174.120.146.106 qwenchpu] fixing permissions under /home/qwenchpu
Apr 23 22:51:21 uscentral434 cpmigrate[28408]: [migrate 174.120.146.106 qwenchpu] changed shell to /usr/local/cpanel/bin/jailshell for qwenchpu
Apr 23 22:51:21 uscentral434 cpmigrate[28408]: [migrate 174.120.146.106 qwenchpu] completed restore for qwenchpu from 174.120.146.106
Apr 23 22:51:21 uscentral434 cpmigrate[28408]: [migrate 174.120.146.106 rabecaco] warning: found rabecaco in runtime list, handled by another instance, skipping!
Apr 23 22:51:21 uscentral434 cpmigrate[28408]: [migrate 174.120.146.106 racingla] packaging user racingla on 174.120.146.106
Apr 23 22:51:27 uscentral434 cpmigrate[28408]: [migrate 174.120.146.106 racingla] copying cpmove-racingla.tar.gz from 174.120.146.106 to local
Apr 23 22:51:27 uscentral434 cpmigrate[28408]: [migrate 174.120.146.106 racingla] restoring racingla from /home/cpmigrate/cpmove-racingla.tar.gz
Apr 23 22:51:30 uscentral434 cpmigrate[4884]: [migrate 174.120.146.122 cordille] starting rsync of 174.120.146.122:/home/cordille to /home/cordille
Apr 23 22:51:53 uscentral434 cpmigrate[4884]: [migrate 174.120.146.122 cordille] completed rsync of 174.120.146.122:/home/cordille to /home/cordille
Apr 23 22:51:53 uscentral434 cpmigrate[4884]: [migrate 174.120.146.122 cordille] converted cordille mailboxes to local mailserver dovecot
Apr 23 22:51:53 uscentral434 cpmigrate[4884]: [migrate 174.120.146.122 cordille] fixing permissions under /home/cordille
Apr 23 22:51:54 uscentral434 cpmigrate[4884]: [migrate 174.120.146.122 cordille] changed shell to /usr/local/cpanel/bin/jailshell for cordille
Apr 23 22:51:54 uscentral434 cpmigrate[4884]: [migrate 174.120.146.122 cordille] completed restore for cordille from 174.120.146.122
Apr 23 22:51:54 uscentral434 cpmigrate[4884]: [migrate 174.120.146.122 costari] warning: found costari in runtime list, handled by another instance, skipping!
Apr 23 22:51:54 uscentral434 cpmigrate[4884]: [migrate 174.120.146.122 councilt] packaging user councilt on 174.120.146.122
Apr 23 22:52:03 uscentral434 cpmigrate[4884]: [migrate 174.120.146.122 councilt] copying cpmove-councilt.tar.gz from 174.120.146.122 to local
Apr 23 22:52:03 uscentral434 cpmigrate[4884]: [migrate 174.120.146.122 councilt] restoring councilt from /home/cpmigrate/cpmove-councilt.tar.gz
Apr 23 22:52:49 uscentral434 cpmigrate[5289]: [migrate 174.120.146.122 coolestc] starting rsync of 174.120.146.122:/home/coolestc to /home/coolestc
Apr 23 22:53:20 uscentral434 cpmigrate[8133]: [migrate 174.120.146.122 costari] starting rsync of 174.120.146.122:/home/costari to /home/costari
Apr 23 22:53:21 uscentral434 cpmigrate[5289]: [migrate 174.120.146.122 coolestc] completed rsync of 174.120.146.122:/home/coolestc to /home/coolestc
Apr 23 22:53:21 uscentral434 cpmigrate[5289]: [migrate 174.120.146.122 coolestc] converted coolestc mailboxes to local mailserver dovecot
Apr 23 22:53:21 uscentral434 cpmigrate[8133]: [migrate 174.120.146.122 costari] completed rsync of 174.120.146.122:/home/costari to /home/costari
Apr 23 22:53:21 uscentral434 cpmigrate[5289]: [migrate 174.120.146.122 coolestc] fixing permissions under /home/coolestc
Apr 23 22:53:21 uscentral434 cpmigrate[8133]: [migrate 174.120.146.122 costari] converted costari mailboxes to local mailserver dovecot
Apr 23 22:53:21 uscentral434 cpmigrate[8133]: [migrate 174.120.146.122 costari] fixing permissions under /home/costari
Apr 23 22:53:22 uscentral434 cpmigrate[5289]: [migrate 174.120.146.122 coolestc] changed shell to /usr/local/cpanel/bin/jailshell for coolestc
Apr 23 22:53:22 uscentral434 cpmigrate[5289]: [migrate 174.120.146.122 coolestc] completed restore for coolestc from 174.120.146.122
Apr 23 22:53:22 uscentral434 cpmigrate[8133]: [migrate 174.120.146.122 costari] changed shell to /usr/local/cpanel/bin/jailshell for costari
Apr 23 22:53:22 uscentral434 cpmigrate[5289]: [migrate 174.120.146.122 cordille] warning: found cordille in runtime list, handled by another instance, skipping!
Apr 23 22:53:22 uscentral434 cpmigrate[5289]: [migrate 174.120.146.122 costari] warning: found costari in runtime list, handled by another instance, skipping!
Apr 23 22:53:22 uscentral434 cpmigrate[5289]: [migrate 174.120.146.122 councilt] warning: found councilt in runtime list, handled by another instance, skipping!
Apr 23 22:53:22 uscentral434 cpmigrate[5289]: [migrate 174.120.146.122 countert] packaging user countert on 174.120.146.122
Apr 23 22:53:22 uscentral434 cpmigrate[8133]: [migrate 174.120.146.122 costari] completed restore for costari from 174.120.146.122
Apr 23 22:53:22 uscentral434 cpmigrate[8133]: [migrate 174.120.146.122 councilt] warning: found councilt in runtime list, handled by another instance, skipping!
Apr 23 22:53:22 uscentral434 cpmigrate[8133]: [migrate 174.120.146.122 countert] warning: found countert in runtime list, handled by another instance, skipping!
Apr 23 22:53:22 uscentral434 cpmigrate[8133]: [migrate 174.120.146.122 countryc] packaging user countryc on 174.120.146.122
Apr 23 22:53:40 uscentral434 cpmigrate[8133]: [migrate 174.120.146.122 countryc] copying cpmove-countryc.tar.gz from 174.120.146.122 to local
Apr 23 22:53:40 uscentral434 cpmigrate[8133]: [migrate 174.120.146.122 countryc] restoring countryc from /home/cpmigrate/cpmove-countryc.tar.gz
Apr 23 22:53:41 uscentral434 cpmigrate[6896]: [migrate 174.120.146.106 rabecaco] starting rsync of 174.120.146.106:/home/rabecaco to /home/rabecaco
Apr 23 22:53:41 uscentral434 cpmigrate[5289]: [migrate 174.120.146.122 countert] copying cpmove-countert.tar.gz from 174.120.146.122 to local
Apr 23 22:53:42 uscentral434 cpmigrate[5289]: [migrate 174.120.146.122 countert] restoring countert from /home/cpmigrate/cpmove-countert.tar.gz
Apr 23 22:53:46 uscentral434 cpmigrate[6896]: [migrate 174.120.146.106 rabecaco] completed rsync of 174.120.146.106:/home/rabecaco to /home/rabecaco
Apr 23 22:53:46 uscentral434 cpmigrate[6896]: [migrate 174.120.146.106 rabecaco] converted rabecaco mailboxes to local mailserver dovecot
Apr 23 22:53:46 uscentral434 cpmigrate[6896]: [migrate 174.120.146.106 rabecaco] fixing permissions under /home/rabecaco
Apr 23 22:53:46 uscentral434 cpmigrate[6896]: [migrate 174.120.146.106 rabecaco] changed shell to /usr/local/cpanel/bin/jailshell for rabecaco
Apr 23 22:53:46 uscentral434 cpmigrate[6896]: [migrate 174.120.146.106 rabecaco] completed restore for rabecaco from 174.120.146.106
Apr 23 22:53:46 uscentral434 cpmigrate[6896]: [migrate 174.120.146.106 racingla] warning: found racingla in runtime list, handled by another instance, skipping!
Apr 23 22:53:46 uscentral434 cpmigrate[6896]: [migrate 174.120.146.106 radiodea] packaging user radiodea on 174.120.146.106
Apr 23 22:54:07 uscentral434 cpmigrate[6896]: [migrate 174.120.146.106 radiodea] copying cpmove-radiodea.tar.gz from 174.120.146.106 to local
Apr 23 22:54:07 uscentral434 cpmigrate[6896]: [migrate 174.120.146.106 radiodea] restoring radiodea from /home/cpmigrate/cpmove-radiodea.tar.gz
Apr 23 22:54:54 uscentral434 cpmigrate[28408]: [migrate 174.120.146.106 racingla] starting rsync of 174.120.146.106:/home/racingla to /home/racingla
Apr 23 22:54:57 uscentral434 cpmigrate[28408]: [migrate 174.120.146.106 racingla] completed rsync of 174.120.146.106:/home/racingla to /home/racingla
Apr 23 22:54:57 uscentral434 cpmigrate[28408]: [migrate 174.120.146.106 racingla] converted racingla mailboxes to local mailserver dovecot
Apr 23 22:54:57 uscentral434 cpmigrate[28408]: [migrate 174.120.146.106 racingla] fixing permissions under /home/racingla
Apr 23 22:54:57 uscentral434 cpmigrate[28408]: [migrate 174.120.146.106 racingla] changed shell to /usr/local/cpanel/bin/jailshell for racingla
Apr 23 22:54:57 uscentral434 cpmigrate[28408]: [migrate 174.120.146.106 racingla] completed restore for racingla from 174.120.146.106
Apr 23 22:54:57 uscentral434 cpmigrate[28408]: [migrate 174.120.146.106 radiodea] warning: found radiodea in runtime list, handled by another instance, skipping!
Apr 23 22:54:57 uscentral434 cpmigrate[28408]: [migrate 174.120.146.106 rageappr] packaging user rageappr on 174.120.146.106
Apr 23 22:55:09 uscentral434 cpmigrate[28408]: [migrate 174.120.146.106 rageappr] copying cpmove-rageappr.tar.gz from 174.120.146.106 to local
Apr 23 22:55:09 uscentral434 cpmigrate[28408]: [migrate 174.120.146.106 rageappr] restoring rageappr from /home/cpmigrate/cpmove-rageappr.tar.gz
Apr 23 22:57:00 uscentral434 cpmigrate[8133]: [migrate 174.120.146.122 countryc] starting rsync of 174.120.146.122:/home/countryc to /home/countryc
Apr 23 22:57:06 uscentral434 cpmigrate[5289]: [migrate 174.120.146.122 countert] starting rsync of 174.120.146.122:/home/countert to /home/countert
Apr 23 22:57:15 uscentral434 cpmigrate[6896]: [migrate 174.120.146.106 radiodea] starting rsync of 174.120.146.106:/home/radiodea to /home/radiodea
Apr 23 22:57:17 uscentral434 cpmigrate[6896]: [migrate 174.120.146.106 radiodea] completed rsync of 174.120.146.106:/home/radiodea to /home/radiodea
Apr 23 22:57:17 uscentral434 cpmigrate[6896]: [migrate 174.120.146.106 radiodea] converted radiodea mailboxes to local mailserver dovecot
Apr 23 22:57:17 uscentral434 cpmigrate[6896]: [migrate 174.120.146.106 radiodea] fixing permissions under /home/radiodea
Apr 23 22:57:17 uscentral434 cpmigrate[6896]: [migrate 174.120.146.106 radiodea] changed shell to /usr/local/cpanel/bin/jailshell for radiodea
Apr 23 22:57:17 uscentral434 cpmigrate[6896]: [migrate 174.120.146.106 radiodea] completed restore for radiodea from 174.120.146.106
Apr 23 22:57:17 uscentral434 cpmigrate[6896]: [migrate 174.120.146.106 rageappr] warning: found rageappr in runtime list, handled by another instance, skipping!
Apr 23 22:57:17 uscentral434 cpmigrate[6896]: [migrate 174.120.146.106 raizesbr] packaging user raizesbr on 174.120.146.106
Apr 23 22:57:24 uscentral434 cpmigrate[6896]: [migrate 174.120.146.106 raizesbr] copying cpmove-raizesbr.tar.gz from 174.120.146.106 to local
Apr 23 22:57:24 uscentral434 cpmigrate[6896]: [migrate 174.120.146.106 raizesbr] restoring raizesbr from /home/cpmigrate/cpmove-raizesbr.tar.gz
Apr 23 22:57:25 uscentral434 cpmigrate[8133]: [migrate 174.120.146.122 countryc] completed rsync of 174.120.146.122:/home/countryc to /home/countryc
Apr 23 22:57:25 uscentral434 cpmigrate[8133]: [migrate 174.120.146.122 countryc] converted countryc mailboxes to local mailserver dovecot
Apr 23 22:57:25 uscentral434 cpmigrate[8133]: [migrate 174.120.146.122 countryc] fixing permissions under /home/countryc
Apr 23 22:57:26 uscentral434 cpmigrate[8133]: [migrate 174.120.146.122 countryc] changed shell to /usr/local/cpanel/bin/jailshell for countryc
Apr 23 22:57:26 uscentral434 cpmigrate[8133]: [migrate 174.120.146.122 countryc] completed restore for countryc from 174.120.146.122
Apr 23 22:57:26 uscentral434 cpmigrate[8133]: [migrate 174.120.146.122 crphoto] packaging user crphoto on 174.120.146.122
Apr 23 22:57:32 uscentral434 cpmigrate[8133]: [migrate 174.120.146.122 crphoto] copying cpmove-crphoto.tar.gz from 174.120.146.122 to local
Apr 23 22:57:32 uscentral434 cpmigrate[8133]: [migrate 174.120.146.122 crphoto] restoring crphoto from /home/cpmigrate/cpmove-crphoto.tar.gz
Apr 23 22:57:38 uscentral434 cpmigrate[4884]: [migrate 174.120.146.122 councilt] starting rsync of 174.120.146.122:/home/councilt to /home/councilt
Apr 23 22:57:42 uscentral434 cpmigrate[4884]: [migrate 174.120.146.122 councilt] completed rsync of 174.120.146.122:/home/councilt to /home/councilt
Apr 23 22:57:42 uscentral434 cpmigrate[4884]: [migrate 174.120.146.122 councilt] converted councilt mailboxes to local mailserver dovecot
Apr 23 22:57:42 uscentral434 cpmigrate[4884]: [migrate 174.120.146.122 councilt] fixing permissions under /home/councilt
Apr 23 22:57:42 uscentral434 cpmigrate[4884]: [migrate 174.120.146.122 councilt] changed shell to /usr/local/cpanel/bin/jailshell for councilt
Apr 23 22:57:42 uscentral434 cpmigrate[4884]: [migrate 174.120.146.122 councilt] completed restore for councilt from 174.120.146.122
Apr 23 22:57:42 uscentral434 cpmigrate[4884]: [migrate 174.120.146.122 countert] warning: found countert in runtime list, handled by another instance, skipping!
Apr 23 22:57:42 uscentral434 cpmigrate[4884]: [migrate 174.120.146.122 countryc] warning: found countryc in runtime list, handled by another instance, skipping!
Apr 23 22:57:42 uscentral434 cpmigrate[4884]: [migrate 174.120.146.122 crphoto] warning: found crphoto in runtime list, handled by another instance, skipping!
Apr 23 22:57:42 uscentral434 cpmigrate[4884]: [migrate 174.120.146.122 cruibiz] packaging user cruibiz on 174.120.146.122
Apr 23 22:57:46 uscentral434 cpmigrate[4884]: [migrate 174.120.146.122 cruibiz] copying cpmove-cruibiz.tar.gz from 174.120.146.122 to local
Apr 23 22:57:46 uscentral434 cpmigrate[4884]: [migrate 174.120.146.122 cruibiz] restoring cruibiz from /home/cpmigrate/cpmove-cruibiz.tar.gz
Apr 23 22:57:46 uscentral434 cpmigrate[5289]: [migrate 174.120.146.122 countert] completed rsync of 174.120.146.122:/home/countert to /home/countert
Apr 23 22:57:46 uscentral434 cpmigrate[5289]: [migrate 174.120.146.122 countert] converted countert mailboxes to local mailserver dovecot
Apr 23 22:57:46 uscentral434 cpmigrate[5289]: [migrate 174.120.146.122 countert] fixing permissions under /home/countert
Apr 23 22:57:47 uscentral434 cpmigrate[5289]: [migrate 174.120.146.122 countert] changed shell to /usr/local/cpanel/bin/jailshell for countert
Apr 23 22:57:47 uscentral434 cpmigrate[5289]: [migrate 174.120.146.122 countert] completed restore for countert from 174.120.146.122
Apr 23 22:57:47 uscentral434 cpmigrate[5289]: [migrate 174.120.146.122 countryc] warning: found countryc in runtime list, handled by another instance, skipping!
Apr 23 22:57:47 uscentral434 cpmigrate[5289]: [migrate 174.120.146.122 crphoto] warning: found crphoto in runtime list, handled by another instance, skipping!
Apr 23 22:57:47 uscentral434 cpmigrate[5289]: [migrate 174.120.146.122 cruibiz] warning: found cruibiz in runtime list, handled by another instance, skipping!
Apr 23 22:57:47 uscentral434 cpmigrate[5289]: [migrate 174.120.146.122 cruisesa] packaging user cruisesa on 174.120.146.122
Apr 23 22:58:00 uscentral434 cpmigrate[5289]: [migrate 174.120.146.122 cruisesa] copying cpmove-cruisesa.tar.gz from 174.120.146.122 to local
Apr 23 22:58:01 uscentral434 cpmigrate[5289]: [migrate 174.120.146.122 cruisesa] restoring cruisesa from /home/cpmigrate/cpmove-cruisesa.tar.gz
Apr 23 22:58:29 uscentral434 cpmigrate[28408]: [migrate 174.120.146.106 rageappr] starting rsync of 174.120.146.106:/home/rageappr to /home/rageappr
Apr 23 22:58:34 uscentral434 cpmigrate[28408]: [migrate 174.120.146.106 rageappr] completed rsync of 174.120.146.106:/home/rageappr to /home/rageappr
Apr 23 22:58:34 uscentral434 cpmigrate[28408]: [migrate 174.120.146.106 rageappr] converted rageappr mailboxes to local mailserver dovecot
Apr 23 22:58:34 uscentral434 cpmigrate[28408]: [migrate 174.120.146.106 rageappr] fixing permissions under /home/rageappr
Apr 23 22:58:35 uscentral434 cpmigrate[28408]: [migrate 174.120.146.106 rageappr] changed shell to /usr/local/cpanel/bin/jailshell for rageappr
Apr 23 22:58:35 uscentral434 cpmigrate[28408]: [migrate 174.120.146.106 rageappr] completed restore for rageappr from 174.120.146.106
Apr 23 22:58:35 uscentral434 cpmigrate[28408]: [migrate 174.120.146.106 raizesbr] warning: found raizesbr in runtime list, handled by another instance, skipping!
Apr 23 22:58:35 uscentral434 cpmigrate[28408]: [migrate 174.120.146.106 ramaseim] packaging user ramaseim on 174.120.146.106
Apr 23 22:58:35 uscentral434 cpmigrate[13179]: [migrate 174.120.146.106 quicctor] starting rsync of 174.120.146.106:/home/quicctor to /home/quicctor
Apr 23 22:58:41 uscentral434 cpmigrate[28408]: [migrate 174.120.146.106 ramaseim] copying cpmove-ramaseim.tar.gz from 174.120.146.106 to local
Apr 23 22:58:42 uscentral434 cpmigrate[28408]: [migrate 174.120.146.106 ramaseim] restoring ramaseim from /home/cpmigrate/cpmove-ramaseim.tar.gz
Apr 23 22:58:57 uscentral434 cpmigrate[13179]: [migrate 174.120.146.106 quicctor] completed rsync of 174.120.146.106:/home/quicctor to /home/quicctor
Apr 23 22:58:57 uscentral434 cpmigrate[13179]: [migrate 174.120.146.106 quicctor] converted quicctor mailboxes to local mailserver dovecot
Apr 23 22:58:57 uscentral434 cpmigrate[13179]: [migrate 174.120.146.106 quicctor] fixing permissions under /home/quicctor
Apr 23 22:58:58 uscentral434 cpmigrate[13179]: [migrate 174.120.146.106 quicctor] changed shell to /usr/local/cpanel/bin/jailshell for quicctor
Apr 23 22:58:58 uscentral434 cpmigrate[13179]: [migrate 174.120.146.106 quicctor] completed restore for quicctor from 174.120.146.106
Apr 23 22:58:58 uscentral434 cpmigrate[13179]: [migrate 174.120.146.106 qwenchpu] warning: found qwenchpu in runtime list, handled by another instance, skipping!
Apr 23 22:58:58 uscentral434 cpmigrate[13179]: [migrate 174.120.146.106 rabecaco] warning: found rabecaco in runtime list, handled by another instance, skipping!
Apr 23 22:58:58 uscentral434 cpmigrate[13179]: [migrate 174.120.146.106 racingla] warning: found racingla in runtime list, handled by another instance, skipping!
Apr 23 22:58:58 uscentral434 cpmigrate[13179]: [migrate 174.120.146.106 radiodea] warning: found radiodea in runtime list, handled by another instance, skipping!
Apr 23 22:58:58 uscentral434 cpmigrate[13179]: [migrate 174.120.146.106 rageappr] warning: found rageappr in runtime list, handled by another instance, skipping!
Apr 23 22:58:58 uscentral434 cpmigrate[13179]: [migrate 174.120.146.106 raizesbr] warning: found raizesbr in runtime list, handled by another instance, skipping!
Apr 23 22:58:58 uscentral434 cpmigrate[13179]: [migrate 174.120.146.106 ramaseim] warning: found ramaseim in runtime list, handled by another instance, skipping!
Apr 23 22:58:58 uscentral434 cpmigrate[13179]: [migrate 174.120.146.106 rammohan] packaging user rammohan on 174.120.146.106
Apr 23 22:59:06 uscentral434 cpmigrate[13179]: [migrate 174.120.146.106 rammohan] copying cpmove-rammohan.tar.gz from 174.120.146.106 to local
Apr 23 22:59:06 uscentral434 cpmigrate[13179]: [migrate 174.120.146.106 rammohan] restoring rammohan from /home/cpmigrate/cpmove-rammohan.tar.gz
Apr 23 23:00:17 uscentral434 cpmigrate[6896]: [migrate 174.120.146.106 raizesbr] starting rsync of 174.120.146.106:/home/raizesbr to /home/raizesbr
Apr 23 23:00:25 uscentral434 cpmigrate[6896]: [migrate 174.120.146.106 raizesbr] completed rsync of 174.120.146.106:/home/raizesbr to /home/raizesbr
Apr 23 23:00:25 uscentral434 cpmigrate[6896]: [migrate 174.120.146.106 raizesbr] converted raizesbr mailboxes to local mailserver dovecot
Apr 23 23:00:25 uscentral434 cpmigrate[6896]: [migrate 174.120.146.106 raizesbr] fixing permissions under /home/raizesbr
Apr 23 23:00:25 uscentral434 cpmigrate[6896]: [migrate 174.120.146.106 raizesbr] changed shell to /usr/local/cpanel/bin/jailshell for raizesbr
Apr 23 23:00:25 uscentral434 cpmigrate[6896]: [migrate 174.120.146.106 raizesbr] completed restore for raizesbr from 174.120.146.106
Apr 23 23:00:25 uscentral434 cpmigrate[6896]: [migrate 174.120.146.106 ramaseim] warning: found ramaseim in runtime list, handled by another instance, skipping!
Apr 23 23:00:25 uscentral434 cpmigrate[6896]: [migrate 174.120.146.106 rammohan] warning: found rammohan in runtime list, handled by another instance, skipping!
Apr 23 23:00:25 uscentral434 cpmigrate[6896]: [migrate 174.120.146.106 rateshop] packaging user rateshop on 174.120.146.106
Apr 23 23:00:37 uscentral434 cpmigrate[6896]: [migrate 174.120.146.106 rateshop] copying cpmove-rateshop.tar.gz from 174.120.146.106 to local
Apr 23 23:00:38 uscentral434 cpmigrate[6896]: [migrate 174.120.146.106 rateshop] restoring rateshop from /home/cpmigrate/cpmove-rateshop.tar.gz
Apr 23 23:01:11 uscentral434 cpmigrate[4884]: [migrate 174.120.146.122 cruibiz] starting rsync of 174.120.146.122:/home/cruibiz to /home/cruibiz
Apr 23 23:01:24 uscentral434 cpmigrate[8133]: [migrate 174.120.146.122 crphoto] starting rsync of 174.120.146.122:/home/crphoto to /home/crphoto
Apr 23 23:01:25 uscentral434 cpmigrate[8133]: [migrate 174.120.146.122 crphoto] completed rsync of 174.120.146.122:/home/crphoto to /home/crphoto
Apr 23 23:01:25 uscentral434 cpmigrate[8133]: [migrate 174.120.146.122 crphoto] converted crphoto mailboxes to local mailserver dovecot
Apr 23 23:01:25 uscentral434 cpmigrate[8133]: [migrate 174.120.146.122 crphoto] fixing permissions under /home/crphoto
Apr 23 23:01:25 uscentral434 cpmigrate[8133]: [migrate 174.120.146.122 crphoto] changed shell to /usr/local/cpanel/bin/jailshell for crphoto
Apr 23 23:01:25 uscentral434 cpmigrate[8133]: [migrate 174.120.146.122 crphoto] completed restore for crphoto from 174.120.146.122
Apr 23 23:01:25 uscentral434 cpmigrate[8133]: [migrate 174.120.146.122 cruibiz] warning: found cruibiz in runtime list, handled by another instance, skipping!
Apr 23 23:01:25 uscentral434 cpmigrate[8133]: [migrate 174.120.146.122 cruisesa] warning: found cruisesa in runtime list, handled by another instance, skipping!
Apr 23 23:01:25 uscentral434 cpmigrate[8133]: [migrate 174.120.146.122 cryptic] packaging user cryptic on 174.120.146.122
Apr 23 23:01:34 uscentral434 cpmigrate[4884]: [migrate 174.120.146.122 cruibiz] completed rsync of 174.120.146.122:/home/cruibiz to /home/cruibiz
Apr 23 23:01:34 uscentral434 cpmigrate[4884]: [migrate 174.120.146.122 cruibiz] converted cruibiz mailboxes to local mailserver dovecot
Apr 23 23:01:34 uscentral434 cpmigrate[4884]: [migrate 174.120.146.122 cruibiz] fixing permissions under /home/cruibiz
Apr 23 23:01:35 uscentral434 cpmigrate[4884]: [migrate 174.120.146.122 cruibiz] changed shell to /usr/local/cpanel/bin/jailshell for cruibiz
Apr 23 23:01:35 uscentral434 cpmigrate[4884]: [migrate 174.120.146.122 cruibiz] completed restore for cruibiz from 174.120.146.122
Apr 23 23:01:35 uscentral434 cpmigrate[4884]: [migrate 174.120.146.122 cruisesa] warning: found cruisesa in runtime list, handled by another instance, skipping!
Apr 23 23:01:35 uscentral434 cpmigrate[4884]: [migrate 174.120.146.122 cryptic] warning: found cryptic in runtime list, handled by another instance, skipping!
Apr 23 23:01:35 uscentral434 cpmigrate[4884]: [migrate 174.120.146.122 csrniger] packaging user csrniger on 174.120.146.122
Apr 23 23:01:45 uscentral434 cpmigrate[4884]: [migrate 174.120.146.122 csrniger] copying cpmove-csrniger.tar.gz from 174.120.146.122 to local
Apr 23 23:01:46 uscentral434 cpmigrate[4884]: [migrate 174.120.146.122 csrniger] restoring csrniger from /home/cpmigrate/cpmove-csrniger.tar.gz
Apr 23 23:01:46 uscentral434 cpmigrate[8133]: [migrate 174.120.146.122 cryptic] copying cpmove-cryptic.tar.gz from 174.120.146.122 to local
Apr 23 23:01:47 uscentral434 cpmigrate[8133]: [migrate 174.120.146.122 cryptic] restoring cryptic from /home/cpmigrate/cpmove-cryptic.tar.gz
Apr 23 23:01:47 uscentral434 cpmigrate[28408]: [migrate 174.120.146.106 ramaseim] starting rsync of 174.120.146.106:/home/ramaseim to /home/ramaseim
Apr 23 23:01:55 uscentral434 cpmigrate[28408]: [migrate 174.120.146.106 ramaseim] completed rsync of 174.120.146.106:/home/ramaseim to /home/ramaseim
Apr 23 23:01:55 uscentral434 cpmigrate[28408]: [migrate 174.120.146.106 ramaseim] converted ramaseim mailboxes to local mailserver dovecot
Apr 23 23:01:55 uscentral434 cpmigrate[28408]: [migrate 174.120.146.106 ramaseim] fixing permissions under /home/ramaseim
Apr 23 23:01:55 uscentral434 cpmigrate[28408]: [migrate 174.120.146.106 ramaseim] changed shell to /usr/local/cpanel/bin/jailshell for ramaseim
Apr 23 23:01:55 uscentral434 cpmigrate[28408]: [migrate 174.120.146.106 ramaseim] completed restore for ramaseim from 174.120.146.106
Apr 23 23:01:55 uscentral434 cpmigrate[28408]: [migrate 174.120.146.106 rammohan] warning: found rammohan in runtime list, handled by another instance, skipping!
Apr 23 23:01:55 uscentral434 cpmigrate[28408]: [migrate 174.120.146.106 rateshop] warning: found rateshop in runtime list, handled by another instance, skipping!
Apr 23 23:01:55 uscentral434 cpmigrate[28408]: [migrate 174.120.146.106 rawplaye] packaging user rawplaye on 174.120.146.106
Apr 23 23:02:03 uscentral434 cpmigrate[13179]: [migrate 174.120.146.106 rammohan] starting rsync of 174.120.146.106:/home/rammohan to /home/rammohan
Apr 23 23:02:06 uscentral434 cpmigrate[5289]: [migrate 174.120.146.122 cruisesa] starting rsync of 174.120.146.122:/home/cruisesa to /home/cruisesa
Apr 23 23:02:08 uscentral434 cpmigrate[13179]: [migrate 174.120.146.106 rammohan] completed rsync of 174.120.146.106:/home/rammohan to /home/rammohan
Apr 23 23:02:09 uscentral434 cpmigrate[13179]: [migrate 174.120.146.106 rammohan] converted rammohan mailboxes to local mailserver dovecot
Apr 23 23:02:09 uscentral434 cpmigrate[13179]: [migrate 174.120.146.106 rammohan] fixing permissions under /home/rammohan
Apr 23 23:02:09 uscentral434 cpmigrate[13179]: [migrate 174.120.146.106 rammohan] changed shell to /usr/local/cpanel/bin/jailshell for rammohan
Apr 23 23:02:09 uscentral434 cpmigrate[13179]: [migrate 174.120.146.106 rammohan] completed restore for rammohan from 174.120.146.106
Apr 23 23:02:09 uscentral434 cpmigrate[13179]: [migrate 174.120.146.106 rateshop] warning: found rateshop in runtime list, handled by another instance, skipping!
Apr 23 23:02:09 uscentral434 cpmigrate[13179]: [migrate 174.120.146.106 rawplaye] warning: found rawplaye in runtime list, handled by another instance, skipping!
Apr 23 23:02:09 uscentral434 cpmigrate[13179]: [migrate 174.120.146.106 rblend] packaging user rblend on 174.120.146.106
Apr 23 23:02:28 uscentral434 cpmigrate[13179]: [migrate 174.120.146.106 rblend] copying cpmove-rblend.tar.gz from 174.120.146.106 to local
Apr 23 23:02:30 uscentral434 cpmigrate[13179]: [migrate 174.120.146.106 rblend] restoring rblend from /home/cpmigrate/cpmove-rblend.tar.gz
Apr 23 23:02:38 uscentral434 cpmigrate[5289]: [migrate 174.120.146.122 cruisesa] completed rsync of 174.120.146.122:/home/cruisesa to /home/cruisesa
Apr 23 23:02:38 uscentral434 cpmigrate[5289]: [migrate 174.120.146.122 cruisesa] converted cruisesa mailboxes to local mailserver dovecot
Apr 23 23:02:38 uscentral434 cpmigrate[5289]: [migrate 174.120.146.122 cruisesa] fixing permissions under /home/cruisesa
Apr 23 23:02:39 uscentral434 cpmigrate[5289]: [migrate 174.120.146.122 cruisesa] changed shell to /usr/local/cpanel/bin/jailshell for cruisesa
Apr 23 23:02:39 uscentral434 cpmigrate[5289]: [migrate 174.120.146.122 cruisesa] completed restore for cruisesa from 174.120.146.122
Apr 23 23:02:39 uscentral434 cpmigrate[5289]: [migrate 174.120.146.122 cryptic] warning: found cryptic in runtime list, handled by another instance, skipping!
Apr 23 23:02:39 uscentral434 cpmigrate[5289]: [migrate 174.120.146.122 csrniger] warning: found csrniger in runtime list, handled by another instance, skipping!
Apr 23 23:02:39 uscentral434 cpmigrate[5289]: [migrate 174.120.146.122 culturer] packaging user culturer on 174.120.146.122
Apr 23 23:03:09 uscentral434 cpmigrate[5289]: [migrate 174.120.146.122 culturer] copying cpmove-culturer.tar.gz from 174.120.146.122 to local
Apr 23 23:03:09 uscentral434 cpmigrate[5289]: [migrate 174.120.146.122 culturer] restoring culturer from /home/cpmigrate/cpmove-culturer.tar.gz
Apr 23 23:03:48 uscentral434 cpmigrate[28408]: [migrate 174.120.146.106 rawplaye] copying cpmove-rawplaye.tar.gz from 174.120.146.106 to local
Apr 23 23:03:49 uscentral434 cpmigrate[28408]: [migrate 174.120.146.106 rawplaye] restoring rawplaye from /home/cpmigrate/cpmove-rawplaye.tar.gz
Apr 23 23:04:31 uscentral434 cpmigrate[6896]: [migrate 174.120.146.106 rateshop] starting rsync of 174.120.146.106:/home/rateshop to /home/rateshop
Apr 23 23:04:32 uscentral434 cpmigrate[6896]: [migrate 174.120.146.106 rateshop] completed rsync of 174.120.146.106:/home/rateshop to /home/rateshop
Apr 23 23:04:32 uscentral434 cpmigrate[6896]: [migrate 174.120.146.106 rateshop] converted rateshop mailboxes to local mailserver dovecot
Apr 23 23:04:32 uscentral434 cpmigrate[6896]: [migrate 174.120.146.106 rateshop] fixing permissions under /home/rateshop
Apr 23 23:04:32 uscentral434 cpmigrate[6896]: [migrate 174.120.146.106 rateshop] changed shell to /usr/local/cpanel/bin/jailshell for rateshop
Apr 23 23:04:32 uscentral434 cpmigrate[6896]: [migrate 174.120.146.106 rateshop] completed restore for rateshop from 174.120.146.106
Apr 23 23:04:32 uscentral434 cpmigrate[6896]: [migrate 174.120.146.106 rawplaye] warning: found rawplaye in runtime list, handled by another instance, skipping!
Apr 23 23:04:32 uscentral434 cpmigrate[6896]: [migrate 174.120.146.106 rblend] warning: found rblend in runtime list, handled by another instance, skipping!
Apr 23 23:04:32 uscentral434 cpmigrate[6896]: [migrate 174.120.146.106 rcarvalh] packaging user rcarvalh on 174.120.146.106
Apr 23 23:04:36 uscentral434 cpmigrate[4884]: [migrate 174.120.146.122 csrniger] starting rsync of 174.120.146.122:/home/csrniger to /home/csrniger
Apr 23 23:04:38 uscentral434 cpmigrate[6896]: [migrate 174.120.146.106 rcarvalh] copying cpmove-rcarvalh.tar.gz from 174.120.146.106 to local
Apr 23 23:04:38 uscentral434 cpmigrate[6896]: [migrate 174.120.146.106 rcarvalh] restoring rcarvalh from /home/cpmigrate/cpmove-rcarvalh.tar.gz
Apr 23 23:04:53 uscentral434 cpmigrate[8133]: [migrate 174.120.146.122 cryptic] starting rsync of 174.120.146.122:/home/cryptic to /home/cryptic
Apr 23 23:04:55 uscentral434 cpmigrate[4884]: [migrate 174.120.146.122 csrniger] completed rsync of 174.120.146.122:/home/csrniger to /home/csrniger
Apr 23 23:04:55 uscentral434 cpmigrate[4884]: [migrate 174.120.146.122 csrniger] converted csrniger mailboxes to local mailserver dovecot
Apr 23 23:04:55 uscentral434 cpmigrate[4884]: [migrate 174.120.146.122 csrniger] fixing permissions under /home/csrniger
Apr 23 23:04:55 uscentral434 cpmigrate[4884]: [migrate 174.120.146.122 csrniger] changed shell to /usr/local/cpanel/bin/jailshell for csrniger
Apr 23 23:04:55 uscentral434 cpmigrate[4884]: [migrate 174.120.146.122 csrniger] completed restore for csrniger from 174.120.146.122
Apr 23 23:04:56 uscentral434 cpmigrate[4884]: [migrate 174.120.146.122 culturer] warning: found culturer in runtime list, handled by another instance, skipping!
Apr 23 23:04:56 uscentral434 cpmigrate[4884]: [migrate 174.120.146.122 cybaronn] packaging user cybaronn on 174.120.146.122
Apr 23 23:04:58 uscentral434 cpmigrate[8133]: [migrate 174.120.146.122 cryptic] completed rsync of 174.120.146.122:/home/cryptic to /home/cryptic
Apr 23 23:04:58 uscentral434 cpmigrate[8133]: [migrate 174.120.146.122 cryptic] converted cryptic mailboxes to local mailserver dovecot
Apr 23 23:04:58 uscentral434 cpmigrate[8133]: [migrate 174.120.146.122 cryptic] fixing permissions under /home/cryptic
Apr 23 23:04:58 uscentral434 cpmigrate[8133]: [migrate 174.120.146.122 cryptic] changed shell to /usr/local/cpanel/bin/jailshell for cryptic
Apr 23 23:04:58 uscentral434 cpmigrate[8133]: [migrate 174.120.146.122 cryptic] completed restore for cryptic from 174.120.146.122
Apr 23 23:04:58 uscentral434 cpmigrate[8133]: [migrate 174.120.146.122 csrniger] warning: found csrniger in runtime list, handled by another instance, skipping!
Apr 23 23:04:58 uscentral434 cpmigrate[8133]: [migrate 174.120.146.122 culturer] warning: found culturer in runtime list, handled by another instance, skipping!
Apr 23 23:04:58 uscentral434 cpmigrate[8133]: [migrate 174.120.146.122 cybaronn] warning: found cybaronn in runtime list, handled by another instance, skipping!
Apr 23 23:04:58 uscentral434 cpmigrate[8133]: [migrate 174.120.146.122 cybernet] packaging user cybernet on 174.120.146.122
Apr 23 23:05:01 uscentral434 cpmigrate[4884]: [migrate 174.120.146.122 cybaronn] copying cpmove-cybaronn.tar.gz from 174.120.146.122 to local
Apr 23 23:05:02 uscentral434 cpmigrate[4884]: [migrate 174.120.146.122 cybaronn] restoring cybaronn from /home/cpmigrate/cpmove-cybaronn.tar.gz
Apr 23 23:07:00 uscentral434 cpmigrate[13179]: [migrate 174.120.146.106 rblend] starting rsync of 174.120.146.106:/home/rblend to /home/rblend
Apr 23 23:07:30 uscentral434 cpmigrate[6896]: [migrate 174.120.146.106 rcarvalh] starting rsync of 174.120.146.106:/home/rcarvalh to /home/rcarvalh
Apr 23 23:08:22 uscentral434 cpmigrate[4884]: [migrate 174.120.146.122 cybaronn] starting rsync of 174.120.146.122:/home/cybaronn to /home/cybaronn
Apr 23 23:08:30 uscentral434 cpmigrate[4884]: [migrate 174.120.146.122 cybaronn] completed rsync of 174.120.146.122:/home/cybaronn to /home/cybaronn
Apr 23 23:08:30 uscentral434 cpmigrate[4884]: [migrate 174.120.146.122 cybaronn] converted cybaronn mailboxes to local mailserver dovecot
Apr 23 23:08:30 uscentral434 cpmigrate[4884]: [migrate 174.120.146.122 cybaronn] fixing permissions under /home/cybaronn
Apr 23 23:08:31 uscentral434 cpmigrate[4884]: [migrate 174.120.146.122 cybaronn] changed shell to /usr/local/cpanel/bin/jailshell for cybaronn
Apr 23 23:08:31 uscentral434 cpmigrate[4884]: [migrate 174.120.146.122 cybaronn] completed restore for cybaronn from 174.120.146.122
Apr 23 23:08:31 uscentral434 cpmigrate[4884]: [migrate 174.120.146.122 cybernet] warning: found cybernet in runtime list, handled by another instance, skipping!
Apr 23 23:08:31 uscentral434 cpmigrate[4884]: [migrate 174.120.146.122 d26event] packaging user d26event on 174.120.146.122
Apr 23 23:08:32 uscentral434 cpmigrate[8133]: [migrate 174.120.146.122 cybernet] copying cpmove-cybernet.tar.gz from 174.120.146.122 to local
Apr 23 23:08:33 uscentral434 cpmigrate[8133]: [migrate 174.120.146.122 cybernet] restoring cybernet from /home/cpmigrate/cpmove-cybernet.tar.gz
Apr 23 23:08:40 uscentral434 cpmigrate[4884]: [migrate 174.120.146.122 d26event] copying cpmove-d26event.tar.gz from 174.120.146.122 to local
Apr 23 23:08:40 uscentral434 cpmigrate[4884]: [migrate 174.120.146.122 d26event] restoring d26event from /home/cpmigrate/cpmove-d26event.tar.gz
Apr 23 23:09:09 uscentral434 cpmigrate[13179]: [migrate 174.120.146.106 rblend] completed rsync of 174.120.146.106:/home/rblend to /home/rblend
Apr 23 23:09:09 uscentral434 cpmigrate[13179]: [migrate 174.120.146.106 rblend] converted rblend mailboxes to local mailserver dovecot
Apr 23 23:09:09 uscentral434 cpmigrate[13179]: [migrate 174.120.146.106 rblend] fixing permissions under /home/rblend
Apr 23 23:09:10 uscentral434 cpmigrate[13179]: [migrate 174.120.146.106 rblend] changed shell to /usr/local/cpanel/bin/jailshell for rblend
Apr 23 23:09:10 uscentral434 cpmigrate[13179]: [migrate 174.120.146.106 rblend] completed restore for rblend from 174.120.146.106
Apr 23 23:09:10 uscentral434 cpmigrate[13179]: [migrate 174.120.146.106 rcarvalh] warning: found rcarvalh in runtime list, handled by another instance, skipping!
Apr 23 23:09:10 uscentral434 cpmigrate[13179]: [migrate 174.120.146.106 realbizc] packaging user realbizc on 174.120.146.106
Apr 23 23:09:46 uscentral434 cpmigrate[13179]: [migrate 174.120.146.106 realbizc] copying cpmove-realbizc.tar.gz from 174.120.146.106 to local
Apr 23 23:09:46 uscentral434 cpmigrate[13179]: [migrate 174.120.146.106 realbizc] restoring realbizc from /home/cpmigrate/cpmove-realbizc.tar.gz
Apr 23 23:10:20 uscentral434 cpmigrate[6896]: [migrate 174.120.146.106 rcarvalh] completed rsync of 174.120.146.106:/home/rcarvalh to /home/rcarvalh
Apr 23 23:10:20 uscentral434 cpmigrate[6896]: [migrate 174.120.146.106 rcarvalh] converted rcarvalh mailboxes to local mailserver dovecot
Apr 23 23:10:20 uscentral434 cpmigrate[6896]: [migrate 174.120.146.106 rcarvalh] fixing permissions under /home/rcarvalh
Apr 23 23:10:20 uscentral434 cpmigrate[6896]: [migrate 174.120.146.106 rcarvalh] changed shell to /usr/local/cpanel/bin/jailshell for rcarvalh
Apr 23 23:10:20 uscentral434 cpmigrate[6896]: [migrate 174.120.146.106 rcarvalh] completed restore for rcarvalh from 174.120.146.106
Apr 23 23:10:20 uscentral434 cpmigrate[6896]: [migrate 174.120.146.106 realbizc] warning: found realbizc in runtime list, handled by another instance, skipping!
Apr 23 23:10:20 uscentral434 cpmigrate[6896]: [migrate 174.120.146.106 recordin] packaging user recordin on 174.120.146.106
Apr 23 23:10:29 uscentral434 cpmigrate[6896]: [migrate 174.120.146.106 recordin] copying cpmove-recordin.tar.gz from 174.120.146.106 to local
Apr 23 23:10:31 uscentral434 cpmigrate[6896]: [migrate 174.120.146.106 recordin] restoring recordin from /home/cpmigrate/cpmove-recordin.tar.gz
Apr 23 23:11:49 uscentral434 cpmigrate[4884]: [migrate 174.120.146.122 d26event] starting rsync of 174.120.146.122:/home/d26event to /home/d26event
Apr 23 23:11:57 uscentral434 cpmigrate[4884]: [migrate 174.120.146.122 d26event] completed rsync of 174.120.146.122:/home/d26event to /home/d26event
Apr 23 23:11:57 uscentral434 cpmigrate[4884]: [migrate 174.120.146.122 d26event] converted d26event mailboxes to local mailserver dovecot
Apr 23 23:11:58 uscentral434 cpmigrate[4884]: [migrate 174.120.146.122 d26event] fixing permissions under /home/d26event
Apr 23 23:11:58 uscentral434 cpmigrate[4884]: [migrate 174.120.146.122 d26event] changed shell to /usr/local/cpanel/bin/jailshell for d26event
Apr 23 23:11:58 uscentral434 cpmigrate[4884]: [migrate 174.120.146.122 d26event] completed restore for d26event from 174.120.146.122
Apr 23 23:11:58 uscentral434 cpmigrate[4884]: [migrate 174.120.146.122 dabahhom] packaging user dabahhom on 174.120.146.122
Apr 23 23:12:04 uscentral434 cpmigrate[4884]: [migrate 174.120.146.122 dabahhom] copying cpmove-dabahhom.tar.gz from 174.120.146.122 to local
Apr 23 23:12:05 uscentral434 cpmigrate[4884]: [migrate 174.120.146.122 dabahhom] restoring dabahhom from /home/cpmigrate/cpmove-dabahhom.tar.gz
