Apr 23 19:23:49 uscentral434 cpmigrate[13179]: [migrate 174.120.146.106 octapps1] completed restore for octapps1 from 174.120.146.106
Apr 23 19:23:49 uscentral434 cpmigrate[13179]: [migrate 174.120.146.106 octavien] warning: found octavien in runtime list, handled by another instance, skipping!
Apr 23 19:23:49 uscentral434 cpmigrate[13179]: [migrate 174.120.146.106 octdomai] warning: found octdomai in runtime list, handled by another instance, skipping!
Apr 23 19:23:49 uscentral434 cpmigrate[13179]: [migrate 174.120.146.106 officine] packaging user officine on 174.120.146.106
Apr 23 19:23:50 uscentral434 cpmigrate[4884]: [migrate 174.120.146.122 awchnet] copying cpmove-awchnet.tar.gz from 174.120.146.122 to local
Apr 23 19:23:51 uscentral434 cpmigrate[4884]: [migrate 174.120.146.122 awchnet] restoring awchnet from /home/cpmigrate/cpmove-awchnet.tar.gz
Apr 23 19:23:53 uscentral434 cpmigrate[8133]: [migrate 174.120.146.122 atraura] starting rsync of 174.120.146.122:/home/atraura to /home/atraura
Apr 23 19:23:55 uscentral434 cpmigrate[13179]: [migrate 174.120.146.106 officine] copying cpmove-officine.tar.gz from 174.120.146.106 to local
Apr 23 19:23:55 uscentral434 cpmigrate[13179]: [migrate 174.120.146.106 officine] restoring officine from /home/cpmigrate/cpmove-officine.tar.gz
Apr 23 19:23:58 uscentral434 cpmigrate[5289]: [migrate 174.120.146.122 autopilo] completed rsync of 174.120.146.122:/home/autopilo to /home/autopilo
Apr 23 19:23:59 uscentral434 cpmigrate[5289]: [migrate 174.120.146.122 autopilo] converted autopilo mailboxes to local mailserver dovecot
Apr 23 19:23:59 uscentral434 cpmigrate[5289]: [migrate 174.120.146.122 autopilo] fixing permissions under /home/autopilo
Apr 23 19:23:59 uscentral434 cpmigrate[5289]: [migrate 174.120.146.122 autopilo] changed shell to /usr/local/cpanel/bin/jailshell for autopilo
Apr 23 19:23:59 uscentral434 cpmigrate[5289]: [migrate 174.120.146.122 autopilo] completed restore for autopilo from 174.120.146.122
Apr 23 19:23:59 uscentral434 cpmigrate[5289]: [migrate 174.120.146.122 awchnet] warning: found awchnet in runtime list, handled by another instance, skipping!
Apr 23 19:23:59 uscentral434 cpmigrate[5289]: [migrate 174.120.146.122 awinds] packaging user awinds on 174.120.146.122
Apr 23 19:24:06 uscentral434 cpmigrate[5289]: [migrate 174.120.146.122 awinds] copying cpmove-awinds.tar.gz from 174.120.146.122 to local
Apr 23 19:24:06 uscentral434 cpmigrate[5289]: [migrate 174.120.146.122 awinds] restoring awinds from /home/cpmigrate/cpmove-awinds.tar.gz
Apr 23 19:24:06 uscentral434 cpmigrate[28408]: [migrate 174.120.146.106 octavien] starting rsync of 174.120.146.106:/home/octavien to /home/octavien
Apr 23 19:24:07 uscentral434 cpmigrate[28408]: [migrate 174.120.146.106 octavien] completed rsync of 174.120.146.106:/home/octavien to /home/octavien
Apr 23 19:24:07 uscentral434 cpmigrate[28408]: [migrate 174.120.146.106 octavien] converted octavien mailboxes to local mailserver dovecot
Apr 23 19:24:07 uscentral434 cpmigrate[28408]: [migrate 174.120.146.106 octavien] fixing permissions under /home/octavien
Apr 23 19:24:07 uscentral434 cpmigrate[28408]: [migrate 174.120.146.106 octavien] changed shell to /usr/local/cpanel/bin/jailshell for octavien
Apr 23 19:24:08 uscentral434 cpmigrate[28408]: [migrate 174.120.146.106 octavien] completed restore for octavien from 174.120.146.106
Apr 23 19:24:08 uscentral434 cpmigrate[28408]: [migrate 174.120.146.106 octdomai] warning: found octdomai in runtime list, handled by another instance, skipping!
Apr 23 19:24:08 uscentral434 cpmigrate[28408]: [migrate 174.120.146.106 officine] warning: found officine in runtime list, handled by another instance, skipping!
Apr 23 19:24:08 uscentral434 cpmigrate[28408]: [migrate 174.120.146.106 ohio] packaging user ohio on 174.120.146.106
Apr 23 19:24:12 uscentral434 cpmigrate[28408]: [migrate 174.120.146.106 ohio] copying cpmove-ohio.tar.gz from 174.120.146.106 to local
Apr 23 19:24:12 uscentral434 cpmigrate[28408]: [migrate 174.120.146.106 ohio] restoring ohio from /home/cpmigrate/cpmove-ohio.tar.gz
Apr 23 19:26:06 uscentral434 cpmigrate[6896]: [migrate 174.120.146.106 octdomai] starting rsync of 174.120.146.106:/home/octdomai to /home/octdomai
Apr 23 19:26:07 uscentral434 cpmigrate[6896]: [migrate 174.120.146.106 octdomai] completed rsync of 174.120.146.106:/home/octdomai to /home/octdomai
Apr 23 19:26:07 uscentral434 cpmigrate[6896]: [migrate 174.120.146.106 octdomai] converted octdomai mailboxes to local mailserver dovecot
Apr 23 19:26:07 uscentral434 cpmigrate[6896]: [migrate 174.120.146.106 octdomai] fixing permissions under /home/octdomai
Apr 23 19:26:07 uscentral434 cpmigrate[6896]: [migrate 174.120.146.106 octdomai] changed shell to /usr/local/cpanel/bin/jailshell for octdomai
Apr 23 19:26:07 uscentral434 cpmigrate[6896]: [migrate 174.120.146.106 octdomai] completed restore for octdomai from 174.120.146.106
Apr 23 19:26:07 uscentral434 cpmigrate[6896]: [migrate 174.120.146.106 officine] warning: found officine in runtime list, handled by another instance, skipping!
Apr 23 19:26:07 uscentral434 cpmigrate[6896]: [migrate 174.120.146.106 ohio] warning: found ohio in runtime list, handled by another instance, skipping!
Apr 23 19:26:07 uscentral434 cpmigrate[6896]: [migrate 174.120.146.106 ohiofarm] packaging user ohiofarm on 174.120.146.106
Apr 23 19:26:08 uscentral434 cpmigrate[8133]: [migrate 174.120.146.122 atraura] completed rsync of 174.120.146.122:/home/atraura to /home/atraura
Apr 23 19:26:08 uscentral434 cpmigrate[8133]: [migrate 174.120.146.122 atraura] converted atraura mailboxes to local mailserver dovecot
Apr 23 19:26:08 uscentral434 cpmigrate[8133]: [migrate 174.120.146.122 atraura] fixing permissions under /home/atraura
Apr 23 19:26:09 uscentral434 cpmigrate[8133]: [migrate 174.120.146.122 atraura] changed shell to /usr/local/cpanel/bin/jailshell for atraura
Apr 23 19:26:09 uscentral434 cpmigrate[8133]: [migrate 174.120.146.122 atraura] completed restore for atraura from 174.120.146.122
Apr 23 19:26:09 uscentral434 cpmigrate[8133]: [migrate 174.120.146.122 au4com] warning: found au4com in runtime list, handled by another instance, skipping!
Apr 23 19:26:09 uscentral434 cpmigrate[8133]: [migrate 174.120.146.122 autocent] warning: found autocent in runtime list, handled by another instance, skipping!
Apr 23 19:26:09 uscentral434 cpmigrate[8133]: [migrate 174.120.146.122 autohorn] warning: found autohorn in runtime list, handled by another instance, skipping!
Apr 23 19:26:09 uscentral434 cpmigrate[8133]: [migrate 174.120.146.122 autopilo] warning: found autopilo in runtime list, handled by another instance, skipping!
Apr 23 19:26:09 uscentral434 cpmigrate[8133]: [migrate 174.120.146.122 awchnet] warning: found awchnet in runtime list, handled by another instance, skipping!
Apr 23 19:26:09 uscentral434 cpmigrate[8133]: [migrate 174.120.146.122 awinds] warning: found awinds in runtime list, handled by another instance, skipping!
Apr 23 19:26:09 uscentral434 cpmigrate[8133]: [migrate 174.120.146.122 awolgami] packaging user awolgami on 174.120.146.122
Apr 23 19:26:15 uscentral434 cpmigrate[6896]: [migrate 174.120.146.106 ohiofarm] copying cpmove-ohiofarm.tar.gz from 174.120.146.106 to local
Apr 23 19:26:16 uscentral434 cpmigrate[6896]: [migrate 174.120.146.106 ohiofarm] restoring ohiofarm from /home/cpmigrate/cpmove-ohiofarm.tar.gz
Apr 23 19:26:23 uscentral434 cpmigrate[8133]: [migrate 174.120.146.122 awolgami] copying cpmove-awolgami.tar.gz from 174.120.146.122 to local
Apr 23 19:26:23 uscentral434 cpmigrate[8133]: [migrate 174.120.146.122 awolgami] restoring awolgami from /home/cpmigrate/cpmove-awolgami.tar.gz
Apr 23 19:27:05 uscentral434 cpmigrate[5289]: [migrate 174.120.146.122 awinds] starting rsync of 174.120.146.122:/home/awinds to /home/awinds
Apr 23 19:27:07 uscentral434 cpmigrate[13179]: [migrate 174.120.146.106 officine] starting rsync of 174.120.146.106:/home/officine to /home/officine
Apr 23 19:27:08 uscentral434 cpmigrate[5289]: [migrate 174.120.146.122 awinds] completed rsync of 174.120.146.122:/home/awinds to /home/awinds
Apr 23 19:27:08 uscentral434 cpmigrate[5289]: [migrate 174.120.146.122 awinds] converted awinds mailboxes to local mailserver dovecot
Apr 23 19:27:09 uscentral434 cpmigrate[5289]: [migrate 174.120.146.122 awinds] fixing permissions under /home/awinds
Apr 23 19:27:09 uscentral434 cpmigrate[13179]: [migrate 174.120.146.106 officine] completed rsync of 174.120.146.106:/home/officine to /home/officine
Apr 23 19:27:09 uscentral434 cpmigrate[13179]: [migrate 174.120.146.106 officine] converted officine mailboxes to local mailserver dovecot
Apr 23 19:27:09 uscentral434 cpmigrate[13179]: [migrate 174.120.146.106 officine] fixing permissions under /home/officine
Apr 23 19:27:09 uscentral434 cpmigrate[5289]: [migrate 174.120.146.122 awinds] changed shell to /usr/local/cpanel/bin/jailshell for awinds
Apr 23 19:27:09 uscentral434 cpmigrate[5289]: [migrate 174.120.146.122 awinds] completed restore for awinds from 174.120.146.122
Apr 23 19:27:09 uscentral434 cpmigrate[5289]: [migrate 174.120.146.122 awolgami] warning: found awolgami in runtime list, handled by another instance, skipping!
Apr 23 19:27:09 uscentral434 cpmigrate[5289]: [migrate 174.120.146.122 b4cupcom] packaging user b4cupcom on 174.120.146.122
Apr 23 19:27:09 uscentral434 cpmigrate[13179]: [migrate 174.120.146.106 officine] changed shell to /usr/local/cpanel/bin/jailshell for officine
Apr 23 19:27:09 uscentral434 cpmigrate[13179]: [migrate 174.120.146.106 officine] completed restore for officine from 174.120.146.106
Apr 23 19:27:09 uscentral434 cpmigrate[13179]: [migrate 174.120.146.106 ohio] warning: found ohio in runtime list, handled by another instance, skipping!
Apr 23 19:27:09 uscentral434 cpmigrate[13179]: [migrate 174.120.146.106 ohiofarm] warning: found ohiofarm in runtime list, handled by another instance, skipping!
Apr 23 19:27:09 uscentral434 cpmigrate[13179]: [migrate 174.120.146.106 oilcityp] packaging user oilcityp on 174.120.146.106
Apr 23 19:27:11 uscentral434 cpmigrate[28408]: [migrate 174.120.146.106 ohio] starting rsync of 174.120.146.106:/home/ohio to /home/ohio
Apr 23 19:27:12 uscentral434 cpmigrate[28408]: [migrate 174.120.146.106 ohio] completed rsync of 174.120.146.106:/home/ohio to /home/ohio
Apr 23 19:27:12 uscentral434 cpmigrate[28408]: [migrate 174.120.146.106 ohio] converted ohio mailboxes to local mailserver dovecot
Apr 23 19:27:12 uscentral434 cpmigrate[28408]: [migrate 174.120.146.106 ohio] fixing permissions under /home/ohio
Apr 23 19:27:13 uscentral434 cpmigrate[28408]: [migrate 174.120.146.106 ohio] changed shell to /usr/local/cpanel/bin/jailshell for ohio
Apr 23 19:27:13 uscentral434 cpmigrate[28408]: [migrate 174.120.146.106 ohio] completed restore for ohio from 174.120.146.106
Apr 23 19:27:13 uscentral434 cpmigrate[28408]: [migrate 174.120.146.106 ohiofarm] warning: found ohiofarm in runtime list, handled by another instance, skipping!
Apr 23 19:27:13 uscentral434 cpmigrate[28408]: [migrate 174.120.146.106 oilcityp] warning: found oilcityp in runtime list, handled by another instance, skipping!
Apr 23 19:27:13 uscentral434 cpmigrate[28408]: [migrate 174.120.146.106 okinarda] packaging user okinarda on 174.120.146.106
Apr 23 19:27:17 uscentral434 cpmigrate[28408]: [migrate 174.120.146.106 okinarda] copying cpmove-okinarda.tar.gz from 174.120.146.106 to local
Apr 23 19:27:18 uscentral434 cpmigrate[28408]: [migrate 174.120.146.106 okinarda] restoring okinarda from /home/cpmigrate/cpmove-okinarda.tar.gz
Apr 23 19:27:22 uscentral434 cpmigrate[13179]: [migrate 174.120.146.106 oilcityp] copying cpmove-oilcityp.tar.gz from 174.120.146.106 to local
Apr 23 19:27:23 uscentral434 cpmigrate[13179]: [migrate 174.120.146.106 oilcityp] restoring oilcityp from /home/cpmigrate/cpmove-oilcityp.tar.gz
Apr 23 19:27:23 uscentral434 cpmigrate[5289]: [migrate 174.120.146.122 b4cupcom] copying cpmove-b4cupcom.tar.gz from 174.120.146.122 to local
Apr 23 19:27:24 uscentral434 cpmigrate[5289]: [migrate 174.120.146.122 b4cupcom] restoring b4cupcom from /home/cpmigrate/cpmove-b4cupcom.tar.gz
Apr 23 19:27:58 uscentral434 cpmigrate[4884]: [migrate 174.120.146.122 awchnet] starting rsync of 174.120.146.122:/home/awchnet to /home/awchnet
Apr 23 19:27:59 uscentral434 cpmigrate[4884]: [migrate 174.120.146.122 awchnet] completed rsync of 174.120.146.122:/home/awchnet to /home/awchnet
Apr 23 19:27:59 uscentral434 cpmigrate[4884]: [migrate 174.120.146.122 awchnet] converted awchnet mailboxes to local mailserver dovecot
Apr 23 19:27:59 uscentral434 cpmigrate[4884]: [migrate 174.120.146.122 awchnet] fixing permissions under /home/awchnet
Apr 23 19:28:00 uscentral434 cpmigrate[4884]: [migrate 174.120.146.122 awchnet] changed shell to /usr/local/cpanel/bin/jailshell for awchnet
Apr 23 19:28:00 uscentral434 cpmigrate[4884]: [migrate 174.120.146.122 awchnet] completed restore for awchnet from 174.120.146.122
Apr 23 19:28:00 uscentral434 cpmigrate[4884]: [migrate 174.120.146.122 awinds] warning: found awinds in runtime list, handled by another instance, skipping!
Apr 23 19:28:00 uscentral434 cpmigrate[4884]: [migrate 174.120.146.122 awolgami] warning: found awolgami in runtime list, handled by another instance, skipping!
Apr 23 19:28:00 uscentral434 cpmigrate[4884]: [migrate 174.120.146.122 b4cupcom] warning: found b4cupcom in runtime list, handled by another instance, skipping!
Apr 23 19:28:00 uscentral434 cpmigrate[4884]: [migrate 174.120.146.122 babatund] packaging user babatund on 174.120.146.122
Apr 23 19:28:06 uscentral434 cpmigrate[4884]: [migrate 174.120.146.122 babatund] copying cpmove-babatund.tar.gz from 174.120.146.122 to local
Apr 23 19:28:06 uscentral434 cpmigrate[4884]: [migrate 174.120.146.122 babatund] restoring babatund from /home/cpmigrate/cpmove-babatund.tar.gz
Apr 23 19:29:48 uscentral434 cpmigrate[8133]: [migrate 174.120.146.122 awolgami] starting rsync of 174.120.146.122:/home/awolgami to /home/awolgami
Apr 23 19:30:15 uscentral434 cpmigrate[28408]: [migrate 174.120.146.106 okinarda] starting rsync of 174.120.146.106:/home/okinarda to /home/okinarda
Apr 23 19:30:22 uscentral434 cpmigrate[13179]: [migrate 174.120.146.106 oilcityp] starting rsync of 174.120.146.106:/home/oilcityp to /home/oilcityp
Apr 23 19:30:22 uscentral434 cpmigrate[5289]: [migrate 174.120.146.122 b4cupcom] starting rsync of 174.120.146.122:/home/b4cupcom to /home/b4cupcom
Apr 23 19:30:22 uscentral434 cpmigrate[28408]: [migrate 174.120.146.106 okinarda] completed rsync of 174.120.146.106:/home/okinarda to /home/okinarda
Apr 23 19:30:22 uscentral434 cpmigrate[28408]: [migrate 174.120.146.106 okinarda] converted okinarda mailboxes to local mailserver dovecot
Apr 23 19:30:22 uscentral434 cpmigrate[28408]: [migrate 174.120.146.106 okinarda] fixing permissions under /home/okinarda
Apr 23 19:30:22 uscentral434 cpmigrate[28408]: [migrate 174.120.146.106 okinarda] changed shell to /usr/local/cpanel/bin/jailshell for okinarda
Apr 23 19:30:22 uscentral434 cpmigrate[28408]: [migrate 174.120.146.106 okinarda] completed restore for okinarda from 174.120.146.106
Apr 23 19:30:22 uscentral434 cpmigrate[28408]: [migrate 174.120.146.106 olenomat] packaging user olenomat on 174.120.146.106
Apr 23 19:30:33 uscentral434 cpmigrate[13179]: [migrate 174.120.146.106 oilcityp] completed rsync of 174.120.146.106:/home/oilcityp to /home/oilcityp
Apr 23 19:30:33 uscentral434 cpmigrate[13179]: [migrate 174.120.146.106 oilcityp] converted oilcityp mailboxes to local mailserver dovecot
Apr 23 19:30:33 uscentral434 cpmigrate[13179]: [migrate 174.120.146.106 oilcityp] fixing permissions under /home/oilcityp
Apr 23 19:30:33 uscentral434 cpmigrate[13179]: [migrate 174.120.146.106 oilcityp] changed shell to /usr/local/cpanel/bin/jailshell for oilcityp
Apr 23 19:30:33 uscentral434 cpmigrate[13179]: [migrate 174.120.146.106 oilcityp] completed restore for oilcityp from 174.120.146.106
Apr 23 19:30:33 uscentral434 cpmigrate[13179]: [migrate 174.120.146.106 okinarda] warning: found okinarda in runtime list, handled by another instance, skipping!
Apr 23 19:30:33 uscentral434 cpmigrate[13179]: [migrate 174.120.146.106 olenomat] warning: found olenomat in runtime list, handled by another instance, skipping!
Apr 23 19:30:33 uscentral434 cpmigrate[13179]: [migrate 174.120.146.106 oleodeav] packaging user oleodeav on 174.120.146.106
Apr 23 19:30:34 uscentral434 cpmigrate[28408]: [migrate 174.120.146.106 olenomat] copying cpmove-olenomat.tar.gz from 174.120.146.106 to local
Apr 23 19:30:34 uscentral434 cpmigrate[28408]: [migrate 174.120.146.106 olenomat] restoring olenomat from /home/cpmigrate/cpmove-olenomat.tar.gz
Apr 23 19:30:40 uscentral434 cpmigrate[6896]: [migrate 174.120.146.106 ohiofarm] starting rsync of 174.120.146.106:/home/ohiofarm to /home/ohiofarm
Apr 23 19:30:45 uscentral434 cpmigrate[13179]: [migrate 174.120.146.106 oleodeav] copying cpmove-oleodeav.tar.gz from 174.120.146.106 to local
Apr 23 19:30:45 uscentral434 cpmigrate[13179]: [migrate 174.120.146.106 oleodeav] restoring oleodeav from /home/cpmigrate/cpmove-oleodeav.tar.gz
Apr 23 19:30:50 uscentral434 cpmigrate[6896]: [migrate 174.120.146.106 ohiofarm] completed rsync of 174.120.146.106:/home/ohiofarm to /home/ohiofarm
Apr 23 19:30:50 uscentral434 cpmigrate[6896]: [migrate 174.120.146.106 ohiofarm] converted ohiofarm mailboxes to local mailserver dovecot
Apr 23 19:30:50 uscentral434 cpmigrate[6896]: [migrate 174.120.146.106 ohiofarm] fixing permissions under /home/ohiofarm
Apr 23 19:30:50 uscentral434 cpmigrate[6896]: [migrate 174.120.146.106 ohiofarm] changed shell to /usr/local/cpanel/bin/jailshell for ohiofarm
Apr 23 19:30:50 uscentral434 cpmigrate[6896]: [migrate 174.120.146.106 ohiofarm] completed restore for ohiofarm from 174.120.146.106
Apr 23 19:30:50 uscentral434 cpmigrate[6896]: [migrate 174.120.146.106 oilcityp] warning: found oilcityp in runtime list, handled by another instance, skipping!
Apr 23 19:30:50 uscentral434 cpmigrate[6896]: [migrate 174.120.146.106 okinarda] warning: found okinarda in runtime list, handled by another instance, skipping!
Apr 23 19:30:50 uscentral434 cpmigrate[6896]: [migrate 174.120.146.106 olenomat] warning: found olenomat in runtime list, handled by another instance, skipping!
Apr 23 19:30:50 uscentral434 cpmigrate[6896]: [migrate 174.120.146.106 oleodeav] warning: found oleodeav in runtime list, handled by another instance, skipping!
Apr 23 19:30:50 uscentral434 cpmigrate[6896]: [migrate 174.120.146.106 oleonews] packaging user oleonews on 174.120.146.106
Apr 23 19:30:56 uscentral434 cpmigrate[6896]: [migrate 174.120.146.106 oleonews] copying cpmove-oleonews.tar.gz from 174.120.146.106 to local
Apr 23 19:30:56 uscentral434 cpmigrate[6896]: [migrate 174.120.146.106 oleonews] restoring oleonews from /home/cpmigrate/cpmove-oleonews.tar.gz
Apr 23 19:31:01 uscentral434 cpmigrate[8133]: [migrate 174.120.146.122 awolgami] completed rsync of 174.120.146.122:/home/awolgami to /home/awolgami
Apr 23 19:31:01 uscentral434 cpmigrate[8133]: [migrate 174.120.146.122 awolgami] converted awolgami mailboxes to local mailserver dovecot
Apr 23 19:31:01 uscentral434 cpmigrate[8133]: [migrate 174.120.146.122 awolgami] fixing permissions under /home/awolgami
Apr 23 19:31:02 uscentral434 cpmigrate[8133]: [migrate 174.120.146.122 awolgami] changed shell to /usr/local/cpanel/bin/jailshell for awolgami
Apr 23 19:31:02 uscentral434 cpmigrate[8133]: [migrate 174.120.146.122 awolgami] completed restore for awolgami from 174.120.146.122
Apr 23 19:31:02 uscentral434 cpmigrate[8133]: [migrate 174.120.146.122 b4cupcom] warning: found b4cupcom in runtime list, handled by another instance, skipping!
Apr 23 19:31:02 uscentral434 cpmigrate[8133]: [migrate 174.120.146.122 babatund] warning: found babatund in runtime list, handled by another instance, skipping!
Apr 23 19:31:02 uscentral434 cpmigrate[8133]: [migrate 174.120.146.122 baclickc] packaging user baclickc on 174.120.146.122
Apr 23 19:31:04 uscentral434 cpmigrate[5289]: [migrate 174.120.146.122 b4cupcom] completed rsync of 174.120.146.122:/home/b4cupcom to /home/b4cupcom
Apr 23 19:31:04 uscentral434 cpmigrate[5289]: [migrate 174.120.146.122 b4cupcom] converted b4cupcom mailboxes to local mailserver dovecot
Apr 23 19:31:04 uscentral434 cpmigrate[5289]: [migrate 174.120.146.122 b4cupcom] fixing permissions under /home/b4cupcom
Apr 23 19:31:05 uscentral434 cpmigrate[5289]: [migrate 174.120.146.122 b4cupcom] changed shell to /usr/local/cpanel/bin/jailshell for b4cupcom
Apr 23 19:31:05 uscentral434 cpmigrate[5289]: [migrate 174.120.146.122 b4cupcom] completed restore for b4cupcom from 174.120.146.122
Apr 23 19:31:05 uscentral434 cpmigrate[5289]: [migrate 174.120.146.122 babatund] warning: found babatund in runtime list, handled by another instance, skipping!
Apr 23 19:31:05 uscentral434 cpmigrate[5289]: [migrate 174.120.146.122 baclickc] warning: found baclickc in runtime list, handled by another instance, skipping!
Apr 23 19:31:05 uscentral434 cpmigrate[5289]: [migrate 174.120.146.122 baltidon] packaging user baltidon on 174.120.146.122
Apr 23 19:31:05 uscentral434 cpmigrate[4884]: [migrate 174.120.146.122 babatund] starting rsync of 174.120.146.122:/home/babatund to /home/babatund
Apr 23 19:31:06 uscentral434 cpmigrate[8133]: [migrate 174.120.146.122 baclickc] copying cpmove-baclickc.tar.gz from 174.120.146.122 to local
Apr 23 19:31:06 uscentral434 cpmigrate[8133]: [migrate 174.120.146.122 baclickc] restoring baclickc from /home/cpmigrate/cpmove-baclickc.tar.gz
Apr 23 19:31:09 uscentral434 cpmigrate[4884]: [migrate 174.120.146.122 babatund] completed rsync of 174.120.146.122:/home/babatund to /home/babatund
Apr 23 19:31:09 uscentral434 cpmigrate[4884]: [migrate 174.120.146.122 babatund] converted babatund mailboxes to local mailserver dovecot
Apr 23 19:31:09 uscentral434 cpmigrate[4884]: [migrate 174.120.146.122 babatund] fixing permissions under /home/babatund
Apr 23 19:31:09 uscentral434 cpmigrate[4884]: [migrate 174.120.146.122 babatund] changed shell to /usr/local/cpanel/bin/jailshell for babatund
Apr 23 19:31:09 uscentral434 cpmigrate[4884]: [migrate 174.120.146.122 babatund] completed restore for babatund from 174.120.146.122
Apr 23 19:31:09 uscentral434 cpmigrate[4884]: [migrate 174.120.146.122 baclickc] warning: found baclickc in runtime list, handled by another instance, skipping!
Apr 23 19:31:09 uscentral434 cpmigrate[4884]: [migrate 174.120.146.122 baltidon] warning: found baltidon in runtime list, handled by another instance, skipping!
Apr 23 19:31:09 uscentral434 cpmigrate[4884]: [migrate 174.120.146.122 bande] packaging user bande on 174.120.146.122
Apr 23 19:31:14 uscentral434 cpmigrate[5289]: [migrate 174.120.146.122 baltidon] copying cpmove-baltidon.tar.gz from 174.120.146.122 to local
Apr 23 19:31:14 uscentral434 cpmigrate[4884]: [migrate 174.120.146.122 bande] copying cpmove-bande.tar.gz from 174.120.146.122 to local
Apr 23 19:31:14 uscentral434 cpmigrate[5289]: [migrate 174.120.146.122 baltidon] restoring baltidon from /home/cpmigrate/cpmove-baltidon.tar.gz
Apr 23 19:31:15 uscentral434 cpmigrate[4884]: [migrate 174.120.146.122 bande] restoring bande from /home/cpmigrate/cpmove-bande.tar.gz
Apr 23 19:33:33 uscentral434 cpmigrate[28408]: [migrate 174.120.146.106 olenomat] starting rsync of 174.120.146.106:/home/olenomat to /home/olenomat
Apr 23 19:33:39 uscentral434 cpmigrate[28408]: [migrate 174.120.146.106 olenomat] completed rsync of 174.120.146.106:/home/olenomat to /home/olenomat
Apr 23 19:33:39 uscentral434 cpmigrate[28408]: [migrate 174.120.146.106 olenomat] converted olenomat mailboxes to local mailserver dovecot
Apr 23 19:33:39 uscentral434 cpmigrate[28408]: [migrate 174.120.146.106 olenomat] fixing permissions under /home/olenomat
Apr 23 19:33:39 uscentral434 cpmigrate[28408]: [migrate 174.120.146.106 olenomat] changed shell to /usr/local/cpanel/bin/jailshell for olenomat
Apr 23 19:33:39 uscentral434 cpmigrate[28408]: [migrate 174.120.146.106 olenomat] completed restore for olenomat from 174.120.146.106
Apr 23 19:33:39 uscentral434 cpmigrate[28408]: [migrate 174.120.146.106 oleodeav] warning: found oleodeav in runtime list, handled by another instance, skipping!
Apr 23 19:33:39 uscentral434 cpmigrate[28408]: [migrate 174.120.146.106 oleonews] warning: found oleonews in runtime list, handled by another instance, skipping!
Apr 23 19:33:39 uscentral434 cpmigrate[28408]: [migrate 174.120.146.106 omaswimc] packaging user omaswimc on 174.120.146.106
Apr 23 19:33:51 uscentral434 cpmigrate[28408]: [migrate 174.120.146.106 omaswimc] copying cpmove-omaswimc.tar.gz from 174.120.146.106 to local
Apr 23 19:33:52 uscentral434 cpmigrate[28408]: [migrate 174.120.146.106 omaswimc] restoring omaswimc from /home/cpmigrate/cpmove-omaswimc.tar.gz
Apr 23 19:34:15 uscentral434 cpmigrate[6896]: [migrate 174.120.146.106 oleonews] starting rsync of 174.120.146.106:/home/oleonews to /home/oleonews
Apr 23 19:34:18 uscentral434 cpmigrate[6896]: [migrate 174.120.146.106 oleonews] completed rsync of 174.120.146.106:/home/oleonews to /home/oleonews
Apr 23 19:34:18 uscentral434 cpmigrate[6896]: [migrate 174.120.146.106 oleonews] converted oleonews mailboxes to local mailserver dovecot
Apr 23 19:34:18 uscentral434 cpmigrate[6896]: [migrate 174.120.146.106 oleonews] fixing permissions under /home/oleonews
Apr 23 19:34:18 uscentral434 cpmigrate[6896]: [migrate 174.120.146.106 oleonews] changed shell to /usr/local/cpanel/bin/jailshell for oleonews
Apr 23 19:34:18 uscentral434 cpmigrate[6896]: [migrate 174.120.146.106 oleonews] completed restore for oleonews from 174.120.146.106
Apr 23 19:34:18 uscentral434 cpmigrate[6896]: [migrate 174.120.146.106 omaswimc] warning: found omaswimc in runtime list, handled by another instance, skipping!
Apr 23 19:34:18 uscentral434 cpmigrate[6896]: [migrate 174.120.146.106 one23for] packaging user one23for on 174.120.146.106
Apr 23 19:34:24 uscentral434 cpmigrate[6896]: [migrate 174.120.146.106 one23for] copying cpmove-one23for.tar.gz from 174.120.146.106 to local
Apr 23 19:34:24 uscentral434 cpmigrate[6896]: [migrate 174.120.146.106 one23for] restoring one23for from /home/cpmigrate/cpmove-one23for.tar.gz
Apr 23 19:34:26 uscentral434 cpmigrate[5289]: [migrate 174.120.146.122 baltidon] starting rsync of 174.120.146.122:/home/baltidon to /home/baltidon
Apr 23 19:34:36 uscentral434 cpmigrate[4884]: [migrate 174.120.146.122 bande] starting rsync of 174.120.146.122:/home/bande to /home/bande
Apr 23 19:34:38 uscentral434 cpmigrate[4884]: [migrate 174.120.146.122 bande] completed rsync of 174.120.146.122:/home/bande to /home/bande
Apr 23 19:34:38 uscentral434 cpmigrate[4884]: [migrate 174.120.146.122 bande] converted bande mailboxes to local mailserver dovecot
Apr 23 19:34:38 uscentral434 cpmigrate[4884]: [migrate 174.120.146.122 bande] fixing permissions under /home/bande
Apr 23 19:34:39 uscentral434 cpmigrate[4884]: [migrate 174.120.146.122 bande] changed shell to /usr/local/cpanel/bin/jailshell for bande
Apr 23 19:34:39 uscentral434 cpmigrate[4884]: [migrate 174.120.146.122 bande] completed restore for bande from 174.120.146.122
Apr 23 19:34:39 uscentral434 cpmigrate[4884]: [migrate 174.120.146.122 bandecch] packaging user bandecch on 174.120.146.122
Apr 23 19:34:47 uscentral434 cpmigrate[8133]: [migrate 174.120.146.122 baclickc] starting rsync of 174.120.146.122:/home/baclickc to /home/baclickc
Apr 23 19:34:50 uscentral434 cpmigrate[8133]: [migrate 174.120.146.122 baclickc] completed rsync of 174.120.146.122:/home/baclickc to /home/baclickc
Apr 23 19:34:50 uscentral434 cpmigrate[8133]: [migrate 174.120.146.122 baclickc] converted baclickc mailboxes to local mailserver dovecot
Apr 23 19:34:50 uscentral434 cpmigrate[8133]: [migrate 174.120.146.122 baclickc] fixing permissions under /home/baclickc
Apr 23 19:34:50 uscentral434 cpmigrate[8133]: [migrate 174.120.146.122 baclickc] changed shell to /usr/local/cpanel/bin/jailshell for baclickc
Apr 23 19:34:50 uscentral434 cpmigrate[8133]: [migrate 174.120.146.122 baclickc] completed restore for baclickc from 174.120.146.122
Apr 23 19:34:50 uscentral434 cpmigrate[8133]: [migrate 174.120.146.122 baltidon] warning: found baltidon in runtime list, handled by another instance, skipping!
Apr 23 19:34:50 uscentral434 cpmigrate[8133]: [migrate 174.120.146.122 bande] warning: found bande in runtime list, handled by another instance, skipping!
Apr 23 19:34:50 uscentral434 cpmigrate[8133]: [migrate 174.120.146.122 bandecch] warning: found bandecch in runtime list, handled by another instance, skipping!
Apr 23 19:34:50 uscentral434 cpmigrate[8133]: [migrate 174.120.146.122 bandseec] packaging user bandseec on 174.120.146.122
Apr 23 19:35:00 uscentral434 cpmigrate[4884]: [migrate 174.120.146.122 bandecch] copying cpmove-bandecch.tar.gz from 174.120.146.122 to local
Apr 23 19:35:00 uscentral434 cpmigrate[4884]: [migrate 174.120.146.122 bandecch] restoring bandecch from /home/cpmigrate/cpmove-bandecch.tar.gz
Apr 23 19:35:09 uscentral434 cpmigrate[5289]: [migrate 174.120.146.122 baltidon] completed rsync of 174.120.146.122:/home/baltidon to /home/baltidon
Apr 23 19:35:09 uscentral434 cpmigrate[5289]: [migrate 174.120.146.122 baltidon] converted baltidon mailboxes to local mailserver dovecot
Apr 23 19:35:09 uscentral434 cpmigrate[5289]: [migrate 174.120.146.122 baltidon] fixing permissions under /home/baltidon
Apr 23 19:35:10 uscentral434 cpmigrate[5289]: [migrate 174.120.146.122 baltidon] changed shell to /usr/local/cpanel/bin/jailshell for baltidon
Apr 23 19:35:10 uscentral434 cpmigrate[5289]: [migrate 174.120.146.122 baltidon] completed restore for baltidon from 174.120.146.122
Apr 23 19:35:10 uscentral434 cpmigrate[5289]: [migrate 174.120.146.122 bande] warning: found bande in runtime list, handled by another instance, skipping!
Apr 23 19:35:10 uscentral434 cpmigrate[5289]: [migrate 174.120.146.122 bandecch] warning: found bandecch in runtime list, handled by another instance, skipping!
Apr 23 19:35:10 uscentral434 cpmigrate[5289]: [migrate 174.120.146.122 bandseec] warning: found bandseec in runtime list, handled by another instance, skipping!
Apr 23 19:35:10 uscentral434 cpmigrate[5289]: [migrate 174.120.146.122 bankhead] packaging user bankhead on 174.120.146.122
Apr 23 19:35:17 uscentral434 cpmigrate[5289]: [migrate 174.120.146.122 bankhead] copying cpmove-bankhead.tar.gz from 174.120.146.122 to local
Apr 23 19:35:17 uscentral434 cpmigrate[8133]: [migrate 174.120.146.122 bandseec] copying cpmove-bandseec.tar.gz from 174.120.146.122 to local
Apr 23 19:35:18 uscentral434 cpmigrate[5289]: [migrate 174.120.146.122 bankhead] restoring bankhead from /home/cpmigrate/cpmove-bankhead.tar.gz
Apr 23 19:35:18 uscentral434 cpmigrate[8133]: [migrate 174.120.146.122 bandseec] restoring bandseec from /home/cpmigrate/cpmove-bandseec.tar.gz
Apr 23 19:36:54 uscentral434 cpmigrate[13179]: [migrate 174.120.146.106 oleodeav] starting rsync of 174.120.146.106:/home/oleodeav to /home/oleodeav
Apr 23 19:37:00 uscentral434 cpmigrate[13179]: [migrate 174.120.146.106 oleodeav] completed rsync of 174.120.146.106:/home/oleodeav to /home/oleodeav
Apr 23 19:37:00 uscentral434 cpmigrate[13179]: [migrate 174.120.146.106 oleodeav] converted oleodeav mailboxes to local mailserver dovecot
Apr 23 19:37:00 uscentral434 cpmigrate[13179]: [migrate 174.120.146.106 oleodeav] fixing permissions under /home/oleodeav
Apr 23 19:37:00 uscentral434 cpmigrate[13179]: [migrate 174.120.146.106 oleodeav] changed shell to /usr/local/cpanel/bin/jailshell for oleodeav
Apr 23 19:37:00 uscentral434 cpmigrate[13179]: [migrate 174.120.146.106 oleodeav] completed restore for oleodeav from 174.120.146.106
Apr 23 19:37:00 uscentral434 cpmigrate[13179]: [migrate 174.120.146.106 oleonews] warning: found oleonews in runtime list, handled by another instance, skipping!
Apr 23 19:37:00 uscentral434 cpmigrate[13179]: [migrate 174.120.146.106 omaswimc] warning: found omaswimc in runtime list, handled by another instance, skipping!
Apr 23 19:37:00 uscentral434 cpmigrate[13179]: [migrate 174.120.146.106 one23for] warning: found one23for in runtime list, handled by another instance, skipping!
Apr 23 19:37:00 uscentral434 cpmigrate[13179]: [migrate 174.120.146.106 onedayin] packaging user onedayin on 174.120.146.106
Apr 23 19:37:29 uscentral434 cpmigrate[6896]: [migrate 174.120.146.106 one23for] starting rsync of 174.120.146.106:/home/one23for to /home/one23for
Apr 23 19:37:31 uscentral434 cpmigrate[6896]: [migrate 174.120.146.106 one23for] completed rsync of 174.120.146.106:/home/one23for to /home/one23for
Apr 23 19:37:31 uscentral434 cpmigrate[6896]: [migrate 174.120.146.106 one23for] converted one23for mailboxes to local mailserver dovecot
Apr 23 19:37:31 uscentral434 cpmigrate[6896]: [migrate 174.120.146.106 one23for] fixing permissions under /home/one23for
Apr 23 19:37:31 uscentral434 cpmigrate[6896]: [migrate 174.120.146.106 one23for] changed shell to /usr/local/cpanel/bin/jailshell for one23for
Apr 23 19:37:31 uscentral434 cpmigrate[6896]: [migrate 174.120.146.106 one23for] completed restore for one23for from 174.120.146.106
Apr 23 19:37:31 uscentral434 cpmigrate[6896]: [migrate 174.120.146.106 onedayin] warning: found onedayin in runtime list, handled by another instance, skipping!
Apr 23 19:37:31 uscentral434 cpmigrate[6896]: [migrate 174.120.146.106 online] packaging user online on 174.120.146.106
Apr 23 19:37:46 uscentral434 cpmigrate[13179]: [migrate 174.120.146.106 onedayin] copying cpmove-onedayin.tar.gz from 174.120.146.106 to local
Apr 23 19:37:46 uscentral434 cpmigrate[13179]: [migrate 174.120.146.106 onedayin] restoring onedayin from /home/cpmigrate/cpmove-onedayin.tar.gz
Apr 23 19:37:47 uscentral434 cpmigrate[6896]: [migrate 174.120.146.106 online] copying cpmove-online.tar.gz from 174.120.146.106 to local
Apr 23 19:37:47 uscentral434 cpmigrate[6896]: [migrate 174.120.146.106 online] restoring online from /home/cpmigrate/cpmove-online.tar.gz
Apr 23 19:38:23 uscentral434 cpmigrate[28408]: [migrate 174.120.146.106 omaswimc] starting rsync of 174.120.146.106:/home/omaswimc to /home/omaswimc
Apr 23 19:38:25 uscentral434 cpmigrate[5289]: [migrate 174.120.146.122 bankhead] starting rsync of 174.120.146.122:/home/bankhead to /home/bankhead
Apr 23 19:38:27 uscentral434 cpmigrate[28408]: [migrate 174.120.146.106 omaswimc] completed rsync of 174.120.146.106:/home/omaswimc to /home/omaswimc
Apr 23 19:38:27 uscentral434 cpmigrate[28408]: [migrate 174.120.146.106 omaswimc] converted omaswimc mailboxes to local mailserver dovecot
Apr 23 19:38:27 uscentral434 cpmigrate[28408]: [migrate 174.120.146.106 omaswimc] fixing permissions under /home/omaswimc
Apr 23 19:38:27 uscentral434 cpmigrate[28408]: [migrate 174.120.146.106 omaswimc] changed shell to /usr/local/cpanel/bin/jailshell for omaswimc
Apr 23 19:38:27 uscentral434 cpmigrate[28408]: [migrate 174.120.146.106 omaswimc] completed restore for omaswimc from 174.120.146.106
Apr 23 19:38:27 uscentral434 cpmigrate[28408]: [migrate 174.120.146.106 one23for] warning: found one23for in runtime list, handled by another instance, skipping!
Apr 23 19:38:27 uscentral434 cpmigrate[28408]: [migrate 174.120.146.106 onedayin] warning: found onedayin in runtime list, handled by another instance, skipping!
Apr 23 19:38:27 uscentral434 cpmigrate[28408]: [migrate 174.120.146.106 online] warning: found online in runtime list, handled by another instance, skipping!
Apr 23 19:38:27 uscentral434 cpmigrate[28408]: [migrate 174.120.146.106 onlinecl] packaging user onlinecl on 174.120.146.106
Apr 23 19:38:34 uscentral434 cpmigrate[28408]: [migrate 174.120.146.106 onlinecl] copying cpmove-onlinecl.tar.gz from 174.120.146.106 to local
Apr 23 19:38:35 uscentral434 cpmigrate[28408]: [migrate 174.120.146.106 onlinecl] restoring onlinecl from /home/cpmigrate/cpmove-onlinecl.tar.gz
Apr 23 19:39:40 uscentral434 cpmigrate[5289]: [migrate 174.120.146.122 bankhead] completed rsync of 174.120.146.122:/home/bankhead to /home/bankhead
Apr 23 19:39:40 uscentral434 cpmigrate[5289]: [migrate 174.120.146.122 bankhead] converted bankhead mailboxes to local mailserver dovecot
Apr 23 19:39:40 uscentral434 cpmigrate[5289]: [migrate 174.120.146.122 bankhead] fixing permissions under /home/bankhead
Apr 23 19:39:41 uscentral434 cpmigrate[5289]: [migrate 174.120.146.122 bankhead] changed shell to /usr/local/cpanel/bin/jailshell for bankhead
Apr 23 19:39:41 uscentral434 cpmigrate[5289]: [migrate 174.120.146.122 bankhead] completed restore for bankhead from 174.120.146.122
Apr 23 19:39:41 uscentral434 cpmigrate[5289]: [migrate 174.120.146.122 baratazo] packaging user baratazo on 174.120.146.122
Apr 23 19:39:44 uscentral434 cpmigrate[8133]: [migrate 174.120.146.122 bandseec] starting rsync of 174.120.146.122:/home/bandseec to /home/bandseec
Apr 23 19:39:53 uscentral434 cpmigrate[6896]: [migrate 174.120.146.106 online] starting rsync of 174.120.146.106:/home/online to /home/online
Apr 23 19:40:04 uscentral434 cpmigrate[5289]: [migrate 174.120.146.122 baratazo] copying cpmove-baratazo.tar.gz from 174.120.146.122 to local
Apr 23 19:40:04 uscentral434 cpmigrate[5289]: [migrate 174.120.146.122 baratazo] restoring baratazo from /home/cpmigrate/cpmove-baratazo.tar.gz
Apr 23 19:40:19 uscentral434 cpmigrate[8133]: [migrate 174.120.146.122 bandseec] completed rsync of 174.120.146.122:/home/bandseec to /home/bandseec
Apr 23 19:40:19 uscentral434 cpmigrate[8133]: [migrate 174.120.146.122 bandseec] converted bandseec mailboxes to local mailserver dovecot
Apr 23 19:40:19 uscentral434 cpmigrate[8133]: [migrate 174.120.146.122 bandseec] fixing permissions under /home/bandseec
Apr 23 19:40:19 uscentral434 cpmigrate[8133]: [migrate 174.120.146.122 bandseec] changed shell to /usr/local/cpanel/bin/jailshell for bandseec
Apr 23 19:40:19 uscentral434 cpmigrate[8133]: [migrate 174.120.146.122 bandseec] completed restore for bandseec from 174.120.146.122
Apr 23 19:40:19 uscentral434 cpmigrate[8133]: [migrate 174.120.146.122 bankhead] warning: found bankhead in runtime list, handled by another instance, skipping!
Apr 23 19:40:19 uscentral434 cpmigrate[8133]: [migrate 174.120.146.122 baratazo] warning: found baratazo in runtime list, handled by another instance, skipping!
Apr 23 19:40:19 uscentral434 cpmigrate[8133]: [migrate 174.120.146.122 barclayo] packaging user barclayo on 174.120.146.122
Apr 23 19:40:20 uscentral434 cpmigrate[6896]: [migrate 174.120.146.106 online] completed rsync of 174.120.146.106:/home/online to /home/online
Apr 23 19:40:20 uscentral434 cpmigrate[6896]: [migrate 174.120.146.106 online] converted online mailboxes to local mailserver dovecot
Apr 23 19:40:20 uscentral434 cpmigrate[6896]: [migrate 174.120.146.106 online] fixing permissions under /home/online
Apr 23 19:40:20 uscentral434 cpmigrate[6896]: [migrate 174.120.146.106 online] changed shell to /usr/local/cpanel/bin/jailshell for online
Apr 23 19:40:20 uscentral434 cpmigrate[6896]: [migrate 174.120.146.106 online] completed restore for online from 174.120.146.106
Apr 23 19:40:20 uscentral434 cpmigrate[6896]: [migrate 174.120.146.106 onlinecl] warning: found onlinecl in runtime list, handled by another instance, skipping!
Apr 23 19:40:20 uscentral434 cpmigrate[6896]: [migrate 174.120.146.106 onlineco] packaging user onlineco on 174.120.146.106
Apr 23 19:40:25 uscentral434 cpmigrate[6896]: [migrate 174.120.146.106 onlineco] copying cpmove-onlineco.tar.gz from 174.120.146.106 to local
Apr 23 19:40:26 uscentral434 cpmigrate[6896]: [migrate 174.120.146.106 onlineco] restoring onlineco from /home/cpmigrate/cpmove-onlineco.tar.gz
Apr 23 19:40:28 uscentral434 cpmigrate[8133]: [migrate 174.120.146.122 barclayo] copying cpmove-barclayo.tar.gz from 174.120.146.122 to local
Apr 23 19:40:29 uscentral434 cpmigrate[8133]: [migrate 174.120.146.122 barclayo] restoring barclayo from /home/cpmigrate/cpmove-barclayo.tar.gz
Apr 23 19:40:46 uscentral434 cpmigrate[13179]: [migrate 174.120.146.106 onedayin] starting rsync of 174.120.146.106:/home/onedayin to /home/onedayin
Apr 23 19:40:53 uscentral434 cpmigrate[13179]: [migrate 174.120.146.106 onedayin] completed rsync of 174.120.146.106:/home/onedayin to /home/onedayin
Apr 23 19:40:53 uscentral434 cpmigrate[13179]: [migrate 174.120.146.106 onedayin] converted onedayin mailboxes to local mailserver dovecot
Apr 23 19:40:53 uscentral434 cpmigrate[13179]: [migrate 174.120.146.106 onedayin] fixing permissions under /home/onedayin
Apr 23 19:40:53 uscentral434 cpmigrate[13179]: [migrate 174.120.146.106 onedayin] changed shell to /usr/local/cpanel/bin/jailshell for onedayin
Apr 23 19:40:53 uscentral434 cpmigrate[13179]: [migrate 174.120.146.106 onedayin] completed restore for onedayin from 174.120.146.106
Apr 23 19:40:53 uscentral434 cpmigrate[13179]: [migrate 174.120.146.106 online] warning: found online in runtime list, handled by another instance, skipping!
Apr 23 19:40:53 uscentral434 cpmigrate[13179]: [migrate 174.120.146.106 onlinecl] warning: found onlinecl in runtime list, handled by another instance, skipping!
Apr 23 19:40:53 uscentral434 cpmigrate[13179]: [migrate 174.120.146.106 onlineco] warning: found onlineco in runtime list, handled by another instance, skipping!
Apr 23 19:40:53 uscentral434 cpmigrate[13179]: [migrate 174.120.146.106 onlineus] packaging user onlineus on 174.120.146.106
Apr 23 19:40:58 uscentral434 cpmigrate[13179]: [migrate 174.120.146.106 onlineus] copying cpmove-onlineus.tar.gz from 174.120.146.106 to local
Apr 23 19:40:58 uscentral434 cpmigrate[13179]: [migrate 174.120.146.106 onlineus] restoring onlineus from /home/cpmigrate/cpmove-onlineus.tar.gz
Apr 23 19:41:32 uscentral434 cpmigrate[28408]: [migrate 174.120.146.106 onlinecl] starting rsync of 174.120.146.106:/home/onlinecl to /home/onlinecl
Apr 23 19:41:34 uscentral434 cpmigrate[28408]: [migrate 174.120.146.106 onlinecl] completed rsync of 174.120.146.106:/home/onlinecl to /home/onlinecl
Apr 23 19:41:34 uscentral434 cpmigrate[28408]: [migrate 174.120.146.106 onlinecl] converted onlinecl mailboxes to local mailserver dovecot
Apr 23 19:41:34 uscentral434 cpmigrate[28408]: [migrate 174.120.146.106 onlinecl] fixing permissions under /home/onlinecl
Apr 23 19:41:34 uscentral434 cpmigrate[28408]: [migrate 174.120.146.106 onlinecl] changed shell to /usr/local/cpanel/bin/jailshell for onlinecl
Apr 23 19:41:34 uscentral434 cpmigrate[28408]: [migrate 174.120.146.106 onlinecl] completed restore for onlinecl from 174.120.146.106
Apr 23 19:41:34 uscentral434 cpmigrate[28408]: [migrate 174.120.146.106 onlineco] warning: found onlineco in runtime list, handled by another instance, skipping!
Apr 23 19:41:34 uscentral434 cpmigrate[28408]: [migrate 174.120.146.106 onlineus] warning: found onlineus in runtime list, handled by another instance, skipping!
Apr 23 19:41:34 uscentral434 cpmigrate[28408]: [migrate 174.120.146.106 openjewe] packaging user openjewe on 174.120.146.106
Apr 23 19:41:38 uscentral434 cpmigrate[28408]: [migrate 174.120.146.106 openjewe] copying cpmove-openjewe.tar.gz from 174.120.146.106 to local
Apr 23 19:41:39 uscentral434 cpmigrate[28408]: [migrate 174.120.146.106 openjewe] restoring openjewe from /home/cpmigrate/cpmove-openjewe.tar.gz
Apr 23 19:41:47 uscentral434 cpmigrate[4884]: [migrate 174.120.146.122 bandecch] starting rsync of 174.120.146.122:/home/bandecch to /home/bandecch
Apr 23 19:42:14 uscentral434 cpmigrate[4884]: [migrate 174.120.146.122 bandecch] completed rsync of 174.120.146.122:/home/bandecch to /home/bandecch
Apr 23 19:42:14 uscentral434 cpmigrate[4884]: [migrate 174.120.146.122 bandecch] converted bandecch mailboxes to local mailserver dovecot
Apr 23 19:42:14 uscentral434 cpmigrate[4884]: [migrate 174.120.146.122 bandecch] fixing permissions under /home/bandecch
Apr 23 19:42:14 uscentral434 cpmigrate[4884]: [migrate 174.120.146.122 bandecch] changed shell to /usr/local/cpanel/bin/jailshell for bandecch
Apr 23 19:42:14 uscentral434 cpmigrate[4884]: [migrate 174.120.146.122 bandecch] completed restore for bandecch from 174.120.146.122
Apr 23 19:42:14 uscentral434 cpmigrate[4884]: [migrate 174.120.146.122 bandseec] warning: found bandseec in runtime list, handled by another instance, skipping!
Apr 23 19:42:14 uscentral434 cpmigrate[4884]: [migrate 174.120.146.122 bankhead] warning: found bankhead in runtime list, handled by another instance, skipping!
Apr 23 19:42:14 uscentral434 cpmigrate[4884]: [migrate 174.120.146.122 baratazo] warning: found baratazo in runtime list, handled by another instance, skipping!
Apr 23 19:42:14 uscentral434 cpmigrate[4884]: [migrate 174.120.146.122 barclayo] warning: found barclayo in runtime list, handled by another instance, skipping!
Apr 23 19:42:14 uscentral434 cpmigrate[4884]: [migrate 174.120.146.122 barronar] packaging user barronar on 174.120.146.122
Apr 23 19:42:22 uscentral434 cpmigrate[4884]: [migrate 174.120.146.122 barronar] copying cpmove-barronar.tar.gz from 174.120.146.122 to local
Apr 23 19:42:22 uscentral434 cpmigrate[4884]: [migrate 174.120.146.122 barronar] restoring barronar from /home/cpmigrate/cpmove-barronar.tar.gz
Apr 23 19:43:15 uscentral434 cpmigrate[5289]: [migrate 174.120.146.122 baratazo] starting rsync of 174.120.146.122:/home/baratazo to /home/baratazo
Apr 23 19:43:28 uscentral434 cpmigrate[5289]: [migrate 174.120.146.122 baratazo] completed rsync of 174.120.146.122:/home/baratazo to /home/baratazo
Apr 23 19:43:28 uscentral434 cpmigrate[5289]: [migrate 174.120.146.122 baratazo] converted baratazo mailboxes to local mailserver dovecot
Apr 23 19:43:28 uscentral434 cpmigrate[5289]: [migrate 174.120.146.122 baratazo] fixing permissions under /home/baratazo
Apr 23 19:43:28 uscentral434 cpmigrate[5289]: [migrate 174.120.146.122 baratazo] changed shell to /usr/local/cpanel/bin/jailshell for baratazo
Apr 23 19:43:28 uscentral434 cpmigrate[5289]: [migrate 174.120.146.122 baratazo] completed restore for baratazo from 174.120.146.122
Apr 23 19:43:28 uscentral434 cpmigrate[5289]: [migrate 174.120.146.122 barclayo] warning: found barclayo in runtime list, handled by another instance, skipping!
Apr 23 19:43:29 uscentral434 cpmigrate[5289]: [migrate 174.120.146.122 barronar] warning: found barronar in runtime list, handled by another instance, skipping!
Apr 23 19:43:29 uscentral434 cpmigrate[5289]: [migrate 174.120.146.122 basstast] packaging user basstast on 174.120.146.122
Apr 23 19:43:32 uscentral434 cpmigrate[5289]: [migrate 174.120.146.122 basstast] copying cpmove-basstast.tar.gz from 174.120.146.122 to local
Apr 23 19:43:32 uscentral434 cpmigrate[5289]: [migrate 174.120.146.122 basstast] restoring basstast from /home/cpmigrate/cpmove-basstast.tar.gz
Apr 23 19:44:03 uscentral434 cpmigrate[13179]: [migrate 174.120.146.106 onlineus] starting rsync of 174.120.146.106:/home/onlineus to /home/onlineus
Apr 23 19:44:11 uscentral434 cpmigrate[13179]: [migrate 174.120.146.106 onlineus] completed rsync of 174.120.146.106:/home/onlineus to /home/onlineus
Apr 23 19:44:11 uscentral434 cpmigrate[13179]: [migrate 174.120.146.106 onlineus] converted onlineus mailboxes to local mailserver dovecot
Apr 23 19:44:11 uscentral434 cpmigrate[13179]: [migrate 174.120.146.106 onlineus] fixing permissions under /home/onlineus
Apr 23 19:44:11 uscentral434 cpmigrate[13179]: [migrate 174.120.146.106 onlineus] changed shell to /usr/local/cpanel/bin/jailshell for onlineus
Apr 23 19:44:11 uscentral434 cpmigrate[13179]: [migrate 174.120.146.106 onlineus] completed restore for onlineus from 174.120.146.106
Apr 23 19:44:11 uscentral434 cpmigrate[13179]: [migrate 174.120.146.106 openjewe] warning: found openjewe in runtime list, handled by another instance, skipping!
Apr 23 19:44:11 uscentral434 cpmigrate[13179]: [migrate 174.120.146.106 optimalp] packaging user optimalp on 174.120.146.106
Apr 23 19:44:18 uscentral434 cpmigrate[13179]: [migrate 174.120.146.106 optimalp] copying cpmove-optimalp.tar.gz from 174.120.146.106 to local
Apr 23 19:44:18 uscentral434 cpmigrate[13179]: [migrate 174.120.146.106 optimalp] restoring optimalp from /home/cpmigrate/cpmove-optimalp.tar.gz
Apr 23 19:44:26 uscentral434 cpmigrate[6896]: [migrate 174.120.146.106 onlineco] starting rsync of 174.120.146.106:/home/onlineco to /home/onlineco
Apr 23 19:44:30 uscentral434 cpmigrate[6896]: [migrate 174.120.146.106 onlineco] completed rsync of 174.120.146.106:/home/onlineco to /home/onlineco
Apr 23 19:44:30 uscentral434 cpmigrate[6896]: [migrate 174.120.146.106 onlineco] converted onlineco mailboxes to local mailserver dovecot
Apr 23 19:44:30 uscentral434 cpmigrate[6896]: [migrate 174.120.146.106 onlineco] fixing permissions under /home/onlineco
Apr 23 19:44:30 uscentral434 cpmigrate[6896]: [migrate 174.120.146.106 onlineco] changed shell to /usr/local/cpanel/bin/jailshell for onlineco
Apr 23 19:44:30 uscentral434 cpmigrate[6896]: [migrate 174.120.146.106 onlineco] completed restore for onlineco from 174.120.146.106
Apr 23 19:44:30 uscentral434 cpmigrate[6896]: [migrate 174.120.146.106 onlineus] warning: found onlineus in runtime list, handled by another instance, skipping!
Apr 23 19:44:30 uscentral434 cpmigrate[6896]: [migrate 174.120.146.106 openjewe] warning: found openjewe in runtime list, handled by another instance, skipping!
Apr 23 19:44:30 uscentral434 cpmigrate[6896]: [migrate 174.120.146.106 optimalp] warning: found optimalp in runtime list, handled by another instance, skipping!
Apr 23 19:44:30 uscentral434 cpmigrate[6896]: [migrate 174.120.146.106 optimump] packaging user optimump on 174.120.146.106
Apr 23 19:44:38 uscentral434 cpmigrate[6896]: [migrate 174.120.146.106 optimump] copying cpmove-optimump.tar.gz from 174.120.146.106 to local
Apr 23 19:44:38 uscentral434 cpmigrate[6896]: [migrate 174.120.146.106 optimump] restoring optimump from /home/cpmigrate/cpmove-optimump.tar.gz
Apr 23 19:44:59 uscentral434 cpmigrate[28408]: [migrate 174.120.146.106 openjewe] starting rsync of 174.120.146.106:/home/openjewe to /home/openjewe
