Apr 23 23:44:38 uscentral434 cpmigrate[8133]: [migrate 174.120.146.122 delo321] restoring delo321 from /home/cpmigrate/cpmove-delo321.tar.gz
Apr 23 23:46:11 uscentral434 cpmigrate[4884]: [migrate 174.120.146.122 deepervo] starting rsync of 174.120.146.122:/home/deepervo to /home/deepervo
Apr 23 23:46:13 uscentral434 cpmigrate[5289]: [migrate 174.120.146.122 debrabur] starting rsync of 174.120.146.122:/home/debrabur to /home/debrabur
Apr 23 23:46:15 uscentral434 cpmigrate[4884]: [migrate 174.120.146.122 deepervo] completed rsync of 174.120.146.122:/home/deepervo to /home/deepervo
Apr 23 23:46:15 uscentral434 cpmigrate[4884]: [migrate 174.120.146.122 deepervo] converted deepervo mailboxes to local mailserver dovecot
Apr 23 23:46:15 uscentral434 cpmigrate[4884]: [migrate 174.120.146.122 deepervo] fixing permissions under /home/deepervo
Apr 23 23:46:15 uscentral434 cpmigrate[4884]: [migrate 174.120.146.122 deepervo] changed shell to /usr/local/cpanel/bin/jailshell for deepervo
Apr 23 23:46:15 uscentral434 cpmigrate[4884]: [migrate 174.120.146.122 deepervo] completed restore for deepervo from 174.120.146.122
Apr 23 23:46:15 uscentral434 cpmigrate[4884]: [migrate 174.120.146.122 delo321] warning: found delo321 in runtime list, handled by another instance, skipping!
Apr 23 23:46:15 uscentral434 cpmigrate[4884]: [migrate 174.120.146.122 delousco] packaging user delousco on 174.120.146.122
Apr 23 23:46:17 uscentral434 cpmigrate[5289]: [migrate 174.120.146.122 debrabur] completed rsync of 174.120.146.122:/home/debrabur to /home/debrabur
Apr 23 23:46:17 uscentral434 cpmigrate[5289]: [migrate 174.120.146.122 debrabur] converted debrabur mailboxes to local mailserver dovecot
Apr 23 23:46:17 uscentral434 cpmigrate[5289]: [migrate 174.120.146.122 debrabur] fixing permissions under /home/debrabur
Apr 23 23:46:17 uscentral434 cpmigrate[5289]: [migrate 174.120.146.122 debrabur] changed shell to /usr/local/cpanel/bin/jailshell for debrabur
Apr 23 23:46:17 uscentral434 cpmigrate[5289]: [migrate 174.120.146.122 debrabur] completed restore for debrabur from 174.120.146.122
Apr 23 23:46:17 uscentral434 cpmigrate[5289]: [migrate 174.120.146.122 deepervo] warning: found deepervo in runtime list, handled by another instance, skipping!
Apr 23 23:46:17 uscentral434 cpmigrate[5289]: [migrate 174.120.146.122 delo321] warning: found delo321 in runtime list, handled by another instance, skipping!
Apr 23 23:46:17 uscentral434 cpmigrate[5289]: [migrate 174.120.146.122 delousco] warning: found delousco in runtime list, handled by another instance, skipping!
Apr 23 23:46:17 uscentral434 cpmigrate[5289]: [migrate 174.120.146.122 denijack] packaging user denijack on 174.120.146.122
Apr 23 23:46:22 uscentral434 cpmigrate[4884]: [migrate 174.120.146.122 delousco] copying cpmove-delousco.tar.gz from 174.120.146.122 to local
Apr 23 23:46:22 uscentral434 cpmigrate[4884]: [migrate 174.120.146.122 delousco] restoring delousco from /home/cpmigrate/cpmove-delousco.tar.gz
Apr 23 23:46:26 uscentral434 cpmigrate[5289]: [migrate 174.120.146.122 denijack] copying cpmove-denijack.tar.gz from 174.120.146.122 to local
Apr 23 23:46:27 uscentral434 cpmigrate[5289]: [migrate 174.120.146.122 denijack] restoring denijack from /home/cpmigrate/cpmove-denijack.tar.gz
Apr 23 23:47:52 uscentral434 cpmigrate[13179]: [migrate 174.120.146.106 retrieve] completed rsync of 174.120.146.106:/home/retrieve to /home/retrieve
Apr 23 23:47:52 uscentral434 cpmigrate[13179]: [migrate 174.120.146.106 retrieve] converted retrieve mailboxes to local mailserver dovecot
Apr 23 23:47:52 uscentral434 cpmigrate[13179]: [migrate 174.120.146.106 retrieve] fixing permissions under /home/retrieve
Apr 23 23:47:53 uscentral434 cpmigrate[13179]: [migrate 174.120.146.106 retrieve] changed shell to /usr/local/cpanel/bin/jailshell for retrieve
Apr 23 23:47:53 uscentral434 cpmigrate[13179]: [migrate 174.120.146.106 retrieve] completed restore for retrieve from 174.120.146.106
Apr 23 23:47:53 uscentral434 cpmigrate[13179]: [migrate 174.120.146.106 rhino] warning: found rhino in runtime list, handled by another instance, skipping!
Apr 23 23:47:53 uscentral434 cpmigrate[13179]: [migrate 174.120.146.106 riadam] warning: found riadam in runtime list, handled by another instance, skipping!
Apr 23 23:47:53 uscentral434 cpmigrate[13179]: [migrate 174.120.146.106 rickshaw] warning: found rickshaw in runtime list, handled by another instance, skipping!
Apr 23 23:47:53 uscentral434 cpmigrate[13179]: [migrate 174.120.146.106 ridergla] packaging user ridergla on 174.120.146.106
Apr 23 23:48:48 uscentral434 cpmigrate[13179]: [migrate 174.120.146.106 ridergla] copying cpmove-ridergla.tar.gz from 174.120.146.106 to local
Apr 23 23:48:48 uscentral434 cpmigrate[13179]: [migrate 174.120.146.106 ridergla] restoring ridergla from /home/cpmigrate/cpmove-ridergla.tar.gz
Apr 23 23:49:05 uscentral434 cpmigrate[8133]: [migrate 174.120.146.122 delo321] starting rsync of 174.120.146.122:/home/delo321 to /home/delo321
Apr 23 23:49:09 uscentral434 cpmigrate[8133]: [migrate 174.120.146.122 delo321] completed rsync of 174.120.146.122:/home/delo321 to /home/delo321
Apr 23 23:49:09 uscentral434 cpmigrate[8133]: [migrate 174.120.146.122 delo321] converted delo321 mailboxes to local mailserver dovecot
Apr 23 23:49:09 uscentral434 cpmigrate[8133]: [migrate 174.120.146.122 delo321] fixing permissions under /home/delo321
Apr 23 23:49:09 uscentral434 cpmigrate[8133]: [migrate 174.120.146.122 delo321] changed shell to /usr/local/cpanel/bin/jailshell for delo321
Apr 23 23:49:09 uscentral434 cpmigrate[8133]: [migrate 174.120.146.122 delo321] completed restore for delo321 from 174.120.146.122
Apr 23 23:49:09 uscentral434 cpmigrate[8133]: [migrate 174.120.146.122 delousco] warning: found delousco in runtime list, handled by another instance, skipping!
Apr 23 23:49:09 uscentral434 cpmigrate[8133]: [migrate 174.120.146.122 denijack] warning: found denijack in runtime list, handled by another instance, skipping!
Apr 23 23:49:09 uscentral434 cpmigrate[8133]: [migrate 174.120.146.122 denisetr] packaging user denisetr on 174.120.146.122
Apr 23 23:49:23 uscentral434 cpmigrate[8133]: [migrate 174.120.146.122 denisetr] copying cpmove-denisetr.tar.gz from 174.120.146.122 to local
Apr 23 23:49:23 uscentral434 cpmigrate[8133]: [migrate 174.120.146.122 denisetr] restoring denisetr from /home/cpmigrate/cpmove-denisetr.tar.gz
Apr 23 23:49:29 uscentral434 cpmigrate[6896]: [migrate 174.120.146.106 rickshaw] completed rsync of 174.120.146.106:/home/rickshaw to /home/rickshaw
Apr 23 23:49:29 uscentral434 cpmigrate[6896]: [migrate 174.120.146.106 rickshaw] converted rickshaw mailboxes to local mailserver dovecot
Apr 23 23:49:29 uscentral434 cpmigrate[6896]: [migrate 174.120.146.106 rickshaw] fixing permissions under /home/rickshaw
Apr 23 23:49:29 uscentral434 cpmigrate[6896]: [migrate 174.120.146.106 rickshaw] changed shell to /usr/local/cpanel/bin/jailshell for rickshaw
Apr 23 23:49:30 uscentral434 cpmigrate[6896]: [migrate 174.120.146.106 rickshaw] completed restore for rickshaw from 174.120.146.106
Apr 23 23:49:30 uscentral434 cpmigrate[6896]: [migrate 174.120.146.106 ridergla] warning: found ridergla in runtime list, handled by another instance, skipping!
Apr 23 23:49:30 uscentral434 cpmigrate[6896]: [migrate 174.120.146.106 rilester] packaging user rilester on 174.120.146.106
Apr 23 23:49:46 uscentral434 cpmigrate[4884]: [migrate 174.120.146.122 delousco] starting rsync of 174.120.146.122:/home/delousco to /home/delousco
Apr 23 23:49:50 uscentral434 cpmigrate[4884]: [migrate 174.120.146.122 delousco] completed rsync of 174.120.146.122:/home/delousco to /home/delousco
Apr 23 23:49:50 uscentral434 cpmigrate[4884]: [migrate 174.120.146.122 delousco] converted delousco mailboxes to local mailserver dovecot
Apr 23 23:49:50 uscentral434 cpmigrate[4884]: [migrate 174.120.146.122 delousco] fixing permissions under /home/delousco
Apr 23 23:49:51 uscentral434 cpmigrate[4884]: [migrate 174.120.146.122 delousco] changed shell to /usr/local/cpanel/bin/jailshell for delousco
Apr 23 23:49:51 uscentral434 cpmigrate[4884]: [migrate 174.120.146.122 delousco] completed restore for delousco from 174.120.146.122
Apr 23 23:49:51 uscentral434 cpmigrate[4884]: [migrate 174.120.146.122 denijack] warning: found denijack in runtime list, handled by another instance, skipping!
Apr 23 23:49:51 uscentral434 cpmigrate[4884]: [migrate 174.120.146.122 denisetr] warning: found denisetr in runtime list, handled by another instance, skipping!
Apr 23 23:49:51 uscentral434 cpmigrate[4884]: [migrate 174.120.146.122 deptesti] packaging user deptesti on 174.120.146.122
Apr 23 23:49:51 uscentral434 cpmigrate[6896]: [migrate 174.120.146.106 rilester] copying cpmove-rilester.tar.gz from 174.120.146.106 to local
Apr 23 23:49:51 uscentral434 cpmigrate[6896]: [migrate 174.120.146.106 rilester] restoring rilester from /home/cpmigrate/cpmove-rilester.tar.gz
Apr 23 23:49:59 uscentral434 cpmigrate[4884]: [migrate 174.120.146.122 deptesti] copying cpmove-deptesti.tar.gz from 174.120.146.122 to local
Apr 23 23:49:59 uscentral434 cpmigrate[4884]: [migrate 174.120.146.122 deptesti] restoring deptesti from /home/cpmigrate/cpmove-deptesti.tar.gz
Apr 23 23:51:38 uscentral434 cpmigrate[5289]: [migrate 174.120.146.122 denijack] starting rsync of 174.120.146.122:/home/denijack to /home/denijack
Apr 23 23:51:54 uscentral434 cpmigrate[5289]: [migrate 174.120.146.122 denijack] completed rsync of 174.120.146.122:/home/denijack to /home/denijack
Apr 23 23:51:54 uscentral434 cpmigrate[5289]: [migrate 174.120.146.122 denijack] converted denijack mailboxes to local mailserver dovecot
Apr 23 23:51:54 uscentral434 cpmigrate[5289]: [migrate 174.120.146.122 denijack] fixing permissions under /home/denijack
Apr 23 23:51:54 uscentral434 cpmigrate[5289]: [migrate 174.120.146.122 denijack] changed shell to /usr/local/cpanel/bin/jailshell for denijack
Apr 23 23:51:54 uscentral434 cpmigrate[5289]: [migrate 174.120.146.122 denijack] completed restore for denijack from 174.120.146.122
Apr 23 23:51:54 uscentral434 cpmigrate[5289]: [migrate 174.120.146.122 denisetr] warning: found denisetr in runtime list, handled by another instance, skipping!
Apr 23 23:51:54 uscentral434 cpmigrate[5289]: [migrate 174.120.146.122 deptesti] warning: found deptesti in runtime list, handled by another instance, skipping!
Apr 23 23:51:54 uscentral434 cpmigrate[5289]: [migrate 174.120.146.122 desfriki] packaging user desfriki on 174.120.146.122
Apr 23 23:52:01 uscentral434 cpmigrate[5289]: [migrate 174.120.146.122 desfriki] copying cpmove-desfriki.tar.gz from 174.120.146.122 to local
Apr 23 23:52:01 uscentral434 cpmigrate[5289]: [migrate 174.120.146.122 desfriki] restoring desfriki from /home/cpmigrate/cpmove-desfriki.tar.gz
Apr 23 23:52:32 uscentral434 cpmigrate[8133]: [migrate 174.120.146.122 denisetr] starting rsync of 174.120.146.122:/home/denisetr to /home/denisetr
Apr 23 23:52:42 uscentral434 cpmigrate[8133]: [migrate 174.120.146.122 denisetr] completed rsync of 174.120.146.122:/home/denisetr to /home/denisetr
Apr 23 23:52:42 uscentral434 cpmigrate[8133]: [migrate 174.120.146.122 denisetr] converted denisetr mailboxes to local mailserver dovecot
Apr 23 23:52:42 uscentral434 cpmigrate[8133]: [migrate 174.120.146.122 denisetr] fixing permissions under /home/denisetr
Apr 23 23:52:42 uscentral434 cpmigrate[8133]: [migrate 174.120.146.122 denisetr] changed shell to /usr/local/cpanel/bin/jailshell for denisetr
Apr 23 23:52:42 uscentral434 cpmigrate[8133]: [migrate 174.120.146.122 denisetr] completed restore for denisetr from 174.120.146.122
Apr 23 23:52:43 uscentral434 cpmigrate[8133]: [migrate 174.120.146.122 deptesti] warning: found deptesti in runtime list, handled by another instance, skipping!
Apr 23 23:52:43 uscentral434 cpmigrate[8133]: [migrate 174.120.146.122 desfriki] warning: found desfriki in runtime list, handled by another instance, skipping!
Apr 23 23:52:43 uscentral434 cpmigrate[8133]: [migrate 174.120.146.122 designan] packaging user designan on 174.120.146.122
Apr 23 23:53:03 uscentral434 cpmigrate[13179]: [migrate 174.120.146.106 ridergla] starting rsync of 174.120.146.106:/home/ridergla to /home/ridergla
Apr 23 23:53:07 uscentral434 cpmigrate[4884]: [migrate 174.120.146.122 deptesti] starting rsync of 174.120.146.122:/home/deptesti to /home/deptesti
Apr 23 23:53:12 uscentral434 cpmigrate[4884]: [migrate 174.120.146.122 deptesti] completed rsync of 174.120.146.122:/home/deptesti to /home/deptesti
Apr 23 23:53:12 uscentral434 cpmigrate[4884]: [migrate 174.120.146.122 deptesti] converted deptesti mailboxes to local mailserver dovecot
Apr 23 23:53:12 uscentral434 cpmigrate[4884]: [migrate 174.120.146.122 deptesti] fixing permissions under /home/deptesti
Apr 23 23:53:12 uscentral434 cpmigrate[8133]: [migrate 174.120.146.122 designan] copying cpmove-designan.tar.gz from 174.120.146.122 to local
Apr 23 23:53:12 uscentral434 cpmigrate[4884]: [migrate 174.120.146.122 deptesti] changed shell to /usr/local/cpanel/bin/jailshell for deptesti
Apr 23 23:53:12 uscentral434 cpmigrate[4884]: [migrate 174.120.146.122 deptesti] completed restore for deptesti from 174.120.146.122
Apr 23 23:53:12 uscentral434 cpmigrate[4884]: [migrate 174.120.146.122 desfriki] warning: found desfriki in runtime list, handled by another instance, skipping!
Apr 23 23:53:13 uscentral434 cpmigrate[4884]: [migrate 174.120.146.122 designan] warning: found designan in runtime list, handled by another instance, skipping!
Apr 23 23:53:13 uscentral434 cpmigrate[4884]: [migrate 174.120.146.122 desisto] packaging user desisto on 174.120.146.122
Apr 23 23:53:13 uscentral434 cpmigrate[8133]: [migrate 174.120.146.122 designan] restoring designan from /home/cpmigrate/cpmove-designan.tar.gz
Apr 23 23:53:17 uscentral434 cpmigrate[4884]: [migrate 174.120.146.122 desisto] copying cpmove-desisto.tar.gz from 174.120.146.122 to local
Apr 23 23:53:17 uscentral434 cpmigrate[4884]: [migrate 174.120.146.122 desisto] restoring desisto from /home/cpmigrate/cpmove-desisto.tar.gz
Apr 23 23:53:27 uscentral434 cpmigrate[13179]: [migrate 174.120.146.106 ridergla] completed rsync of 174.120.146.106:/home/ridergla to /home/ridergla
Apr 23 23:53:27 uscentral434 cpmigrate[13179]: [migrate 174.120.146.106 ridergla] converted ridergla mailboxes to local mailserver dovecot
Apr 23 23:53:27 uscentral434 cpmigrate[13179]: [migrate 174.120.146.106 ridergla] fixing permissions under /home/ridergla
Apr 23 23:53:28 uscentral434 cpmigrate[13179]: [migrate 174.120.146.106 ridergla] changed shell to /usr/local/cpanel/bin/jailshell for ridergla
Apr 23 23:53:28 uscentral434 cpmigrate[13179]: [migrate 174.120.146.106 ridergla] completed restore for ridergla from 174.120.146.106
Apr 23 23:53:28 uscentral434 cpmigrate[13179]: [migrate 174.120.146.106 rilester] warning: found rilester in runtime list, handled by another instance, skipping!
Apr 23 23:53:28 uscentral434 cpmigrate[13179]: [migrate 174.120.146.106 riseandh] packaging user riseandh on 174.120.146.106
Apr 23 23:53:36 uscentral434 cpmigrate[13179]: [migrate 174.120.146.106 riseandh] copying cpmove-riseandh.tar.gz from 174.120.146.106 to local
Apr 23 23:53:36 uscentral434 cpmigrate[13179]: [migrate 174.120.146.106 riseandh] restoring riseandh from /home/cpmigrate/cpmove-riseandh.tar.gz
Apr 23 23:54:13 uscentral434 cpmigrate[6896]: [migrate 174.120.146.106 rilester] starting rsync of 174.120.146.106:/home/rilester to /home/rilester
Apr 23 23:55:29 uscentral434 cpmigrate[5289]: [migrate 174.120.146.122 desfriki] starting rsync of 174.120.146.122:/home/desfriki to /home/desfriki
Apr 23 23:55:31 uscentral434 cpmigrate[5289]: [migrate 174.120.146.122 desfriki] completed rsync of 174.120.146.122:/home/desfriki to /home/desfriki
Apr 23 23:55:31 uscentral434 cpmigrate[5289]: [migrate 174.120.146.122 desfriki] converted desfriki mailboxes to local mailserver dovecot
Apr 23 23:55:31 uscentral434 cpmigrate[5289]: [migrate 174.120.146.122 desfriki] fixing permissions under /home/desfriki
Apr 23 23:55:31 uscentral434 cpmigrate[5289]: [migrate 174.120.146.122 desfriki] changed shell to /usr/local/cpanel/bin/jailshell for desfriki
Apr 23 23:55:31 uscentral434 cpmigrate[5289]: [migrate 174.120.146.122 desfriki] completed restore for desfriki from 174.120.146.122
Apr 23 23:55:31 uscentral434 cpmigrate[5289]: [migrate 174.120.146.122 designan] warning: found designan in runtime list, handled by another instance, skipping!
Apr 23 23:55:31 uscentral434 cpmigrate[5289]: [migrate 174.120.146.122 desisto] warning: found desisto in runtime list, handled by another instance, skipping!
Apr 23 23:55:31 uscentral434 cpmigrate[5289]: [migrate 174.120.146.122 diatecco] packaging user diatecco on 174.120.146.122
Apr 23 23:55:36 uscentral434 cpmigrate[5289]: [migrate 174.120.146.122 diatecco] copying cpmove-diatecco.tar.gz from 174.120.146.122 to local
Apr 23 23:55:36 uscentral434 cpmigrate[5289]: [migrate 174.120.146.122 diatecco] restoring diatecco from /home/cpmigrate/cpmove-diatecco.tar.gz
Apr 23 23:56:20 uscentral434 cpmigrate[4884]: [migrate 174.120.146.122 desisto] starting rsync of 174.120.146.122:/home/desisto to /home/desisto
Apr 23 23:56:22 uscentral434 cpmigrate[4884]: [migrate 174.120.146.122 desisto] completed rsync of 174.120.146.122:/home/desisto to /home/desisto
Apr 23 23:56:22 uscentral434 cpmigrate[4884]: [migrate 174.120.146.122 desisto] converted desisto mailboxes to local mailserver dovecot
Apr 23 23:56:22 uscentral434 cpmigrate[4884]: [migrate 174.120.146.122 desisto] fixing permissions under /home/desisto
Apr 23 23:56:22 uscentral434 cpmigrate[4884]: [migrate 174.120.146.122 desisto] changed shell to /usr/local/cpanel/bin/jailshell for desisto
Apr 23 23:56:22 uscentral434 cpmigrate[4884]: [migrate 174.120.146.122 desisto] completed restore for desisto from 174.120.146.122
Apr 23 23:56:22 uscentral434 cpmigrate[4884]: [migrate 174.120.146.122 diatecco] warning: found diatecco in runtime list, handled by another instance, skipping!
Apr 23 23:56:22 uscentral434 cpmigrate[4884]: [migrate 174.120.146.122 dietapos] packaging user dietapos on 174.120.146.122
Apr 23 23:56:39 uscentral434 cpmigrate[13179]: [migrate 174.120.146.106 riseandh] starting rsync of 174.120.146.106:/home/riseandh to /home/riseandh
Apr 23 23:56:41 uscentral434 cpmigrate[4884]: [migrate 174.120.146.122 dietapos] copying cpmove-dietapos.tar.gz from 174.120.146.122 to local
Apr 23 23:56:42 uscentral434 cpmigrate[4884]: [migrate 174.120.146.122 dietapos] restoring dietapos from /home/cpmigrate/cpmove-dietapos.tar.gz
Apr 23 23:58:49 uscentral434 cpmigrate[8133]: [migrate 174.120.146.122 designan] starting rsync of 174.120.146.122:/home/designan to /home/designan
Apr 23 23:59:03 uscentral434 cpmigrate[5289]: [migrate 174.120.146.122 diatecco] starting rsync of 174.120.146.122:/home/diatecco to /home/diatecco
Apr 23 23:59:25 uscentral434 cpmigrate[8133]: [migrate 174.120.146.122 designan] completed rsync of 174.120.146.122:/home/designan to /home/designan
Apr 23 23:59:25 uscentral434 cpmigrate[8133]: [migrate 174.120.146.122 designan] converted designan mailboxes to local mailserver dovecot
Apr 23 23:59:25 uscentral434 cpmigrate[8133]: [migrate 174.120.146.122 designan] fixing permissions under /home/designan
Apr 23 23:59:26 uscentral434 cpmigrate[8133]: [migrate 174.120.146.122 designan] changed shell to /usr/local/cpanel/bin/jailshell for designan
Apr 23 23:59:26 uscentral434 cpmigrate[8133]: [migrate 174.120.146.122 designan] completed restore for designan from 174.120.146.122
Apr 23 23:59:26 uscentral434 cpmigrate[8133]: [migrate 174.120.146.122 desisto] warning: found desisto in runtime list, handled by another instance, skipping!
Apr 23 23:59:26 uscentral434 cpmigrate[8133]: [migrate 174.120.146.122 diatecco] warning: found diatecco in runtime list, handled by another instance, skipping!
Apr 23 23:59:26 uscentral434 cpmigrate[8133]: [migrate 174.120.146.122 dietapos] warning: found dietapos in runtime list, handled by another instance, skipping!
Apr 23 23:59:26 uscentral434 cpmigrate[8133]: [migrate 174.120.146.122 dignityf] packaging user dignityf on 174.120.146.122
Apr 23 23:59:31 uscentral434 cpmigrate[8133]: [migrate 174.120.146.122 dignityf] copying cpmove-dignityf.tar.gz from 174.120.146.122 to local
Apr 23 23:59:31 uscentral434 cpmigrate[8133]: [migrate 174.120.146.122 dignityf] restoring dignityf from /home/cpmigrate/cpmove-dignityf.tar.gz
Apr 23 23:59:39 uscentral434 cpmigrate[5289]: [migrate 174.120.146.122 diatecco] completed rsync of 174.120.146.122:/home/diatecco to /home/diatecco
Apr 23 23:59:39 uscentral434 cpmigrate[5289]: [migrate 174.120.146.122 diatecco] converted diatecco mailboxes to local mailserver dovecot
Apr 23 23:59:39 uscentral434 cpmigrate[5289]: [migrate 174.120.146.122 diatecco] fixing permissions under /home/diatecco
Apr 23 23:59:39 uscentral434 cpmigrate[5289]: [migrate 174.120.146.122 diatecco] changed shell to /usr/local/cpanel/bin/jailshell for diatecco
Apr 23 23:59:39 uscentral434 cpmigrate[5289]: [migrate 174.120.146.122 diatecco] completed restore for diatecco from 174.120.146.122
Apr 23 23:59:39 uscentral434 cpmigrate[5289]: [migrate 174.120.146.122 dietapos] warning: found dietapos in runtime list, handled by another instance, skipping!
Apr 23 23:59:39 uscentral434 cpmigrate[5289]: [migrate 174.120.146.122 dignityf] warning: found dignityf in runtime list, handled by another instance, skipping!
Apr 23 23:59:39 uscentral434 cpmigrate[5289]: [migrate 174.120.146.122 disc2016] packaging user disc2016 on 174.120.146.122
Apr 23 23:59:45 uscentral434 cpmigrate[5289]: [migrate 174.120.146.122 disc2016] copying cpmove-disc2016.tar.gz from 174.120.146.122 to local
Apr 23 23:59:45 uscentral434 cpmigrate[5289]: [migrate 174.120.146.122 disc2016] restoring disc2016 from /home/cpmigrate/cpmove-disc2016.tar.gz
Apr 24 00:00:01 uscentral434 cpmigrate[13179]: [migrate 174.120.146.106 riseandh] completed rsync of 174.120.146.106:/home/riseandh to /home/riseandh
Apr 24 00:00:01 uscentral434 cpmigrate[13179]: [migrate 174.120.146.106 riseandh] converted riseandh mailboxes to local mailserver dovecot
Apr 24 00:00:01 uscentral434 cpmigrate[13179]: [migrate 174.120.146.106 riseandh] fixing permissions under /home/riseandh
Apr 24 00:00:01 uscentral434 cpmigrate[13179]: [migrate 174.120.146.106 riseandh] changed shell to /usr/local/cpanel/bin/jailshell for riseandh
Apr 24 00:00:01 uscentral434 cpmigrate[13179]: [migrate 174.120.146.106 riseandh] completed restore for riseandh from 174.120.146.106
Apr 24 00:00:02 uscentral434 cpmigrate[13179]: [migrate 174.120.146.106 ritecare] packaging user ritecare on 174.120.146.106
Apr 24 00:00:26 uscentral434 cpmigrate[13179]: [migrate 174.120.146.106 ritecare] copying cpmove-ritecare.tar.gz from 174.120.146.106 to local
Apr 24 00:00:26 uscentral434 cpmigrate[13179]: [migrate 174.120.146.106 ritecare] restoring ritecare from /home/cpmigrate/cpmove-ritecare.tar.gz
Apr 24 00:02:39 uscentral434 cpmigrate[8133]: [migrate 174.120.146.122 dignityf] starting rsync of 174.120.146.122:/home/dignityf to /home/dignityf
Apr 24 00:02:51 uscentral434 cpmigrate[8133]: [migrate 174.120.146.122 dignityf] completed rsync of 174.120.146.122:/home/dignityf to /home/dignityf
Apr 24 00:02:51 uscentral434 cpmigrate[8133]: [migrate 174.120.146.122 dignityf] converted dignityf mailboxes to local mailserver dovecot
Apr 24 00:02:51 uscentral434 cpmigrate[8133]: [migrate 174.120.146.122 dignityf] fixing permissions under /home/dignityf
Apr 24 00:02:51 uscentral434 cpmigrate[8133]: [migrate 174.120.146.122 dignityf] changed shell to /usr/local/cpanel/bin/jailshell for dignityf
Apr 24 00:02:51 uscentral434 cpmigrate[8133]: [migrate 174.120.146.122 dignityf] completed restore for dignityf from 174.120.146.122
Apr 24 00:02:51 uscentral434 cpmigrate[8133]: [migrate 174.120.146.122 disc2016] warning: found disc2016 in runtime list, handled by another instance, skipping!
Apr 24 00:02:51 uscentral434 cpmigrate[8133]: [migrate 174.120.146.122 dkscud5] packaging user dkscud5 on 174.120.146.122
Apr 24 00:03:18 uscentral434 cpmigrate[6896]: [migrate 174.120.146.106 rilester] completed rsync of 174.120.146.106:/home/rilester to /home/rilester
Apr 24 00:03:18 uscentral434 cpmigrate[6896]: [migrate 174.120.146.106 rilester] converted rilester mailboxes to local mailserver dovecot
Apr 24 00:03:18 uscentral434 cpmigrate[6896]: [migrate 174.120.146.106 rilester] fixing permissions under /home/rilester
Apr 24 00:03:19 uscentral434 cpmigrate[6896]: [migrate 174.120.146.106 rilester] changed shell to /usr/local/cpanel/bin/jailshell for rilester
Apr 24 00:03:19 uscentral434 cpmigrate[6896]: [migrate 174.120.146.106 rilester] completed restore for rilester from 174.120.146.106
Apr 24 00:03:19 uscentral434 cpmigrate[6896]: [migrate 174.120.146.106 riseandh] warning: found riseandh in runtime list, handled by another instance, skipping!
Apr 24 00:03:19 uscentral434 cpmigrate[6896]: [migrate 174.120.146.106 ritecare] warning: found ritecare in runtime list, handled by another instance, skipping!
Apr 24 00:03:19 uscentral434 cpmigrate[6896]: [migrate 174.120.146.106 rivercit] packaging user rivercit on 174.120.146.106
Apr 24 00:03:19 uscentral434 cpmigrate[4884]: [migrate 174.120.146.122 dietapos] starting rsync of 174.120.146.122:/home/dietapos to /home/dietapos
Apr 24 00:03:23 uscentral434 cpmigrate[6896]: [migrate 174.120.146.106 rivercit] copying cpmove-rivercit.tar.gz from 174.120.146.106 to local
Apr 24 00:03:24 uscentral434 cpmigrate[6896]: [migrate 174.120.146.106 rivercit] restoring rivercit from /home/cpmigrate/cpmove-rivercit.tar.gz
Apr 24 00:03:25 uscentral434 cpmigrate[13179]: [migrate 174.120.146.106 ritecare] starting rsync of 174.120.146.106:/home/ritecare to /home/ritecare
Apr 24 00:03:46 uscentral434 cpmigrate[5289]: [migrate 174.120.146.122 disc2016] starting rsync of 174.120.146.122:/home/disc2016 to /home/disc2016
Apr 24 00:04:02 uscentral434 cpmigrate[13179]: [migrate 174.120.146.106 ritecare] completed rsync of 174.120.146.106:/home/ritecare to /home/ritecare
Apr 24 00:04:02 uscentral434 cpmigrate[13179]: [migrate 174.120.146.106 ritecare] converted ritecare mailboxes to local mailserver dovecot
Apr 24 00:04:03 uscentral434 cpmigrate[13179]: [migrate 174.120.146.106 ritecare] fixing permissions under /home/ritecare
Apr 24 00:04:03 uscentral434 cpmigrate[13179]: [migrate 174.120.146.106 ritecare] changed shell to /usr/local/cpanel/bin/jailshell for ritecare
Apr 24 00:04:03 uscentral434 cpmigrate[13179]: [migrate 174.120.146.106 ritecare] completed restore for ritecare from 174.120.146.106
Apr 24 00:04:03 uscentral434 cpmigrate[13179]: [migrate 174.120.146.106 rivercit] warning: found rivercit in runtime list, handled by another instance, skipping!
Apr 24 00:04:03 uscentral434 cpmigrate[13179]: [migrate 174.120.146.106 riverdal] packaging user riverdal on 174.120.146.106
Apr 24 00:04:10 uscentral434 cpmigrate[13179]: [migrate 174.120.146.106 riverdal] copying cpmove-riverdal.tar.gz from 174.120.146.106 to local
Apr 24 00:04:10 uscentral434 cpmigrate[13179]: [migrate 174.120.146.106 riverdal] restoring riverdal from /home/cpmigrate/cpmove-riverdal.tar.gz
Apr 24 00:04:12 uscentral434 cpmigrate[5289]: [migrate 174.120.146.122 disc2016] completed rsync of 174.120.146.122:/home/disc2016 to /home/disc2016
Apr 24 00:04:12 uscentral434 cpmigrate[5289]: [migrate 174.120.146.122 disc2016] converted disc2016 mailboxes to local mailserver dovecot
Apr 24 00:04:12 uscentral434 cpmigrate[5289]: [migrate 174.120.146.122 disc2016] fixing permissions under /home/disc2016
Apr 24 00:04:12 uscentral434 cpmigrate[5289]: [migrate 174.120.146.122 disc2016] changed shell to /usr/local/cpanel/bin/jailshell for disc2016
Apr 24 00:04:12 uscentral434 cpmigrate[5289]: [migrate 174.120.146.122 disc2016] completed restore for disc2016 from 174.120.146.122
Apr 24 00:04:12 uscentral434 cpmigrate[5289]: [migrate 174.120.146.122 dkscud5] warning: found dkscud5 in runtime list, handled by another instance, skipping!
Apr 24 00:04:12 uscentral434 cpmigrate[5289]: [migrate 174.120.146.122 dosbits] packaging user dosbits on 174.120.146.122
Apr 24 00:04:22 uscentral434 cpmigrate[5289]: [migrate 174.120.146.122 dosbits] copying cpmove-dosbits.tar.gz from 174.120.146.122 to local
Apr 24 00:04:22 uscentral434 cpmigrate[5289]: [migrate 174.120.146.122 dosbits] restoring dosbits from /home/cpmigrate/cpmove-dosbits.tar.gz
Apr 24 00:04:53 uscentral434 cpmigrate[8133]: [migrate 174.120.146.122 dkscud5] copying cpmove-dkscud5.tar.gz from 174.120.146.122 to local
Apr 24 00:04:53 uscentral434 cpmigrate[8133]: [migrate 174.120.146.122 dkscud5] restoring dkscud5 from /home/cpmigrate/cpmove-dkscud5.tar.gz
Apr 24 00:06:15 uscentral434 cpmigrate[6896]: [migrate 174.120.146.106 rivercit] starting rsync of 174.120.146.106:/home/rivercit to /home/rivercit
Apr 24 00:06:17 uscentral434 cpmigrate[6896]: [migrate 174.120.146.106 rivercit] completed rsync of 174.120.146.106:/home/rivercit to /home/rivercit
Apr 24 00:06:17 uscentral434 cpmigrate[6896]: [migrate 174.120.146.106 rivercit] converted rivercit mailboxes to local mailserver dovecot
Apr 24 00:06:17 uscentral434 cpmigrate[6896]: [migrate 174.120.146.106 rivercit] fixing permissions under /home/rivercit
Apr 24 00:06:17 uscentral434 cpmigrate[6896]: [migrate 174.120.146.106 rivercit] changed shell to /usr/local/cpanel/bin/jailshell for rivercit
Apr 24 00:06:17 uscentral434 cpmigrate[6896]: [migrate 174.120.146.106 rivercit] completed restore for rivercit from 174.120.146.106
Apr 24 00:06:17 uscentral434 cpmigrate[6896]: [migrate 174.120.146.106 riverdal] warning: found riverdal in runtime list, handled by another instance, skipping!
Apr 24 00:06:17 uscentral434 cpmigrate[6896]: [migrate 174.120.146.106 riveroak] packaging user riveroak on 174.120.146.106
Apr 24 00:06:37 uscentral434 cpmigrate[6896]: [migrate 174.120.146.106 riveroak] copying cpmove-riveroak.tar.gz from 174.120.146.106 to local
Apr 24 00:06:40 uscentral434 cpmigrate[6896]: [migrate 174.120.146.106 riveroak] restoring riveroak from /home/cpmigrate/cpmove-riveroak.tar.gz
Apr 24 00:07:44 uscentral434 cpmigrate[4884]: [migrate 174.120.146.122 dietapos] completed rsync of 174.120.146.122:/home/dietapos to /home/dietapos
Apr 24 00:07:44 uscentral434 cpmigrate[4884]: [migrate 174.120.146.122 dietapos] converted dietapos mailboxes to local mailserver dovecot
Apr 24 00:07:44 uscentral434 cpmigrate[4884]: [migrate 174.120.146.122 dietapos] fixing permissions under /home/dietapos
Apr 24 00:07:45 uscentral434 cpmigrate[4884]: [migrate 174.120.146.122 dietapos] changed shell to /usr/local/cpanel/bin/jailshell for dietapos
Apr 24 00:07:45 uscentral434 cpmigrate[4884]: [migrate 174.120.146.122 dietapos] completed restore for dietapos from 174.120.146.122
Apr 24 00:07:45 uscentral434 cpmigrate[4884]: [migrate 174.120.146.122 dignityf] warning: found dignityf in runtime list, handled by another instance, skipping!
Apr 24 00:07:45 uscentral434 cpmigrate[4884]: [migrate 174.120.146.122 disc2016] warning: found disc2016 in runtime list, handled by another instance, skipping!
Apr 24 00:07:45 uscentral434 cpmigrate[4884]: [migrate 174.120.146.122 dkscud5] warning: found dkscud5 in runtime list, handled by another instance, skipping!
Apr 24 00:07:45 uscentral434 cpmigrate[4884]: [migrate 174.120.146.122 dosbits] warning: found dosbits in runtime list, handled by another instance, skipping!
Apr 24 00:07:45 uscentral434 cpmigrate[4884]: [migrate 174.120.146.122 doug] packaging user doug on 174.120.146.122
Apr 24 00:07:54 uscentral434 cpmigrate[4884]: [migrate 174.120.146.122 doug] copying cpmove-doug.tar.gz from 174.120.146.122 to local
Apr 24 00:07:54 uscentral434 cpmigrate[4884]: [migrate 174.120.146.122 doug] restoring doug from /home/cpmigrate/cpmove-doug.tar.gz
Apr 24 00:08:40 uscentral434 cpmigrate[13179]: [migrate 174.120.146.106 riverdal] starting rsync of 174.120.146.106:/home/riverdal to /home/riverdal
Apr 24 00:08:43 uscentral434 cpmigrate[13179]: [migrate 174.120.146.106 riverdal] completed rsync of 174.120.146.106:/home/riverdal to /home/riverdal
Apr 24 00:08:43 uscentral434 cpmigrate[13179]: [migrate 174.120.146.106 riverdal] converted riverdal mailboxes to local mailserver dovecot
Apr 24 00:08:43 uscentral434 cpmigrate[13179]: [migrate 174.120.146.106 riverdal] fixing permissions under /home/riverdal
Apr 24 00:08:43 uscentral434 cpmigrate[13179]: [migrate 174.120.146.106 riverdal] changed shell to /usr/local/cpanel/bin/jailshell for riverdal
Apr 24 00:08:43 uscentral434 cpmigrate[13179]: [migrate 174.120.146.106 riverdal] completed restore for riverdal from 174.120.146.106
Apr 24 00:08:43 uscentral434 cpmigrate[13179]: [migrate 174.120.146.106 riveroak] warning: found riveroak in runtime list, handled by another instance, skipping!
Apr 24 00:08:43 uscentral434 cpmigrate[13179]: [migrate 174.120.146.106 rivoakho] packaging user rivoakho on 174.120.146.106
Apr 24 00:08:55 uscentral434 cpmigrate[13179]: [migrate 174.120.146.106 rivoakho] copying cpmove-rivoakho.tar.gz from 174.120.146.106 to local
Apr 24 00:08:56 uscentral434 cpmigrate[13179]: [migrate 174.120.146.106 rivoakho] restoring rivoakho from /home/cpmigrate/cpmove-rivoakho.tar.gz
Apr 24 00:09:43 uscentral434 cpmigrate[5289]: [migrate 174.120.146.122 dosbits] starting rsync of 174.120.146.122:/home/dosbits to /home/dosbits
Apr 24 00:09:47 uscentral434 cpmigrate[5289]: [migrate 174.120.146.122 dosbits] completed rsync of 174.120.146.122:/home/dosbits to /home/dosbits
Apr 24 00:09:47 uscentral434 cpmigrate[5289]: [migrate 174.120.146.122 dosbits] converted dosbits mailboxes to local mailserver dovecot
Apr 24 00:09:47 uscentral434 cpmigrate[5289]: [migrate 174.120.146.122 dosbits] fixing permissions under /home/dosbits
Apr 24 00:09:47 uscentral434 cpmigrate[5289]: [migrate 174.120.146.122 dosbits] changed shell to /usr/local/cpanel/bin/jailshell for dosbits
Apr 24 00:09:47 uscentral434 cpmigrate[5289]: [migrate 174.120.146.122 dosbits] completed restore for dosbits from 174.120.146.122
Apr 24 00:09:47 uscentral434 cpmigrate[5289]: [migrate 174.120.146.122 doug] warning: found doug in runtime list, handled by another instance, skipping!
Apr 24 00:09:47 uscentral434 cpmigrate[5289]: [migrate 174.120.146.122 doxbocom] packaging user doxbocom on 174.120.146.122
Apr 24 00:09:58 uscentral434 cpmigrate[5289]: [migrate 174.120.146.122 doxbocom] copying cpmove-doxbocom.tar.gz from 174.120.146.122 to local
Apr 24 00:09:58 uscentral434 cpmigrate[5289]: [migrate 174.120.146.122 doxbocom] restoring doxbocom from /home/cpmigrate/cpmove-doxbocom.tar.gz
Apr 24 00:11:01 uscentral434 cpmigrate[6896]: [migrate 174.120.146.106 riveroak] starting rsync of 174.120.146.106:/home/riveroak to /home/riveroak
Apr 24 00:11:07 uscentral434 cpmigrate[6896]: [migrate 174.120.146.106 riveroak] completed rsync of 174.120.146.106:/home/riveroak to /home/riveroak
Apr 24 00:11:07 uscentral434 cpmigrate[6896]: [migrate 174.120.146.106 riveroak] converted riveroak mailboxes to local mailserver dovecot
Apr 24 00:11:07 uscentral434 cpmigrate[6896]: [migrate 174.120.146.106 riveroak] fixing permissions under /home/riveroak
Apr 24 00:11:07 uscentral434 cpmigrate[6896]: [migrate 174.120.146.106 riveroak] changed shell to /usr/local/cpanel/bin/jailshell for riveroak
Apr 24 00:11:07 uscentral434 cpmigrate[6896]: [migrate 174.120.146.106 riveroak] completed restore for riveroak from 174.120.146.106
Apr 24 00:11:07 uscentral434 cpmigrate[6896]: [migrate 174.120.146.106 rivoakho] warning: found rivoakho in runtime list, handled by another instance, skipping!
Apr 24 00:11:07 uscentral434 cpmigrate[6896]: [migrate 174.120.146.106 rnpindia] packaging user rnpindia on 174.120.146.106
Apr 24 00:11:13 uscentral434 cpmigrate[6896]: [migrate 174.120.146.106 rnpindia] copying cpmove-rnpindia.tar.gz from 174.120.146.106 to local
Apr 24 00:11:13 uscentral434 cpmigrate[6896]: [migrate 174.120.146.106 rnpindia] restoring rnpindia from /home/cpmigrate/cpmove-rnpindia.tar.gz
Apr 24 00:11:22 uscentral434 cpmigrate[4884]: [migrate 174.120.146.122 doug] starting rsync of 174.120.146.122:/home/doug to /home/doug
Apr 24 00:11:24 uscentral434 cpmigrate[4884]: [migrate 174.120.146.122 doug] completed rsync of 174.120.146.122:/home/doug to /home/doug
Apr 24 00:11:24 uscentral434 cpmigrate[4884]: [migrate 174.120.146.122 doug] converted doug mailboxes to local mailserver dovecot
Apr 24 00:11:24 uscentral434 cpmigrate[4884]: [migrate 174.120.146.122 doug] fixing permissions under /home/doug
Apr 24 00:11:24 uscentral434 cpmigrate[4884]: [migrate 174.120.146.122 doug] changed shell to /usr/local/cpanel/bin/jailshell for doug
Apr 24 00:11:24 uscentral434 cpmigrate[4884]: [migrate 174.120.146.122 doug] completed restore for doug from 174.120.146.122
Apr 24 00:11:24 uscentral434 cpmigrate[4884]: [migrate 174.120.146.122 doxbocom] warning: found doxbocom in runtime list, handled by another instance, skipping!
Apr 24 00:11:24 uscentral434 cpmigrate[4884]: [migrate 174.120.146.122 drconnec] packaging user drconnec on 174.120.146.122
Apr 24 00:11:39 uscentral434 cpmigrate[4884]: [migrate 174.120.146.122 drconnec] copying cpmove-drconnec.tar.gz from 174.120.146.122 to local
Apr 24 00:11:39 uscentral434 cpmigrate[4884]: [migrate 174.120.146.122 drconnec] restoring drconnec from /home/cpmigrate/cpmove-drconnec.tar.gz
Apr 24 00:11:52 uscentral434 cpmigrate[13179]: [migrate 174.120.146.106 rivoakho] starting rsync of 174.120.146.106:/home/rivoakho to /home/rivoakho
Apr 24 00:11:57 uscentral434 cpmigrate[13179]: [migrate 174.120.146.106 rivoakho] completed rsync of 174.120.146.106:/home/rivoakho to /home/rivoakho
Apr 24 00:11:57 uscentral434 cpmigrate[13179]: [migrate 174.120.146.106 rivoakho] converted rivoakho mailboxes to local mailserver dovecot
Apr 24 00:11:57 uscentral434 cpmigrate[13179]: [migrate 174.120.146.106 rivoakho] fixing permissions under /home/rivoakho
Apr 24 00:11:57 uscentral434 cpmigrate[13179]: [migrate 174.120.146.106 rivoakho] changed shell to /usr/local/cpanel/bin/jailshell for rivoakho
Apr 24 00:11:57 uscentral434 cpmigrate[13179]: [migrate 174.120.146.106 rivoakho] completed restore for rivoakho from 174.120.146.106
Apr 24 00:11:57 uscentral434 cpmigrate[13179]: [migrate 174.120.146.106 rnpindia] warning: found rnpindia in runtime list, handled by another instance, skipping!
Apr 24 00:11:57 uscentral434 cpmigrate[13179]: [migrate 174.120.146.106 robbrook] packaging user robbrook on 174.120.146.106
Apr 24 00:12:17 uscentral434 cpmigrate[13179]: [migrate 174.120.146.106 robbrook] copying cpmove-robbrook.tar.gz from 174.120.146.106 to local
Apr 24 00:12:18 uscentral434 cpmigrate[13179]: [migrate 174.120.146.106 robbrook] restoring robbrook from /home/cpmigrate/cpmove-robbrook.tar.gz
Apr 24 00:13:09 uscentral434 cpmigrate[5289]: [migrate 174.120.146.122 doxbocom] starting rsync of 174.120.146.122:/home/doxbocom to /home/doxbocom
Apr 24 00:14:36 uscentral434 cpmigrate[6896]: [migrate 174.120.146.106 rnpindia] starting rsync of 174.120.146.106:/home/rnpindia to /home/rnpindia
Apr 24 00:14:38 uscentral434 cpmigrate[6896]: [migrate 174.120.146.106 rnpindia] completed rsync of 174.120.146.106:/home/rnpindia to /home/rnpindia
Apr 24 00:14:38 uscentral434 cpmigrate[6896]: [migrate 174.120.146.106 rnpindia] converted rnpindia mailboxes to local mailserver dovecot
Apr 24 00:14:38 uscentral434 cpmigrate[6896]: [migrate 174.120.146.106 rnpindia] fixing permissions under /home/rnpindia
Apr 24 00:14:38 uscentral434 cpmigrate[6896]: [migrate 174.120.146.106 rnpindia] changed shell to /usr/local/cpanel/bin/jailshell for rnpindia
Apr 24 00:14:38 uscentral434 cpmigrate[6896]: [migrate 174.120.146.106 rnpindia] completed restore for rnpindia from 174.120.146.106
Apr 24 00:14:38 uscentral434 cpmigrate[6896]: [migrate 174.120.146.106 robbrook] warning: found robbrook in runtime list, handled by another instance, skipping!
Apr 24 00:14:38 uscentral434 cpmigrate[6896]: [migrate 174.120.146.106 robertoc] packaging user robertoc on 174.120.146.106
Apr 24 00:14:40 uscentral434 cpmigrate[4884]: [migrate 174.120.146.122 drconnec] starting rsync of 174.120.146.122:/home/drconnec to /home/drconnec
Apr 24 00:14:45 uscentral434 cpmigrate[6896]: [migrate 174.120.146.106 robertoc] copying cpmove-robertoc.tar.gz from 174.120.146.106 to local
Apr 24 00:14:45 uscentral434 cpmigrate[6896]: [migrate 174.120.146.106 robertoc] restoring robertoc from /home/cpmigrate/cpmove-robertoc.tar.gz
Apr 24 00:15:06 uscentral434 cpmigrate[4884]: [migrate 174.120.146.122 drconnec] completed rsync of 174.120.146.122:/home/drconnec to /home/drconnec
Apr 24 00:15:07 uscentral434 cpmigrate[4884]: [migrate 174.120.146.122 drconnec] converted drconnec mailboxes to local mailserver dovecot
Apr 24 00:15:07 uscentral434 cpmigrate[4884]: [migrate 174.120.146.122 drconnec] fixing permissions under /home/drconnec
Apr 24 00:15:07 uscentral434 cpmigrate[4884]: [migrate 174.120.146.122 drconnec] changed shell to /usr/local/cpanel/bin/jailshell for drconnec
Apr 24 00:15:07 uscentral434 cpmigrate[4884]: [migrate 174.120.146.122 drconnec] completed restore for drconnec from 174.120.146.122
Apr 24 00:15:07 uscentral434 cpmigrate[4884]: [migrate 174.120.146.122 dream17] packaging user dream17 on 174.120.146.122
Apr 24 00:15:08 uscentral434 cpmigrate[13179]: [migrate 174.120.146.106 robbrook] starting rsync of 174.120.146.106:/home/robbrook to /home/robbrook
Apr 24 00:15:14 uscentral434 cpmigrate[13179]: [migrate 174.120.146.106 robbrook] completed rsync of 174.120.146.106:/home/robbrook to /home/robbrook
Apr 24 00:15:14 uscentral434 cpmigrate[13179]: [migrate 174.120.146.106 robbrook] converted robbrook mailboxes to local mailserver dovecot
Apr 24 00:15:14 uscentral434 cpmigrate[13179]: [migrate 174.120.146.106 robbrook] fixing permissions under /home/robbrook
Apr 24 00:15:14 uscentral434 cpmigrate[13179]: [migrate 174.120.146.106 robbrook] changed shell to /usr/local/cpanel/bin/jailshell for robbrook
Apr 24 00:15:14 uscentral434 cpmigrate[13179]: [migrate 174.120.146.106 robbrook] completed restore for robbrook from 174.120.146.106
Apr 24 00:15:14 uscentral434 cpmigrate[13179]: [migrate 174.120.146.106 robertoc] warning: found robertoc in runtime list, handled by another instance, skipping!
Apr 24 00:15:14 uscentral434 cpmigrate[13179]: [migrate 174.120.146.106 robhenke] packaging user robhenke on 174.120.146.106
Apr 24 00:15:22 uscentral434 cpmigrate[13179]: [migrate 174.120.146.106 robhenke] copying cpmove-robhenke.tar.gz from 174.120.146.106 to local
Apr 24 00:15:22 uscentral434 cpmigrate[13179]: [migrate 174.120.146.106 robhenke] restoring robhenke from /home/cpmigrate/cpmove-robhenke.tar.gz
Apr 24 00:15:56 uscentral434 cpmigrate[5289]: [migrate 174.120.146.122 doxbocom] completed rsync of 174.120.146.122:/home/doxbocom to /home/doxbocom
Apr 24 00:15:56 uscentral434 cpmigrate[5289]: [migrate 174.120.146.122 doxbocom] converted doxbocom mailboxes to local mailserver dovecot
Apr 24 00:15:56 uscentral434 cpmigrate[5289]: [migrate 174.120.146.122 doxbocom] fixing permissions under /home/doxbocom
Apr 24 00:15:56 uscentral434 cpmigrate[5289]: [migrate 174.120.146.122 doxbocom] changed shell to /usr/local/cpanel/bin/jailshell for doxbocom
Apr 24 00:15:56 uscentral434 cpmigrate[5289]: [migrate 174.120.146.122 doxbocom] completed restore for doxbocom from 174.120.146.122
Apr 24 00:15:56 uscentral434 cpmigrate[5289]: [migrate 174.120.146.122 drconnec] warning: found drconnec in runtime list, handled by another instance, skipping!
Apr 24 00:15:56 uscentral434 cpmigrate[5289]: [migrate 174.120.146.122 dream17] warning: found dream17 in runtime list, handled by another instance, skipping!
Apr 24 00:15:56 uscentral434 cpmigrate[5289]: [migrate 174.120.146.122 dreamhos] packaging user dreamhos on 174.120.146.122
Apr 24 00:17:03 uscentral434 cpmigrate[5289]: [migrate 174.120.146.122 dreamhos] copying cpmove-dreamhos.tar.gz from 174.120.146.122 to local
Apr 24 00:17:03 uscentral434 cpmigrate[5289]: [migrate 174.120.146.122 dreamhos] restoring dreamhos from /home/cpmigrate/cpmove-dreamhos.tar.gz
Apr 24 00:17:11 uscentral434 cpmigrate[4884]: [migrate 174.120.146.122 dream17] copying cpmove-dream17.tar.gz from 174.120.146.122 to local
Apr 24 00:17:11 uscentral434 cpmigrate[4884]: [migrate 174.120.146.122 dream17] restoring dream17 from /home/cpmigrate/cpmove-dream17.tar.gz
Apr 24 00:18:45 uscentral434 cpmigrate[6896]: [migrate 174.120.146.106 robertoc] starting rsync of 174.120.146.106:/home/robertoc to /home/robertoc
Apr 24 00:18:47 uscentral434 cpmigrate[6896]: [migrate 174.120.146.106 robertoc] completed rsync of 174.120.146.106:/home/robertoc to /home/robertoc
Apr 24 00:18:47 uscentral434 cpmigrate[6896]: [migrate 174.120.146.106 robertoc] converted robertoc mailboxes to local mailserver dovecot
Apr 24 00:18:47 uscentral434 cpmigrate[6896]: [migrate 174.120.146.106 robertoc] fixing permissions under /home/robertoc
Apr 24 00:18:48 uscentral434 cpmigrate[6896]: [migrate 174.120.146.106 robertoc] changed shell to /usr/local/cpanel/bin/jailshell for robertoc
Apr 24 00:18:48 uscentral434 cpmigrate[6896]: [migrate 174.120.146.106 robertoc] completed restore for robertoc from 174.120.146.106
Apr 24 00:18:48 uscentral434 cpmigrate[6896]: [migrate 174.120.146.106 robhenke] warning: found robhenke in runtime list, handled by another instance, skipping!
Apr 24 00:18:48 uscentral434 cpmigrate[6896]: [migrate 174.120.146.106 roderick] packaging user roderick on 174.120.146.106
Apr 24 00:19:11 uscentral434 cpmigrate[6896]: [migrate 174.120.146.106 roderick] copying cpmove-roderick.tar.gz from 174.120.146.106 to local
Apr 24 00:19:11 uscentral434 cpmigrate[6896]: [migrate 174.120.146.106 roderick] restoring roderick from /home/cpmigrate/cpmove-roderick.tar.gz
Apr 24 00:19:42 uscentral434 cpmigrate[13179]: [migrate 174.120.146.106 robhenke] starting rsync of 174.120.146.106:/home/robhenke to /home/robhenke
Apr 24 00:19:45 uscentral434 cpmigrate[13179]: [migrate 174.120.146.106 robhenke] completed rsync of 174.120.146.106:/home/robhenke to /home/robhenke
Apr 24 00:19:45 uscentral434 cpmigrate[13179]: [migrate 174.120.146.106 robhenke] converted robhenke mailboxes to local mailserver dovecot
Apr 24 00:19:45 uscentral434 cpmigrate[13179]: [migrate 174.120.146.106 robhenke] fixing permissions under /home/robhenke
Apr 24 00:19:46 uscentral434 cpmigrate[13179]: [migrate 174.120.146.106 robhenke] changed shell to /usr/local/cpanel/bin/jailshell for robhenke
Apr 24 00:19:46 uscentral434 cpmigrate[13179]: [migrate 174.120.146.106 robhenke] completed restore for robhenke from 174.120.146.106
Apr 24 00:19:46 uscentral434 cpmigrate[13179]: [migrate 174.120.146.106 roderick] warning: found roderick in runtime list, handled by another instance, skipping!
Apr 24 00:19:46 uscentral434 cpmigrate[13179]: [migrate 174.120.146.106 rodrigon] packaging user rodrigon on 174.120.146.106
Apr 24 00:20:01 uscentral434 cpmigrate[13179]: [migrate 174.120.146.106 rodrigon] copying cpmove-rodrigon.tar.gz from 174.120.146.106 to local
Apr 24 00:20:01 uscentral434 cpmigrate[13179]: [migrate 174.120.146.106 rodrigon] restoring rodrigon from /home/cpmigrate/cpmove-rodrigon.tar.gz
Apr 24 00:21:18 uscentral434 cpmigrate[4884]: [migrate 174.120.146.122 dream17] starting rsync of 174.120.146.122:/home/dream17 to /home/dream17
Apr 24 00:21:23 uscentral434 cpmigrate[4884]: [migrate 174.120.146.122 dream17] completed rsync of 174.120.146.122:/home/dream17 to /home/dream17
Apr 24 00:21:23 uscentral434 cpmigrate[4884]: [migrate 174.120.146.122 dream17] converted dream17 mailboxes to local mailserver dovecot
Apr 24 00:21:23 uscentral434 cpmigrate[4884]: [migrate 174.120.146.122 dream17] fixing permissions under /home/dream17
Apr 24 00:21:23 uscentral434 cpmigrate[4884]: [migrate 174.120.146.122 dream17] changed shell to /usr/local/cpanel/bin/jailshell for dream17
Apr 24 00:21:23 uscentral434 cpmigrate[4884]: [migrate 174.120.146.122 dream17] completed restore for dream17 from 174.120.146.122
Apr 24 00:21:23 uscentral434 cpmigrate[4884]: [migrate 174.120.146.122 dreamhos] warning: found dreamhos in runtime list, handled by another instance, skipping!
Apr 24 00:21:23 uscentral434 cpmigrate[4884]: [migrate 174.120.146.122 drivenhe] packaging user drivenhe on 174.120.146.122
Apr 24 00:21:28 uscentral434 cpmigrate[4884]: [migrate 174.120.146.122 drivenhe] copying cpmove-drivenhe.tar.gz from 174.120.146.122 to local
Apr 24 00:21:28 uscentral434 cpmigrate[4884]: [migrate 174.120.146.122 drivenhe] restoring drivenhe from /home/cpmigrate/cpmove-drivenhe.tar.gz
Apr 24 00:24:19 uscentral434 cpmigrate[4884]: [migrate 174.120.146.122 drivenhe] starting rsync of 174.120.146.122:/home/drivenhe to /home/drivenhe
Apr 24 00:24:28 uscentral434 cpmigrate[6896]: [migrate 174.120.146.106 roderick] starting rsync of 174.120.146.106:/home/roderick to /home/roderick
Apr 24 00:24:33 uscentral434 cpmigrate[4884]: [migrate 174.120.146.122 drivenhe] completed rsync of 174.120.146.122:/home/drivenhe to /home/drivenhe
Apr 24 00:24:33 uscentral434 cpmigrate[4884]: [migrate 174.120.146.122 drivenhe] converted drivenhe mailboxes to local mailserver dovecot
Apr 24 00:24:33 uscentral434 cpmigrate[4884]: [migrate 174.120.146.122 drivenhe] fixing permissions under /home/drivenhe
Apr 24 00:24:33 uscentral434 cpmigrate[4884]: [migrate 174.120.146.122 drivenhe] changed shell to /usr/local/cpanel/bin/jailshell for drivenhe
Apr 24 00:24:34 uscentral434 cpmigrate[4884]: [migrate 174.120.146.122 drivenhe] completed restore for drivenhe from 174.120.146.122
Apr 24 00:24:34 uscentral434 cpmigrate[4884]: [migrate 174.120.146.122 dropship] packaging user dropship on 174.120.146.122
Apr 24 00:24:38 uscentral434 cpmigrate[4884]: [migrate 174.120.146.122 dropship] copying cpmove-dropship.tar.gz from 174.120.146.122 to local
Apr 24 00:24:38 uscentral434 cpmigrate[4884]: [migrate 174.120.146.122 dropship] restoring dropship from /home/cpmigrate/cpmove-dropship.tar.gz
