Apr 23 17:36:56 uscentral434 cpmigrate[8133]: [migrate 174.120.146.122 alexande] warning: found alexande in runtime list, handled by another instance, skipping!
Apr 23 17:36:56 uscentral434 cpmigrate[8133]: [migrate 174.120.146.122 alexsil] warning: found alexsil in runtime list, handled by another instance, skipping!
Apr 23 17:36:56 uscentral434 cpmigrate[8133]: [migrate 174.120.146.122 alisonwa] packaging user alisonwa on 174.120.146.122
Apr 23 17:37:04 uscentral434 cpmigrate[8133]: [migrate 174.120.146.122 alisonwa] copying cpmove-alisonwa.tar.gz from 174.120.146.122 to local
Apr 23 17:37:05 uscentral434 cpmigrate[8133]: [migrate 174.120.146.122 alisonwa] restoring alisonwa from /home/cpmigrate/cpmove-alisonwa.tar.gz
Apr 23 17:37:38 uscentral434 cpmigrate[13179]: [migrate 174.120.146.106 net] starting rsync of 174.120.146.106:/home/net to /home/net
Apr 23 17:39:21 uscentral434 cpmigrate[28408]: [migrate 174.120.146.106 nesembro] completed rsync of 174.120.146.106:/home/nesembro to /home/nesembro
Apr 23 17:39:21 uscentral434 cpmigrate[28408]: [migrate 174.120.146.106 nesembro] converted nesembro mailboxes to local mailserver dovecot
Apr 23 17:39:21 uscentral434 cpmigrate[28408]: [migrate 174.120.146.106 nesembro] fixing permissions under /home/nesembro
Apr 23 17:39:21 uscentral434 cpmigrate[28408]: [migrate 174.120.146.106 nesembro] changed shell to /usr/local/cpanel/bin/jailshell for nesembro
Apr 23 17:39:21 uscentral434 cpmigrate[28408]: [migrate 174.120.146.106 nesembro] completed restore for nesembro from 174.120.146.106
Apr 23 17:39:21 uscentral434 cpmigrate[28408]: [migrate 174.120.146.106 net] warning: found net in runtime list, handled by another instance, skipping!
Apr 23 17:39:21 uscentral434 cpmigrate[28408]: [migrate 174.120.146.106 netflixe] packaging user netflixe on 174.120.146.106
Apr 23 17:39:46 uscentral434 cpmigrate[4884]: [migrate 174.120.146.122 alexsil] starting rsync of 174.120.146.122:/home/alexsil to /home/alexsil
Apr 23 17:40:07 uscentral434 cpmigrate[4884]: [migrate 174.120.146.122 alexsil] completed rsync of 174.120.146.122:/home/alexsil to /home/alexsil
Apr 23 17:40:07 uscentral434 cpmigrate[4884]: [migrate 174.120.146.122 alexsil] converted alexsil mailboxes to local mailserver dovecot
Apr 23 17:40:07 uscentral434 cpmigrate[4884]: [migrate 174.120.146.122 alexsil] fixing permissions under /home/alexsil
Apr 23 17:40:07 uscentral434 cpmigrate[4884]: [migrate 174.120.146.122 alexsil] changed shell to /usr/local/cpanel/bin/jailshell for alexsil
Apr 23 17:40:07 uscentral434 cpmigrate[4884]: [migrate 174.120.146.122 alexsil] completed restore for alexsil from 174.120.146.122
Apr 23 17:40:07 uscentral434 cpmigrate[4884]: [migrate 174.120.146.122 alisonwa] warning: found alisonwa in runtime list, handled by another instance, skipping!
Apr 23 17:40:07 uscentral434 cpmigrate[4884]: [migrate 174.120.146.122 allegrit] packaging user allegrit on 174.120.146.122
Apr 23 17:40:09 uscentral434 cpmigrate[5289]: [migrate 174.120.146.122 alexande] starting rsync of 174.120.146.122:/home/alexande to /home/alexande
Apr 23 17:40:13 uscentral434 cpmigrate[28408]: [migrate 174.120.146.106 netflixe] copying cpmove-netflixe.tar.gz from 174.120.146.106 to local
Apr 23 17:40:20 uscentral434 cpmigrate[28408]: [migrate 174.120.146.106 netflixe] restoring netflixe from /home/cpmigrate/cpmove-netflixe.tar.gz
Apr 23 17:40:21 uscentral434 cpmigrate[4884]: [migrate 174.120.146.122 allegrit] copying cpmove-allegrit.tar.gz from 174.120.146.122 to local
Apr 23 17:40:22 uscentral434 cpmigrate[4884]: [migrate 174.120.146.122 allegrit] restoring allegrit from /home/cpmigrate/cpmove-allegrit.tar.gz
Apr 23 17:41:14 uscentral434 cpmigrate[8133]: [migrate 174.120.146.122 alisonwa] starting rsync of 174.120.146.122:/home/alisonwa to /home/alisonwa
Apr 23 17:42:05 uscentral434 cpmigrate[8133]: [migrate 174.120.146.122 alisonwa] completed rsync of 174.120.146.122:/home/alisonwa to /home/alisonwa
Apr 23 17:42:05 uscentral434 cpmigrate[8133]: [migrate 174.120.146.122 alisonwa] converted alisonwa mailboxes to local mailserver dovecot
Apr 23 17:42:05 uscentral434 cpmigrate[8133]: [migrate 174.120.146.122 alisonwa] fixing permissions under /home/alisonwa
Apr 23 17:42:05 uscentral434 cpmigrate[8133]: [migrate 174.120.146.122 alisonwa] changed shell to /usr/local/cpanel/bin/jailshell for alisonwa
Apr 23 17:42:05 uscentral434 cpmigrate[8133]: [migrate 174.120.146.122 alisonwa] completed restore for alisonwa from 174.120.146.122
Apr 23 17:42:05 uscentral434 cpmigrate[8133]: [migrate 174.120.146.122 allegrit] warning: found allegrit in runtime list, handled by another instance, skipping!
Apr 23 17:42:05 uscentral434 cpmigrate[8133]: [migrate 174.120.146.122 allergen] packaging user allergen on 174.120.146.122
Apr 23 17:42:13 uscentral434 cpmigrate[5289]: [migrate 174.120.146.122 alexande] completed rsync of 174.120.146.122:/home/alexande to /home/alexande
Apr 23 17:42:13 uscentral434 cpmigrate[5289]: [migrate 174.120.146.122 alexande] converted alexande mailboxes to local mailserver dovecot
Apr 23 17:42:13 uscentral434 cpmigrate[5289]: [migrate 174.120.146.122 alexande] fixing permissions under /home/alexande
Apr 23 17:42:14 uscentral434 cpmigrate[5289]: [migrate 174.120.146.122 alexande] changed shell to /usr/local/cpanel/bin/jailshell for alexande
Apr 23 17:42:14 uscentral434 cpmigrate[5289]: [migrate 174.120.146.122 alexande] completed restore for alexande from 174.120.146.122
Apr 23 17:42:14 uscentral434 cpmigrate[5289]: [migrate 174.120.146.122 alexsil] warning: found alexsil in runtime list, handled by another instance, skipping!
Apr 23 17:42:14 uscentral434 cpmigrate[5289]: [migrate 174.120.146.122 alisonwa] warning: found alisonwa in runtime list, handled by another instance, skipping!
Apr 23 17:42:14 uscentral434 cpmigrate[5289]: [migrate 174.120.146.122 allegrit] warning: found allegrit in runtime list, handled by another instance, skipping!
Apr 23 17:42:14 uscentral434 cpmigrate[5289]: [migrate 174.120.146.122 allergen] warning: found allergen in runtime list, handled by another instance, skipping!
Apr 23 17:42:14 uscentral434 cpmigrate[5289]: [migrate 174.120.146.122 allstore] packaging user allstore on 174.120.146.122
Apr 23 17:42:25 uscentral434 cpmigrate[8133]: [migrate 174.120.146.122 allergen] copying cpmove-allergen.tar.gz from 174.120.146.122 to local
Apr 23 17:42:25 uscentral434 cpmigrate[5289]: [migrate 174.120.146.122 allstore] copying cpmove-allstore.tar.gz from 174.120.146.122 to local
Apr 23 17:42:26 uscentral434 cpmigrate[8133]: [migrate 174.120.146.122 allergen] restoring allergen from /home/cpmigrate/cpmove-allergen.tar.gz
Apr 23 17:42:26 uscentral434 cpmigrate[5289]: [migrate 174.120.146.122 allstore] restoring allstore from /home/cpmigrate/cpmove-allstore.tar.gz
Apr 23 17:43:18 uscentral434 cpmigrate[28408]: [migrate 174.120.146.106 netflixe] starting rsync of 174.120.146.106:/home/netflixe to /home/netflixe
Apr 23 17:43:36 uscentral434 cpmigrate[4884]: [migrate 174.120.146.122 allegrit] starting rsync of 174.120.146.122:/home/allegrit to /home/allegrit
Apr 23 17:44:09 uscentral434 cpmigrate[4884]: [migrate 174.120.146.122 allegrit] completed rsync of 174.120.146.122:/home/allegrit to /home/allegrit
Apr 23 17:44:09 uscentral434 cpmigrate[4884]: [migrate 174.120.146.122 allegrit] converted allegrit mailboxes to local mailserver dovecot
Apr 23 17:44:09 uscentral434 cpmigrate[4884]: [migrate 174.120.146.122 allegrit] fixing permissions under /home/allegrit
Apr 23 17:44:09 uscentral434 cpmigrate[4884]: [migrate 174.120.146.122 allegrit] changed shell to /usr/local/cpanel/bin/jailshell for allegrit
Apr 23 17:44:09 uscentral434 cpmigrate[4884]: [migrate 174.120.146.122 allegrit] completed restore for allegrit from 174.120.146.122
Apr 23 17:44:09 uscentral434 cpmigrate[4884]: [migrate 174.120.146.122 allergen] warning: found allergen in runtime list, handled by another instance, skipping!
Apr 23 17:44:09 uscentral434 cpmigrate[4884]: [migrate 174.120.146.122 allstore] warning: found allstore in runtime list, handled by another instance, skipping!
Apr 23 17:44:09 uscentral434 cpmigrate[4884]: [migrate 174.120.146.122 allstrip] packaging user allstrip on 174.120.146.122
Apr 23 17:44:16 uscentral434 cpmigrate[4884]: [migrate 174.120.146.122 allstrip] copying cpmove-allstrip.tar.gz from 174.120.146.122 to local
Apr 23 17:44:16 uscentral434 cpmigrate[4884]: [migrate 174.120.146.122 allstrip] restoring allstrip from /home/cpmigrate/cpmove-allstrip.tar.gz
Apr 23 17:45:47 uscentral434 cpmigrate[5289]: [migrate 174.120.146.122 allstore] starting rsync of 174.120.146.122:/home/allstore to /home/allstore
Apr 23 17:45:49 uscentral434 cpmigrate[28408]: [migrate 174.120.146.106 netflixe] completed rsync of 174.120.146.106:/home/netflixe to /home/netflixe
Apr 23 17:45:49 uscentral434 cpmigrate[28408]: [migrate 174.120.146.106 netflixe] converted netflixe mailboxes to local mailserver dovecot
Apr 23 17:45:49 uscentral434 cpmigrate[28408]: [migrate 174.120.146.106 netflixe] fixing permissions under /home/netflixe
Apr 23 17:45:49 uscentral434 cpmigrate[28408]: [migrate 174.120.146.106 netflixe] changed shell to /usr/local/cpanel/bin/jailshell for netflixe
Apr 23 17:45:49 uscentral434 cpmigrate[28408]: [migrate 174.120.146.106 netflixe] completed restore for netflixe from 174.120.146.106
Apr 23 17:45:49 uscentral434 cpmigrate[28408]: [migrate 174.120.146.106 netmatic] packaging user netmatic on 174.120.146.106
Apr 23 17:45:50 uscentral434 cpmigrate[5289]: [migrate 174.120.146.122 allstore] completed rsync of 174.120.146.122:/home/allstore to /home/allstore
Apr 23 17:45:50 uscentral434 cpmigrate[5289]: [migrate 174.120.146.122 allstore] converted allstore mailboxes to local mailserver dovecot
Apr 23 17:45:50 uscentral434 cpmigrate[5289]: [migrate 174.120.146.122 allstore] fixing permissions under /home/allstore
Apr 23 17:45:50 uscentral434 cpmigrate[5289]: [migrate 174.120.146.122 allstore] changed shell to /usr/local/cpanel/bin/jailshell for allstore
Apr 23 17:45:50 uscentral434 cpmigrate[5289]: [migrate 174.120.146.122 allstore] completed restore for allstore from 174.120.146.122
Apr 23 17:45:50 uscentral434 cpmigrate[5289]: [migrate 174.120.146.122 allstrip] warning: found allstrip in runtime list, handled by another instance, skipping!
Apr 23 17:45:50 uscentral434 cpmigrate[5289]: [migrate 174.120.146.122 allthing] packaging user allthing on 174.120.146.122
Apr 23 17:46:26 uscentral434 cpmigrate[28408]: [migrate 174.120.146.106 netmatic] copying cpmove-netmatic.tar.gz from 174.120.146.106 to local
Apr 23 17:46:27 uscentral434 cpmigrate[28408]: [migrate 174.120.146.106 netmatic] restoring netmatic from /home/cpmigrate/cpmove-netmatic.tar.gz
Apr 23 17:46:39 uscentral434 cpmigrate[8133]: [migrate 174.120.146.122 allergen] starting rsync of 174.120.146.122:/home/allergen to /home/allergen
Apr 23 17:47:01 uscentral434 cpmigrate[5289]: [migrate 174.120.146.122 allthing] copying cpmove-allthing.tar.gz from 174.120.146.122 to local
Apr 23 17:47:01 uscentral434 cpmigrate[5289]: [migrate 174.120.146.122 allthing] restoring allthing from /home/cpmigrate/cpmove-allthing.tar.gz
Apr 23 17:47:03 uscentral434 cpmigrate[8133]: [migrate 174.120.146.122 allergen] completed rsync of 174.120.146.122:/home/allergen to /home/allergen
Apr 23 17:47:03 uscentral434 cpmigrate[8133]: [migrate 174.120.146.122 allergen] converted allergen mailboxes to local mailserver dovecot
Apr 23 17:47:03 uscentral434 cpmigrate[8133]: [migrate 174.120.146.122 allergen] fixing permissions under /home/allergen
Apr 23 17:47:03 uscentral434 cpmigrate[8133]: [migrate 174.120.146.122 allergen] changed shell to /usr/local/cpanel/bin/jailshell for allergen
Apr 23 17:47:03 uscentral434 cpmigrate[8133]: [migrate 174.120.146.122 allergen] completed restore for allergen from 174.120.146.122
Apr 23 17:47:03 uscentral434 cpmigrate[8133]: [migrate 174.120.146.122 allstore] warning: found allstore in runtime list, handled by another instance, skipping!
Apr 23 17:47:03 uscentral434 cpmigrate[8133]: [migrate 174.120.146.122 allstrip] warning: found allstrip in runtime list, handled by another instance, skipping!
Apr 23 17:47:03 uscentral434 cpmigrate[8133]: [migrate 174.120.146.122 allthing] warning: found allthing in runtime list, handled by another instance, skipping!
Apr 23 17:47:03 uscentral434 cpmigrate[8133]: [migrate 174.120.146.122 alnaqwa] packaging user alnaqwa on 174.120.146.122
Apr 23 17:47:16 uscentral434 cpmigrate[4884]: [migrate 174.120.146.122 allstrip] starting rsync of 174.120.146.122:/home/allstrip to /home/allstrip
Apr 23 17:47:26 uscentral434 cpmigrate[8133]: [migrate 174.120.146.122 alnaqwa] copying cpmove-alnaqwa.tar.gz from 174.120.146.122 to local
Apr 23 17:47:26 uscentral434 cpmigrate[8133]: [migrate 174.120.146.122 alnaqwa] restoring alnaqwa from /home/cpmigrate/cpmove-alnaqwa.tar.gz
Apr 23 17:47:33 uscentral434 cpmigrate[4884]: [migrate 174.120.146.122 allstrip] completed rsync of 174.120.146.122:/home/allstrip to /home/allstrip
Apr 23 17:47:33 uscentral434 cpmigrate[4884]: [migrate 174.120.146.122 allstrip] converted allstrip mailboxes to local mailserver dovecot
Apr 23 17:47:33 uscentral434 cpmigrate[4884]: [migrate 174.120.146.122 allstrip] fixing permissions under /home/allstrip
Apr 23 17:47:34 uscentral434 cpmigrate[4884]: [migrate 174.120.146.122 allstrip] changed shell to /usr/local/cpanel/bin/jailshell for allstrip
Apr 23 17:47:34 uscentral434 cpmigrate[4884]: [migrate 174.120.146.122 allstrip] completed restore for allstrip from 174.120.146.122
Apr 23 17:47:34 uscentral434 cpmigrate[4884]: [migrate 174.120.146.122 allthing] warning: found allthing in runtime list, handled by another instance, skipping!
Apr 23 17:47:34 uscentral434 cpmigrate[4884]: [migrate 174.120.146.122 alnaqwa] warning: found alnaqwa in runtime list, handled by another instance, skipping!
Apr 23 17:47:34 uscentral434 cpmigrate[4884]: [migrate 174.120.146.122 alonejo] packaging user alonejo on 174.120.146.122
Apr 23 17:47:40 uscentral434 cpmigrate[4884]: [migrate 174.120.146.122 alonejo] copying cpmove-alonejo.tar.gz from 174.120.146.122 to local
Apr 23 17:47:41 uscentral434 cpmigrate[4884]: [migrate 174.120.146.122 alonejo] restoring alonejo from /home/cpmigrate/cpmove-alonejo.tar.gz
Apr 23 17:50:44 uscentral434 cpmigrate[8133]: [migrate 174.120.146.122 alnaqwa] starting rsync of 174.120.146.122:/home/alnaqwa to /home/alnaqwa
Apr 23 17:51:55 uscentral434 cpmigrate[4884]: [migrate 174.120.146.122 alonejo] starting rsync of 174.120.146.122:/home/alonejo to /home/alonejo
Apr 23 17:51:57 uscentral434 cpmigrate[4884]: [migrate 174.120.146.122 alonejo] completed rsync of 174.120.146.122:/home/alonejo to /home/alonejo
Apr 23 17:51:57 uscentral434 cpmigrate[4884]: [migrate 174.120.146.122 alonejo] converted alonejo mailboxes to local mailserver dovecot
Apr 23 17:51:57 uscentral434 cpmigrate[4884]: [migrate 174.120.146.122 alonejo] fixing permissions under /home/alonejo
Apr 23 17:51:58 uscentral434 cpmigrate[4884]: [migrate 174.120.146.122 alonejo] changed shell to /usr/local/cpanel/bin/jailshell for alonejo
Apr 23 17:51:58 uscentral434 cpmigrate[4884]: [migrate 174.120.146.122 alonejo] completed restore for alonejo from 174.120.146.122
Apr 23 17:51:58 uscentral434 cpmigrate[4884]: [migrate 174.120.146.122 alphachi] packaging user alphachi on 174.120.146.122
Apr 23 17:52:02 uscentral434 cpmigrate[4884]: [migrate 174.120.146.122 alphachi] copying cpmove-alphachi.tar.gz from 174.120.146.122 to local
Apr 23 17:52:02 uscentral434 cpmigrate[4884]: [migrate 174.120.146.122 alphachi] restoring alphachi from /home/cpmigrate/cpmove-alphachi.tar.gz
Apr 23 17:52:22 uscentral434 cpmigrate[8133]: [migrate 174.120.146.122 alnaqwa] completed rsync of 174.120.146.122:/home/alnaqwa to /home/alnaqwa
Apr 23 17:52:22 uscentral434 cpmigrate[8133]: [migrate 174.120.146.122 alnaqwa] converted alnaqwa mailboxes to local mailserver dovecot
Apr 23 17:52:22 uscentral434 cpmigrate[8133]: [migrate 174.120.146.122 alnaqwa] fixing permissions under /home/alnaqwa
Apr 23 17:52:22 uscentral434 cpmigrate[8133]: [migrate 174.120.146.122 alnaqwa] changed shell to /usr/local/cpanel/bin/jailshell for alnaqwa
Apr 23 17:52:22 uscentral434 cpmigrate[8133]: [migrate 174.120.146.122 alnaqwa] completed restore for alnaqwa from 174.120.146.122
Apr 23 17:52:22 uscentral434 cpmigrate[8133]: [migrate 174.120.146.122 alonejo] warning: found alonejo in runtime list, handled by another instance, skipping!
Apr 23 17:52:22 uscentral434 cpmigrate[8133]: [migrate 174.120.146.122 alphachi] warning: found alphachi in runtime list, handled by another instance, skipping!
Apr 23 17:52:22 uscentral434 cpmigrate[8133]: [migrate 174.120.146.122 alquiler] packaging user alquiler on 174.120.146.122
Apr 23 17:52:31 uscentral434 cpmigrate[8133]: [migrate 174.120.146.122 alquiler] copying cpmove-alquiler.tar.gz from 174.120.146.122 to local
Apr 23 17:52:31 uscentral434 cpmigrate[8133]: [migrate 174.120.146.122 alquiler] restoring alquiler from /home/cpmigrate/cpmove-alquiler.tar.gz
Apr 23 17:55:06 uscentral434 cpmigrate[4884]: [migrate 174.120.146.122 alphachi] starting rsync of 174.120.146.122:/home/alphachi to /home/alphachi
Apr 23 17:55:11 uscentral434 cpmigrate[4884]: [migrate 174.120.146.122 alphachi] completed rsync of 174.120.146.122:/home/alphachi to /home/alphachi
Apr 23 17:55:11 uscentral434 cpmigrate[4884]: [migrate 174.120.146.122 alphachi] converted alphachi mailboxes to local mailserver dovecot
Apr 23 17:55:11 uscentral434 cpmigrate[4884]: [migrate 174.120.146.122 alphachi] fixing permissions under /home/alphachi
Apr 23 17:55:11 uscentral434 cpmigrate[4884]: [migrate 174.120.146.122 alphachi] changed shell to /usr/local/cpanel/bin/jailshell for alphachi
Apr 23 17:55:11 uscentral434 cpmigrate[4884]: [migrate 174.120.146.122 alphachi] completed restore for alphachi from 174.120.146.122
Apr 23 17:55:11 uscentral434 cpmigrate[4884]: [migrate 174.120.146.122 alquiler] warning: found alquiler in runtime list, handled by another instance, skipping!
Apr 23 17:55:11 uscentral434 cpmigrate[4884]: [migrate 174.120.146.122 altather] packaging user altather on 174.120.146.122
Apr 23 17:55:16 uscentral434 cpmigrate[4884]: [migrate 174.120.146.122 altather] copying cpmove-altather.tar.gz from 174.120.146.122 to local
Apr 23 17:55:16 uscentral434 cpmigrate[4884]: [migrate 174.120.146.122 altather] restoring altather from /home/cpmigrate/cpmove-altather.tar.gz
Apr 23 17:57:44 uscentral434 cpmigrate[5289]: [migrate 174.120.146.122 allthing] starting rsync of 174.120.146.122:/home/allthing to /home/allthing
Apr 23 17:58:25 uscentral434 cpmigrate[4884]: [migrate 174.120.146.122 altather] starting rsync of 174.120.146.122:/home/altather to /home/altather
Apr 23 17:58:33 uscentral434 cpmigrate[8133]: [migrate 174.120.146.122 alquiler] starting rsync of 174.120.146.122:/home/alquiler to /home/alquiler
Apr 23 17:58:35 uscentral434 cpmigrate[8133]: [migrate 174.120.146.122 alquiler] completed rsync of 174.120.146.122:/home/alquiler to /home/alquiler
Apr 23 17:58:35 uscentral434 cpmigrate[8133]: [migrate 174.120.146.122 alquiler] converted alquiler mailboxes to local mailserver dovecot
Apr 23 17:58:35 uscentral434 cpmigrate[8133]: [migrate 174.120.146.122 alquiler] fixing permissions under /home/alquiler
Apr 23 17:58:35 uscentral434 cpmigrate[8133]: [migrate 174.120.146.122 alquiler] changed shell to /usr/local/cpanel/bin/jailshell for alquiler
Apr 23 17:58:35 uscentral434 cpmigrate[8133]: [migrate 174.120.146.122 alquiler] completed restore for alquiler from 174.120.146.122
Apr 23 17:58:36 uscentral434 cpmigrate[8133]: [migrate 174.120.146.122 altather] warning: found altather in runtime list, handled by another instance, skipping!
Apr 23 17:58:36 uscentral434 cpmigrate[8133]: [migrate 174.120.146.122 alternat] packaging user alternat on 174.120.146.122
Apr 23 17:58:39 uscentral434 cpmigrate[8133]: [migrate 174.120.146.122 alternat] copying cpmove-alternat.tar.gz from 174.120.146.122 to local
Apr 23 17:58:40 uscentral434 cpmigrate[8133]: [migrate 174.120.146.122 alternat] restoring alternat from /home/cpmigrate/cpmove-alternat.tar.gz
Apr 23 17:58:44 uscentral434 cpmigrate[4884]: [migrate 174.120.146.122 altather] completed rsync of 174.120.146.122:/home/altather to /home/altather
Apr 23 17:58:44 uscentral434 cpmigrate[4884]: [migrate 174.120.146.122 altather] converted altather mailboxes to local mailserver dovecot
Apr 23 17:58:44 uscentral434 cpmigrate[4884]: [migrate 174.120.146.122 altather] fixing permissions under /home/altather
Apr 23 17:58:45 uscentral434 cpmigrate[4884]: [migrate 174.120.146.122 altather] changed shell to /usr/local/cpanel/bin/jailshell for altather
Apr 23 17:58:45 uscentral434 cpmigrate[4884]: [migrate 174.120.146.122 altather] completed restore for altather from 174.120.146.122
Apr 23 17:58:45 uscentral434 cpmigrate[4884]: [migrate 174.120.146.122 alternat] warning: found alternat in runtime list, handled by another instance, skipping!
Apr 23 17:58:45 uscentral434 cpmigrate[4884]: [migrate 174.120.146.122 amazings] packaging user amazings on 174.120.146.122
Apr 23 17:58:48 uscentral434 cpmigrate[4884]: [migrate 174.120.146.122 amazings] copying cpmove-amazings.tar.gz from 174.120.146.122 to local
Apr 23 17:58:48 uscentral434 cpmigrate[4884]: [migrate 174.120.146.122 amazings] restoring amazings from /home/cpmigrate/cpmove-amazings.tar.gz
Apr 23 17:59:26 uscentral434 cpmigrate[13179]: [migrate 174.120.146.106 net] completed rsync of 174.120.146.106:/home/net to /home/net
Apr 23 17:59:26 uscentral434 cpmigrate[13179]: [migrate 174.120.146.106 net] converted net mailboxes to local mailserver dovecot
Apr 23 17:59:26 uscentral434 cpmigrate[13179]: [migrate 174.120.146.106 net] fixing permissions under /home/net
Apr 23 17:59:29 uscentral434 cpmigrate[13179]: [migrate 174.120.146.106 net] changed shell to /usr/local/cpanel/bin/jailshell for net
Apr 23 17:59:29 uscentral434 cpmigrate[13179]: [migrate 174.120.146.106 net] completed restore for net from 174.120.146.106
Apr 23 17:59:29 uscentral434 cpmigrate[13179]: [migrate 174.120.146.106 netflixe] warning: found netflixe in runtime list, handled by another instance, skipping!
Apr 23 17:59:29 uscentral434 cpmigrate[13179]: [migrate 174.120.146.106 netmatic] warning: found netmatic in runtime list, handled by another instance, skipping!
Apr 23 17:59:29 uscentral434 cpmigrate[13179]: [migrate 174.120.146.106 newsflas] packaging user newsflas on 174.120.146.106
Apr 23 18:00:27 uscentral434 cpmigrate[28408]: [migrate 174.120.146.106 netmatic] starting rsync of 174.120.146.106:/home/netmatic to /home/netmatic
Apr 23 18:00:38 uscentral434 cpmigrate[13179]: [migrate 174.120.146.106 newsflas] copying cpmove-newsflas.tar.gz from 174.120.146.106 to local
Apr 23 18:00:39 uscentral434 cpmigrate[13179]: [migrate 174.120.146.106 newsflas] restoring newsflas from /home/cpmigrate/cpmove-newsflas.tar.gz
Apr 23 18:01:30 uscentral434 cpmigrate[5289]: [migrate 174.120.146.122 allthing] completed rsync of 174.120.146.122:/home/allthing to /home/allthing
Apr 23 18:01:30 uscentral434 cpmigrate[5289]: [migrate 174.120.146.122 allthing] converted allthing mailboxes to local mailserver dovecot
Apr 23 18:01:30 uscentral434 cpmigrate[5289]: [migrate 174.120.146.122 allthing] fixing permissions under /home/allthing
Apr 23 18:01:31 uscentral434 cpmigrate[5289]: [migrate 174.120.146.122 allthing] changed shell to /usr/local/cpanel/bin/jailshell for allthing
Apr 23 18:01:31 uscentral434 cpmigrate[5289]: [migrate 174.120.146.122 allthing] completed restore for allthing from 174.120.146.122
Apr 23 18:01:31 uscentral434 cpmigrate[5289]: [migrate 174.120.146.122 alnaqwa] warning: found alnaqwa in runtime list, handled by another instance, skipping!
Apr 23 18:01:31 uscentral434 cpmigrate[5289]: [migrate 174.120.146.122 alonejo] warning: found alonejo in runtime list, handled by another instance, skipping!
Apr 23 18:01:31 uscentral434 cpmigrate[5289]: [migrate 174.120.146.122 alphachi] warning: found alphachi in runtime list, handled by another instance, skipping!
Apr 23 18:01:31 uscentral434 cpmigrate[5289]: [migrate 174.120.146.122 alquiler] warning: found alquiler in runtime list, handled by another instance, skipping!
Apr 23 18:01:31 uscentral434 cpmigrate[5289]: [migrate 174.120.146.122 altather] warning: found altather in runtime list, handled by another instance, skipping!
Apr 23 18:01:31 uscentral434 cpmigrate[5289]: [migrate 174.120.146.122 alternat] warning: found alternat in runtime list, handled by another instance, skipping!
Apr 23 18:01:31 uscentral434 cpmigrate[5289]: [migrate 174.120.146.122 amazings] warning: found amazings in runtime list, handled by another instance, skipping!
Apr 23 18:01:31 uscentral434 cpmigrate[5289]: [migrate 174.120.146.122 ambushta] packaging user ambushta on 174.120.146.122
Apr 23 18:01:32 uscentral434 cpmigrate[28408]: [migrate 174.120.146.106 netmatic] completed rsync of 174.120.146.106:/home/netmatic to /home/netmatic
Apr 23 18:01:32 uscentral434 cpmigrate[28408]: [migrate 174.120.146.106 netmatic] converted netmatic mailboxes to local mailserver dovecot
Apr 23 18:01:32 uscentral434 cpmigrate[28408]: [migrate 174.120.146.106 netmatic] fixing permissions under /home/netmatic
Apr 23 18:01:32 uscentral434 cpmigrate[28408]: [migrate 174.120.146.106 netmatic] changed shell to /usr/local/cpanel/bin/jailshell for netmatic
Apr 23 18:01:32 uscentral434 cpmigrate[28408]: [migrate 174.120.146.106 netmatic] completed restore for netmatic from 174.120.146.106
Apr 23 18:01:32 uscentral434 cpmigrate[28408]: [migrate 174.120.146.106 newsflas] warning: found newsflas in runtime list, handled by another instance, skipping!
Apr 23 18:01:32 uscentral434 cpmigrate[28408]: [migrate 174.120.146.106 nextcarg] packaging user nextcarg on 174.120.146.106
Apr 23 18:01:47 uscentral434 cpmigrate[28408]: [migrate 174.120.146.106 nextcarg] copying cpmove-nextcarg.tar.gz from 174.120.146.106 to local
Apr 23 18:01:48 uscentral434 cpmigrate[28408]: [migrate 174.120.146.106 nextcarg] restoring nextcarg from /home/cpmigrate/cpmove-nextcarg.tar.gz
Apr 23 18:01:56 uscentral434 cpmigrate[4884]: [migrate 174.120.146.122 amazings] starting rsync of 174.120.146.122:/home/amazings to /home/amazings
Apr 23 18:01:59 uscentral434 cpmigrate[8133]: [migrate 174.120.146.122 alternat] starting rsync of 174.120.146.122:/home/alternat to /home/alternat
Apr 23 18:02:01 uscentral434 cpmigrate[8133]: [migrate 174.120.146.122 alternat] completed rsync of 174.120.146.122:/home/alternat to /home/alternat
Apr 23 18:02:01 uscentral434 cpmigrate[8133]: [migrate 174.120.146.122 alternat] converted alternat mailboxes to local mailserver dovecot
Apr 23 18:02:01 uscentral434 cpmigrate[8133]: [migrate 174.120.146.122 alternat] fixing permissions under /home/alternat
Apr 23 18:02:01 uscentral434 cpmigrate[8133]: [migrate 174.120.146.122 alternat] changed shell to /usr/local/cpanel/bin/jailshell for alternat
Apr 23 18:02:01 uscentral434 cpmigrate[8133]: [migrate 174.120.146.122 alternat] completed restore for alternat from 174.120.146.122
Apr 23 18:02:01 uscentral434 cpmigrate[8133]: [migrate 174.120.146.122 amazings] warning: found amazings in runtime list, handled by another instance, skipping!
Apr 23 18:02:01 uscentral434 cpmigrate[8133]: [migrate 174.120.146.122 ambushta] warning: found ambushta in runtime list, handled by another instance, skipping!
Apr 23 18:02:01 uscentral434 cpmigrate[8133]: [migrate 174.120.146.122 amdzines] packaging user amdzines on 174.120.146.122
Apr 23 18:02:03 uscentral434 cpmigrate[4884]: [migrate 174.120.146.122 amazings] completed rsync of 174.120.146.122:/home/amazings to /home/amazings
Apr 23 18:02:03 uscentral434 cpmigrate[4884]: [migrate 174.120.146.122 amazings] converted amazings mailboxes to local mailserver dovecot
Apr 23 18:02:03 uscentral434 cpmigrate[4884]: [migrate 174.120.146.122 amazings] fixing permissions under /home/amazings
Apr 23 18:02:03 uscentral434 cpmigrate[4884]: [migrate 174.120.146.122 amazings] changed shell to /usr/local/cpanel/bin/jailshell for amazings
Apr 23 18:02:03 uscentral434 cpmigrate[4884]: [migrate 174.120.146.122 amazings] completed restore for amazings from 174.120.146.122
Apr 23 18:02:03 uscentral434 cpmigrate[4884]: [migrate 174.120.146.122 ambushta] warning: found ambushta in runtime list, handled by another instance, skipping!
Apr 23 18:02:03 uscentral434 cpmigrate[4884]: [migrate 174.120.146.122 amdzines] warning: found amdzines in runtime list, handled by another instance, skipping!
Apr 23 18:02:03 uscentral434 cpmigrate[4884]: [migrate 174.120.146.122 ameliora] packaging user ameliora on 174.120.146.122
Apr 23 18:02:07 uscentral434 cpmigrate[4884]: [migrate 174.120.146.122 ameliora] copying cpmove-ameliora.tar.gz from 174.120.146.122 to local
Apr 23 18:02:07 uscentral434 cpmigrate[4884]: [migrate 174.120.146.122 ameliora] restoring ameliora from /home/cpmigrate/cpmove-ameliora.tar.gz
Apr 23 18:02:08 uscentral434 cpmigrate[8133]: [migrate 174.120.146.122 amdzines] copying cpmove-amdzines.tar.gz from 174.120.146.122 to local
Apr 23 18:02:09 uscentral434 cpmigrate[8133]: [migrate 174.120.146.122 amdzines] restoring amdzines from /home/cpmigrate/cpmove-amdzines.tar.gz
Apr 23 18:05:03 uscentral434 cpmigrate[4884]: [migrate 174.120.146.122 ameliora] starting rsync of 174.120.146.122:/home/ameliora to /home/ameliora
Apr 23 18:05:11 uscentral434 cpmigrate[4884]: [migrate 174.120.146.122 ameliora] completed rsync of 174.120.146.122:/home/ameliora to /home/ameliora
Apr 23 18:05:11 uscentral434 cpmigrate[4884]: [migrate 174.120.146.122 ameliora] converted ameliora mailboxes to local mailserver dovecot
Apr 23 18:05:11 uscentral434 cpmigrate[4884]: [migrate 174.120.146.122 ameliora] fixing permissions under /home/ameliora
Apr 23 18:05:11 uscentral434 cpmigrate[4884]: [migrate 174.120.146.122 ameliora] changed shell to /usr/local/cpanel/bin/jailshell for ameliora
Apr 23 18:05:11 uscentral434 cpmigrate[4884]: [migrate 174.120.146.122 ameliora] completed restore for ameliora from 174.120.146.122
Apr 23 18:05:11 uscentral434 cpmigrate[4884]: [migrate 174.120.146.122 amertraq] packaging user amertraq on 174.120.146.122
Apr 23 18:05:26 uscentral434 cpmigrate[4884]: [migrate 174.120.146.122 amertraq] copying cpmove-amertraq.tar.gz from 174.120.146.122 to local
Apr 23 18:05:27 uscentral434 cpmigrate[8133]: [migrate 174.120.146.122 amdzines] starting rsync of 174.120.146.122:/home/amdzines to /home/amdzines
Apr 23 18:05:27 uscentral434 cpmigrate[4884]: [migrate 174.120.146.122 amertraq] restoring amertraq from /home/cpmigrate/cpmove-amertraq.tar.gz
Apr 23 18:05:43 uscentral434 cpmigrate[13179]: [migrate 174.120.146.106 newsflas] starting rsync of 174.120.146.106:/home/newsflas to /home/newsflas
Apr 23 18:06:06 uscentral434 cpmigrate[28408]: [migrate 174.120.146.106 nextcarg] starting rsync of 174.120.146.106:/home/nextcarg to /home/nextcarg
Apr 23 18:06:07 uscentral434 cpmigrate[8133]: [migrate 174.120.146.122 amdzines] completed rsync of 174.120.146.122:/home/amdzines to /home/amdzines
Apr 23 18:06:07 uscentral434 cpmigrate[8133]: [migrate 174.120.146.122 amdzines] converted amdzines mailboxes to local mailserver dovecot
Apr 23 18:06:07 uscentral434 cpmigrate[8133]: [migrate 174.120.146.122 amdzines] fixing permissions under /home/amdzines
Apr 23 18:06:07 uscentral434 cpmigrate[8133]: [migrate 174.120.146.122 amdzines] changed shell to /usr/local/cpanel/bin/jailshell for amdzines
Apr 23 18:06:07 uscentral434 cpmigrate[8133]: [migrate 174.120.146.122 amdzines] completed restore for amdzines from 174.120.146.122
Apr 23 18:06:07 uscentral434 cpmigrate[8133]: [migrate 174.120.146.122 ameliora] warning: found ameliora in runtime list, handled by another instance, skipping!
Apr 23 18:06:07 uscentral434 cpmigrate[8133]: [migrate 174.120.146.122 amertraq] warning: found amertraq in runtime list, handled by another instance, skipping!
Apr 23 18:06:07 uscentral434 cpmigrate[8133]: [migrate 174.120.146.122 amishabl] packaging user amishabl on 174.120.146.122
Apr 23 18:06:12 uscentral434 cpmigrate[5289]: [migrate 174.120.146.122 ambushta] copying cpmove-ambushta.tar.gz from 174.120.146.122 to local
Apr 23 18:06:13 uscentral434 cpmigrate[5289]: [migrate 174.120.146.122 ambushta] restoring ambushta from /home/cpmigrate/cpmove-ambushta.tar.gz
Apr 23 18:06:13 uscentral434 cpmigrate[8133]: [migrate 174.120.146.122 amishabl] copying cpmove-amishabl.tar.gz from 174.120.146.122 to local
Apr 23 18:06:14 uscentral434 cpmigrate[8133]: [migrate 174.120.146.122 amishabl] restoring amishabl from /home/cpmigrate/cpmove-amishabl.tar.gz
Apr 23 18:08:48 uscentral434 cpmigrate[4884]: [migrate 174.120.146.122 amertraq] starting rsync of 174.120.146.122:/home/amertraq to /home/amertraq
Apr 23 18:08:57 uscentral434 cpmigrate[4884]: [migrate 174.120.146.122 amertraq] completed rsync of 174.120.146.122:/home/amertraq to /home/amertraq
Apr 23 18:08:57 uscentral434 cpmigrate[4884]: [migrate 174.120.146.122 amertraq] converted amertraq mailboxes to local mailserver dovecot
Apr 23 18:08:57 uscentral434 cpmigrate[4884]: [migrate 174.120.146.122 amertraq] fixing permissions under /home/amertraq
Apr 23 18:08:57 uscentral434 cpmigrate[4884]: [migrate 174.120.146.122 amertraq] changed shell to /usr/local/cpanel/bin/jailshell for amertraq
Apr 23 18:08:57 uscentral434 cpmigrate[4884]: [migrate 174.120.146.122 amertraq] completed restore for amertraq from 174.120.146.122
Apr 23 18:08:57 uscentral434 cpmigrate[4884]: [migrate 174.120.146.122 amishabl] warning: found amishabl in runtime list, handled by another instance, skipping!
Apr 23 18:08:57 uscentral434 cpmigrate[4884]: [migrate 174.120.146.122 amistad2] packaging user amistad2 on 174.120.146.122
Apr 23 18:09:02 uscentral434 cpmigrate[4884]: [migrate 174.120.146.122 amistad2] copying cpmove-amistad2.tar.gz from 174.120.146.122 to local
Apr 23 18:09:03 uscentral434 cpmigrate[4884]: [migrate 174.120.146.122 amistad2] restoring amistad2 from /home/cpmigrate/cpmove-amistad2.tar.gz
Apr 23 18:09:26 uscentral434 cpmigrate[28408]: [migrate 174.120.146.106 nextcarg] completed rsync of 174.120.146.106:/home/nextcarg to /home/nextcarg
Apr 23 18:09:26 uscentral434 cpmigrate[28408]: [migrate 174.120.146.106 nextcarg] converted nextcarg mailboxes to local mailserver dovecot
Apr 23 18:09:26 uscentral434 cpmigrate[28408]: [migrate 174.120.146.106 nextcarg] fixing permissions under /home/nextcarg
Apr 23 18:09:27 uscentral434 cpmigrate[28408]: [migrate 174.120.146.106 nextcarg] changed shell to /usr/local/cpanel/bin/jailshell for nextcarg
Apr 23 18:09:27 uscentral434 cpmigrate[28408]: [migrate 174.120.146.106 nextcarg] completed restore for nextcarg from 174.120.146.106
Apr 23 18:09:27 uscentral434 cpmigrate[28408]: [migrate 174.120.146.106 niccovas] packaging user niccovas on 174.120.146.106
Apr 23 18:09:31 uscentral434 cpmigrate[8133]: [migrate 174.120.146.122 amishabl] starting rsync of 174.120.146.122:/home/amishabl to /home/amishabl
Apr 23 18:09:33 uscentral434 cpmigrate[8133]: [migrate 174.120.146.122 amishabl] completed rsync of 174.120.146.122:/home/amishabl to /home/amishabl
Apr 23 18:09:33 uscentral434 cpmigrate[8133]: [migrate 174.120.146.122 amishabl] converted amishabl mailboxes to local mailserver dovecot
Apr 23 18:09:33 uscentral434 cpmigrate[8133]: [migrate 174.120.146.122 amishabl] fixing permissions under /home/amishabl
Apr 23 18:09:33 uscentral434 cpmigrate[8133]: [migrate 174.120.146.122 amishabl] changed shell to /usr/local/cpanel/bin/jailshell for amishabl
Apr 23 18:09:33 uscentral434 cpmigrate[8133]: [migrate 174.120.146.122 amishabl] completed restore for amishabl from 174.120.146.122
Apr 23 18:09:33 uscentral434 cpmigrate[8133]: [migrate 174.120.146.122 amistad2] warning: found amistad2 in runtime list, handled by another instance, skipping!
Apr 23 18:09:33 uscentral434 cpmigrate[8133]: [migrate 174.120.146.122 amistada] packaging user amistada on 174.120.146.122
Apr 23 18:09:34 uscentral434 cpmigrate[28408]: [migrate 174.120.146.106 niccovas] copying cpmove-niccovas.tar.gz from 174.120.146.106 to local
Apr 23 18:09:35 uscentral434 cpmigrate[28408]: [migrate 174.120.146.106 niccovas] restoring niccovas from /home/cpmigrate/cpmove-niccovas.tar.gz
Apr 23 18:09:41 uscentral434 cpmigrate[8133]: [migrate 174.120.146.122 amistada] copying cpmove-amistada.tar.gz from 174.120.146.122 to local
Apr 23 18:09:41 uscentral434 cpmigrate[8133]: [migrate 174.120.146.122 amistada] restoring amistada from /home/cpmigrate/cpmove-amistada.tar.gz
Apr 23 18:12:58 uscentral434 cpmigrate[28408]: [migrate 174.120.146.106 niccovas] starting rsync of 174.120.146.106:/home/niccovas to /home/niccovas
Apr 23 18:13:13 uscentral434 cpmigrate[28408]: [migrate 174.120.146.106 niccovas] completed rsync of 174.120.146.106:/home/niccovas to /home/niccovas
Apr 23 18:13:13 uscentral434 cpmigrate[28408]: [migrate 174.120.146.106 niccovas] converted niccovas mailboxes to local mailserver dovecot
Apr 23 18:13:13 uscentral434 cpmigrate[28408]: [migrate 174.120.146.106 niccovas] fixing permissions under /home/niccovas
Apr 23 18:13:13 uscentral434 cpmigrate[28408]: [migrate 174.120.146.106 niccovas] changed shell to /usr/local/cpanel/bin/jailshell for niccovas
Apr 23 18:13:13 uscentral434 cpmigrate[28408]: [migrate 174.120.146.106 niccovas] completed restore for niccovas from 174.120.146.106
Apr 23 18:13:13 uscentral434 cpmigrate[28408]: [migrate 174.120.146.106 nicoleba] packaging user nicoleba on 174.120.146.106
Apr 23 18:13:51 uscentral434 cpmigrate[28408]: [migrate 174.120.146.106 nicoleba] copying cpmove-nicoleba.tar.gz from 174.120.146.106 to local
Apr 23 18:13:52 uscentral434 cpmigrate[28408]: [migrate 174.120.146.106 nicoleba] restoring nicoleba from /home/cpmigrate/cpmove-nicoleba.tar.gz
Apr 23 18:13:52 uscentral434 cpmigrate[8133]: [migrate 174.120.146.122 amistada] starting rsync of 174.120.146.122:/home/amistada to /home/amistada
Apr 23 18:14:02 uscentral434 cpmigrate[8133]: [migrate 174.120.146.122 amistada] completed rsync of 174.120.146.122:/home/amistada to /home/amistada
Apr 23 18:14:02 uscentral434 cpmigrate[8133]: [migrate 174.120.146.122 amistada] converted amistada mailboxes to local mailserver dovecot
Apr 23 18:14:02 uscentral434 cpmigrate[8133]: [migrate 174.120.146.122 amistada] fixing permissions under /home/amistada
Apr 23 18:14:02 uscentral434 cpmigrate[8133]: [migrate 174.120.146.122 amistada] changed shell to /usr/local/cpanel/bin/jailshell for amistada
Apr 23 18:14:02 uscentral434 cpmigrate[8133]: [migrate 174.120.146.122 amistada] completed restore for amistada from 174.120.146.122
Apr 23 18:14:02 uscentral434 cpmigrate[8133]: [migrate 174.120.146.122 ampnash] packaging user ampnash on 174.120.146.122
Apr 23 18:14:04 uscentral434 cpmigrate[4884]: [migrate 174.120.146.122 amistad2] starting rsync of 174.120.146.122:/home/amistad2 to /home/amistad2
Apr 23 18:14:06 uscentral434 cpmigrate[8133]: [migrate 174.120.146.122 ampnash] copying cpmove-ampnash.tar.gz from 174.120.146.122 to local
Apr 23 18:14:07 uscentral434 cpmigrate[8133]: [migrate 174.120.146.122 ampnash] restoring ampnash from /home/cpmigrate/cpmove-ampnash.tar.gz
Apr 23 18:14:13 uscentral434 cpmigrate[4884]: [migrate 174.120.146.122 amistad2] completed rsync of 174.120.146.122:/home/amistad2 to /home/amistad2
Apr 23 18:14:13 uscentral434 cpmigrate[4884]: [migrate 174.120.146.122 amistad2] converted amistad2 mailboxes to local mailserver dovecot
Apr 23 18:14:13 uscentral434 cpmigrate[4884]: [migrate 174.120.146.122 amistad2] fixing permissions under /home/amistad2
Apr 23 18:14:13 uscentral434 cpmigrate[4884]: [migrate 174.120.146.122 amistad2] changed shell to /usr/local/cpanel/bin/jailshell for amistad2
Apr 23 18:14:13 uscentral434 cpmigrate[4884]: [migrate 174.120.146.122 amistad2] completed restore for amistad2 from 174.120.146.122
Apr 23 18:14:13 uscentral434 cpmigrate[4884]: [migrate 174.120.146.122 amistada] warning: found amistada in runtime list, handled by another instance, skipping!
Apr 23 18:14:13 uscentral434 cpmigrate[4884]: [migrate 174.120.146.122 ampnash] warning: found ampnash in runtime list, handled by another instance, skipping!
Apr 23 18:14:13 uscentral434 cpmigrate[4884]: [migrate 174.120.146.122 amyrolof] packaging user amyrolof on 174.120.146.122
Apr 23 18:14:24 uscentral434 cpmigrate[4884]: [migrate 174.120.146.122 amyrolof] copying cpmove-amyrolof.tar.gz from 174.120.146.122 to local
Apr 23 18:14:24 uscentral434 cpmigrate[4884]: [migrate 174.120.146.122 amyrolof] restoring amyrolof from /home/cpmigrate/cpmove-amyrolof.tar.gz
Apr 23 18:16:58 uscentral434 cpmigrate[8133]: [migrate 174.120.146.122 ampnash] starting rsync of 174.120.146.122:/home/ampnash to /home/ampnash
Apr 23 18:16:59 uscentral434 cpmigrate[8133]: [migrate 174.120.146.122 ampnash] completed rsync of 174.120.146.122:/home/ampnash to /home/ampnash
Apr 23 18:16:59 uscentral434 cpmigrate[8133]: [migrate 174.120.146.122 ampnash] converted ampnash mailboxes to local mailserver dovecot
Apr 23 18:16:59 uscentral434 cpmigrate[8133]: [migrate 174.120.146.122 ampnash] fixing permissions under /home/ampnash
Apr 23 18:17:00 uscentral434 cpmigrate[8133]: [migrate 174.120.146.122 ampnash] changed shell to /usr/local/cpanel/bin/jailshell for ampnash
Apr 23 18:17:00 uscentral434 cpmigrate[8133]: [migrate 174.120.146.122 ampnash] completed restore for ampnash from 174.120.146.122
Apr 23 18:17:00 uscentral434 cpmigrate[8133]: [migrate 174.120.146.122 amyrolof] warning: found amyrolof in runtime list, handled by another instance, skipping!
Apr 23 18:17:00 uscentral434 cpmigrate[8133]: [migrate 174.120.146.122 amysjoyf] packaging user amysjoyf on 174.120.146.122
Apr 23 18:17:05 uscentral434 cpmigrate[8133]: [migrate 174.120.146.122 amysjoyf] copying cpmove-amysjoyf.tar.gz from 174.120.146.122 to local
Apr 23 18:17:05 uscentral434 cpmigrate[8133]: [migrate 174.120.146.122 amysjoyf] restoring amysjoyf from /home/cpmigrate/cpmove-amysjoyf.tar.gz
Apr 23 18:17:49 uscentral434 cpmigrate[28408]: [migrate 174.120.146.106 nicoleba] starting rsync of 174.120.146.106:/home/nicoleba to /home/nicoleba
Apr 23 18:18:26 uscentral434 cpmigrate[4884]: [migrate 174.120.146.122 amyrolof] starting rsync of 174.120.146.122:/home/amyrolof to /home/amyrolof
Apr 23 18:19:05 uscentral434 cpmigrate[4884]: [migrate 174.120.146.122 amyrolof] completed rsync of 174.120.146.122:/home/amyrolof to /home/amyrolof
Apr 23 18:19:05 uscentral434 cpmigrate[4884]: [migrate 174.120.146.122 amyrolof] converted amyrolof mailboxes to local mailserver dovecot
Apr 23 18:19:05 uscentral434 cpmigrate[4884]: [migrate 174.120.146.122 amyrolof] fixing permissions under /home/amyrolof
Apr 23 18:19:06 uscentral434 cpmigrate[4884]: [migrate 174.120.146.122 amyrolof] changed shell to /usr/local/cpanel/bin/jailshell for amyrolof
Apr 23 18:19:06 uscentral434 cpmigrate[4884]: [migrate 174.120.146.122 amyrolof] completed restore for amyrolof from 174.120.146.122
Apr 23 18:19:06 uscentral434 cpmigrate[4884]: [migrate 174.120.146.122 amysjoyf] warning: found amysjoyf in runtime list, handled by another instance, skipping!
Apr 23 18:19:06 uscentral434 cpmigrate[4884]: [migrate 174.120.146.122 andreakl] packaging user andreakl on 174.120.146.122
Apr 23 18:19:10 uscentral434 cpmigrate[4884]: [migrate 174.120.146.122 andreakl] copying cpmove-andreakl.tar.gz from 174.120.146.122 to local
Apr 23 18:19:10 uscentral434 cpmigrate[4884]: [migrate 174.120.146.122 andreakl] restoring andreakl from /home/cpmigrate/cpmove-andreakl.tar.gz
Apr 23 18:20:06 uscentral434 cpmigrate[8133]: [migrate 174.120.146.122 amysjoyf] starting rsync of 174.120.146.122:/home/amysjoyf to /home/amysjoyf
Apr 23 18:20:09 uscentral434 cpmigrate[8133]: [migrate 174.120.146.122 amysjoyf] completed rsync of 174.120.146.122:/home/amysjoyf to /home/amysjoyf
Apr 23 18:20:09 uscentral434 cpmigrate[8133]: [migrate 174.120.146.122 amysjoyf] converted amysjoyf mailboxes to local mailserver dovecot
Apr 23 18:20:09 uscentral434 cpmigrate[8133]: [migrate 174.120.146.122 amysjoyf] fixing permissions under /home/amysjoyf
Apr 23 18:20:09 uscentral434 cpmigrate[8133]: [migrate 174.120.146.122 amysjoyf] changed shell to /usr/local/cpanel/bin/jailshell for amysjoyf
Apr 23 18:20:10 uscentral434 cpmigrate[8133]: [migrate 174.120.146.122 amysjoyf] completed restore for amysjoyf from 174.120.146.122
Apr 23 18:20:12 uscentral434 cpmigrate[8133]: [prerun] warning: could not connect to ssh at 174.120.146.122:8982: sleeping for 60s on attempt 1 of 30.
Apr 23 18:20:48 uscentral434 cpmigrate[28408]: [migrate 174.120.146.106 nicoleba] completed rsync of 174.120.146.106:/home/nicoleba to /home/nicoleba
Apr 23 18:20:48 uscentral434 cpmigrate[28408]: [migrate 174.120.146.106 nicoleba] converted nicoleba mailboxes to local mailserver dovecot
Apr 23 18:20:48 uscentral434 cpmigrate[28408]: [migrate 174.120.146.106 nicoleba] fixing permissions under /home/nicoleba
Apr 23 18:20:48 uscentral434 cpmigrate[28408]: [migrate 174.120.146.106 nicoleba] changed shell to /usr/local/cpanel/bin/jailshell for nicoleba
Apr 23 18:20:48 uscentral434 cpmigrate[28408]: [migrate 174.120.146.106 nicoleba] completed restore for nicoleba from 174.120.146.106
Apr 23 18:20:48 uscentral434 cpmigrate[28408]: [migrate 174.120.146.106 night2] packaging user night2 on 174.120.146.106
Apr 23 18:21:01 uscentral434 cpmigrate[28408]: [migrate 174.120.146.106 night2] copying cpmove-night2.tar.gz from 174.120.146.106 to local
Apr 23 18:21:01 uscentral434 cpmigrate[28408]: [migrate 174.120.146.106 night2] restoring night2 from /home/cpmigrate/cpmove-night2.tar.gz
Apr 23 18:21:12 uscentral434 cpmigrate[8133]: [migrate 174.120.146.122 andreakl] warning: found andreakl in runtime list, handled by another instance, skipping!
Apr 23 18:21:12 uscentral434 cpmigrate[8133]: [migrate 174.120.146.122 andrewma] packaging user andrewma on 174.120.146.122
Apr 23 18:21:19 uscentral434 cpmigrate[8133]: [migrate 174.120.146.122 andrewma] copying cpmove-andrewma.tar.gz from 174.120.146.122 to local
Apr 23 18:21:19 uscentral434 cpmigrate[8133]: [migrate 174.120.146.122 andrewma] restoring andrewma from /home/cpmigrate/cpmove-andrewma.tar.gz
Apr 23 18:22:30 uscentral434 cpmigrate[4884]: [migrate 174.120.146.122 andreakl] starting rsync of 174.120.146.122:/home/andreakl to /home/andreakl
Apr 23 18:22:39 uscentral434 cpmigrate[4884]: [migrate 174.120.146.122 andreakl] completed rsync of 174.120.146.122:/home/andreakl to /home/andreakl
Apr 23 18:22:39 uscentral434 cpmigrate[4884]: [migrate 174.120.146.122 andreakl] converted andreakl mailboxes to local mailserver dovecot
Apr 23 18:22:39 uscentral434 cpmigrate[4884]: [migrate 174.120.146.122 andreakl] fixing permissions under /home/andreakl
Apr 23 18:22:39 uscentral434 cpmigrate[4884]: [migrate 174.120.146.122 andreakl] changed shell to /usr/local/cpanel/bin/jailshell for andreakl
Apr 23 18:22:39 uscentral434 cpmigrate[4884]: [migrate 174.120.146.122 andreakl] completed restore for andreakl from 174.120.146.122
Apr 23 18:22:39 uscentral434 cpmigrate[4884]: [migrate 174.120.146.122 andrewma] warning: found andrewma in runtime list, handled by another instance, skipping!
Apr 23 18:22:39 uscentral434 cpmigrate[4884]: [migrate 174.120.146.122 andrewmu] packaging user andrewmu on 174.120.146.122
Apr 23 18:22:43 uscentral434 cpmigrate[4884]: [migrate 174.120.146.122 andrewmu] copying cpmove-andrewmu.tar.gz from 174.120.146.122 to local
Apr 23 18:22:44 uscentral434 cpmigrate[4884]: [migrate 174.120.146.122 andrewmu] restoring andrewmu from /home/cpmigrate/cpmove-andrewmu.tar.gz
Apr 23 18:24:20 uscentral434 cpmigrate[8133]: [migrate 174.120.146.122 andrewma] starting rsync of 174.120.146.122:/home/andrewma to /home/andrewma
Apr 23 18:24:25 uscentral434 cpmigrate[8133]: [migrate 174.120.146.122 andrewma] completed rsync of 174.120.146.122:/home/andrewma to /home/andrewma
Apr 23 18:24:25 uscentral434 cpmigrate[8133]: [migrate 174.120.146.122 andrewma] converted andrewma mailboxes to local mailserver dovecot
Apr 23 18:24:25 uscentral434 cpmigrate[8133]: [migrate 174.120.146.122 andrewma] fixing permissions under /home/andrewma
Apr 23 18:24:25 uscentral434 cpmigrate[8133]: [migrate 174.120.146.122 andrewma] changed shell to /usr/local/cpanel/bin/jailshell for andrewma
Apr 23 18:24:25 uscentral434 cpmigrate[8133]: [migrate 174.120.146.122 andrewma] completed restore for andrewma from 174.120.146.122
Apr 23 18:24:25 uscentral434 cpmigrate[8133]: [migrate 174.120.146.122 andrewmu] warning: found andrewmu in runtime list, handled by another instance, skipping!
Apr 23 18:24:25 uscentral434 cpmigrate[8133]: [migrate 174.120.146.122 andrewsh] packaging user andrewsh on 174.120.146.122
Apr 23 18:24:46 uscentral434 cpmigrate[8133]: [migrate 174.120.146.122 andrewsh] copying cpmove-andrewsh.tar.gz from 174.120.146.122 to local
Apr 23 18:24:46 uscentral434 cpmigrate[8133]: [migrate 174.120.146.122 andrewsh] restoring andrewsh from /home/cpmigrate/cpmove-andrewsh.tar.gz
Apr 23 18:25:25 uscentral434 cpmigrate[28408]: [migrate 174.120.146.106 night2] starting rsync of 174.120.146.106:/home/night2 to /home/night2
Apr 23 18:25:27 uscentral434 cpmigrate[28408]: [migrate 174.120.146.106 night2] completed rsync of 174.120.146.106:/home/night2 to /home/night2
Apr 23 18:25:27 uscentral434 cpmigrate[28408]: [migrate 174.120.146.106 night2] converted night2 mailboxes to local mailserver dovecot
Apr 23 18:25:27 uscentral434 cpmigrate[28408]: [migrate 174.120.146.106 night2] fixing permissions under /home/night2
Apr 23 18:25:27 uscentral434 cpmigrate[28408]: [migrate 174.120.146.106 night2] changed shell to /usr/local/cpanel/bin/jailshell for night2
Apr 23 18:25:27 uscentral434 cpmigrate[28408]: [migrate 174.120.146.106 night2] completed restore for night2 from 174.120.146.106
Apr 23 18:25:27 uscentral434 cpmigrate[28408]: [migrate 174.120.146.106 nightlif] packaging user nightlif on 174.120.146.106
