Apr 23 20:31:55 uscentral434 cpmigrate[13179]: [migrate 174.120.146.106 percapit] changed shell to /usr/local/cpanel/bin/jailshell for percapit
Apr 23 20:31:55 uscentral434 cpmigrate[13179]: [migrate 174.120.146.106 percapit] completed restore for percapit from 174.120.146.106
Apr 23 20:31:55 uscentral434 cpmigrate[13179]: [migrate 174.120.146.106 perciful] warning: found perciful in runtime list, handled by another instance, skipping!
Apr 23 20:31:55 uscentral434 cpmigrate[13179]: [migrate 174.120.146.106 perderba] packaging user perderba on 174.120.146.106
Apr 23 20:32:04 uscentral434 cpmigrate[13179]: [migrate 174.120.146.106 perderba] copying cpmove-perderba.tar.gz from 174.120.146.106 to local
Apr 23 20:32:04 uscentral434 cpmigrate[13179]: [migrate 174.120.146.106 perderba] restoring perderba from /home/cpmigrate/cpmove-perderba.tar.gz
Apr 23 20:32:22 uscentral434 cpmigrate[4884]: [migrate 174.120.146.122 bodystro] completed rsync of 174.120.146.122:/home/bodystro to /home/bodystro
Apr 23 20:32:22 uscentral434 cpmigrate[4884]: [migrate 174.120.146.122 bodystro] converted bodystro mailboxes to local mailserver dovecot
Apr 23 20:32:22 uscentral434 cpmigrate[4884]: [migrate 174.120.146.122 bodystro] fixing permissions under /home/bodystro
Apr 23 20:32:22 uscentral434 cpmigrate[4884]: [migrate 174.120.146.122 bodystro] changed shell to /usr/local/cpanel/bin/jailshell for bodystro
Apr 23 20:32:22 uscentral434 cpmigrate[4884]: [migrate 174.120.146.122 bodystro] completed restore for bodystro from 174.120.146.122
Apr 23 20:32:23 uscentral434 cpmigrate[4884]: [migrate 174.120.146.122 bolamark] warning: found bolamark in runtime list, handled by another instance, skipping!
Apr 23 20:32:23 uscentral434 cpmigrate[4884]: [migrate 174.120.146.122 bombomx] warning: found bombomx in runtime list, handled by another instance, skipping!
Apr 23 20:32:23 uscentral434 cpmigrate[4884]: [migrate 174.120.146.122 bombshel] packaging user bombshel on 174.120.146.122
Apr 23 20:32:27 uscentral434 cpmigrate[4884]: [migrate 174.120.146.122 bombshel] copying cpmove-bombshel.tar.gz from 174.120.146.122 to local
Apr 23 20:32:27 uscentral434 cpmigrate[4884]: [migrate 174.120.146.122 bombshel] restoring bombshel from /home/cpmigrate/cpmove-bombshel.tar.gz
Apr 23 20:32:43 uscentral434 cpmigrate[6896]: [migrate 174.120.146.106 peraudac] starting rsync of 174.120.146.106:/home/peraudac to /home/peraudac
Apr 23 20:32:46 uscentral434 cpmigrate[6896]: [migrate 174.120.146.106 peraudac] completed rsync of 174.120.146.106:/home/peraudac to /home/peraudac
Apr 23 20:32:46 uscentral434 cpmigrate[6896]: [migrate 174.120.146.106 peraudac] converted peraudac mailboxes to local mailserver dovecot
Apr 23 20:32:46 uscentral434 cpmigrate[6896]: [migrate 174.120.146.106 peraudac] fixing permissions under /home/peraudac
Apr 23 20:32:46 uscentral434 cpmigrate[6896]: [migrate 174.120.146.106 peraudac] changed shell to /usr/local/cpanel/bin/jailshell for peraudac
Apr 23 20:32:46 uscentral434 cpmigrate[6896]: [migrate 174.120.146.106 peraudac] completed restore for peraudac from 174.120.146.106
Apr 23 20:32:46 uscentral434 cpmigrate[6896]: [migrate 174.120.146.106 percapit] warning: found percapit in runtime list, handled by another instance, skipping!
Apr 23 20:32:46 uscentral434 cpmigrate[6896]: [migrate 174.120.146.106 perciful] warning: found perciful in runtime list, handled by another instance, skipping!
Apr 23 20:32:46 uscentral434 cpmigrate[6896]: [migrate 174.120.146.106 perderba] warning: found perderba in runtime list, handled by another instance, skipping!
Apr 23 20:32:46 uscentral434 cpmigrate[6896]: [migrate 174.120.146.106 perderbc] packaging user perderbc on 174.120.146.106
Apr 23 20:33:00 uscentral434 cpmigrate[6896]: [migrate 174.120.146.106 perderbc] copying cpmove-perderbc.tar.gz from 174.120.146.106 to local
Apr 23 20:33:01 uscentral434 cpmigrate[6896]: [migrate 174.120.146.106 perderbc] restoring perderbc from /home/cpmigrate/cpmove-perderbc.tar.gz
Apr 23 20:34:34 uscentral434 cpmigrate[28408]: [migrate 174.120.146.106 perciful] starting rsync of 174.120.146.106:/home/perciful to /home/perciful
Apr 23 20:34:36 uscentral434 cpmigrate[28408]: [migrate 174.120.146.106 perciful] completed rsync of 174.120.146.106:/home/perciful to /home/perciful
Apr 23 20:34:36 uscentral434 cpmigrate[28408]: [migrate 174.120.146.106 perciful] converted perciful mailboxes to local mailserver dovecot
Apr 23 20:34:36 uscentral434 cpmigrate[28408]: [migrate 174.120.146.106 perciful] fixing permissions under /home/perciful
Apr 23 20:34:37 uscentral434 cpmigrate[28408]: [migrate 174.120.146.106 perciful] changed shell to /usr/local/cpanel/bin/jailshell for perciful
Apr 23 20:34:37 uscentral434 cpmigrate[28408]: [migrate 174.120.146.106 perciful] completed restore for perciful from 174.120.146.106
Apr 23 20:34:37 uscentral434 cpmigrate[28408]: [migrate 174.120.146.106 perderba] warning: found perderba in runtime list, handled by another instance, skipping!
Apr 23 20:34:37 uscentral434 cpmigrate[28408]: [migrate 174.120.146.106 perderbc] warning: found perderbc in runtime list, handled by another instance, skipping!
Apr 23 20:34:37 uscentral434 cpmigrate[28408]: [migrate 174.120.146.106 perilnos] packaging user perilnos on 174.120.146.106
Apr 23 20:34:45 uscentral434 cpmigrate[28408]: [migrate 174.120.146.106 perilnos] copying cpmove-perilnos.tar.gz from 174.120.146.106 to local
Apr 23 20:34:45 uscentral434 cpmigrate[28408]: [migrate 174.120.146.106 perilnos] restoring perilnos from /home/cpmigrate/cpmove-perilnos.tar.gz
Apr 23 20:34:49 uscentral434 cpmigrate[8133]: [migrate 174.120.146.122 bombomx] starting rsync of 174.120.146.122:/home/bombomx to /home/bombomx
Apr 23 20:35:15 uscentral434 cpmigrate[13179]: [migrate 174.120.146.106 perderba] starting rsync of 174.120.146.106:/home/perderba to /home/perderba
Apr 23 20:35:19 uscentral434 cpmigrate[8133]: [migrate 174.120.146.122 bombomx] completed rsync of 174.120.146.122:/home/bombomx to /home/bombomx
Apr 23 20:35:19 uscentral434 cpmigrate[8133]: [migrate 174.120.146.122 bombomx] converted bombomx mailboxes to local mailserver dovecot
Apr 23 20:35:19 uscentral434 cpmigrate[8133]: [migrate 174.120.146.122 bombomx] fixing permissions under /home/bombomx
Apr 23 20:35:19 uscentral434 cpmigrate[8133]: [migrate 174.120.146.122 bombomx] changed shell to /usr/local/cpanel/bin/jailshell for bombomx
Apr 23 20:35:19 uscentral434 cpmigrate[8133]: [migrate 174.120.146.122 bombomx] completed restore for bombomx from 174.120.146.122
Apr 23 20:35:19 uscentral434 cpmigrate[8133]: [migrate 174.120.146.122 bombshel] warning: found bombshel in runtime list, handled by another instance, skipping!
Apr 23 20:35:19 uscentral434 cpmigrate[8133]: [migrate 174.120.146.122 booknav] packaging user booknav on 174.120.146.122
Apr 23 20:35:22 uscentral434 cpmigrate[13179]: [migrate 174.120.146.106 perderba] completed rsync of 174.120.146.106:/home/perderba to /home/perderba
Apr 23 20:35:22 uscentral434 cpmigrate[13179]: [migrate 174.120.146.106 perderba] converted perderba mailboxes to local mailserver dovecot
Apr 23 20:35:22 uscentral434 cpmigrate[13179]: [migrate 174.120.146.106 perderba] fixing permissions under /home/perderba
Apr 23 20:35:23 uscentral434 cpmigrate[13179]: [migrate 174.120.146.106 perderba] changed shell to /usr/local/cpanel/bin/jailshell for perderba
Apr 23 20:35:23 uscentral434 cpmigrate[13179]: [migrate 174.120.146.106 perderba] completed restore for perderba from 174.120.146.106
Apr 23 20:35:23 uscentral434 cpmigrate[13179]: [migrate 174.120.146.106 perderbc] warning: found perderbc in runtime list, handled by another instance, skipping!
Apr 23 20:35:23 uscentral434 cpmigrate[13179]: [migrate 174.120.146.106 perilnos] warning: found perilnos in runtime list, handled by another instance, skipping!
Apr 23 20:35:23 uscentral434 cpmigrate[13179]: [migrate 174.120.146.106 personal] packaging user personal on 174.120.146.106
Apr 23 20:35:31 uscentral434 cpmigrate[13179]: [migrate 174.120.146.106 personal] copying cpmove-personal.tar.gz from 174.120.146.106 to local
Apr 23 20:35:31 uscentral434 cpmigrate[13179]: [migrate 174.120.146.106 personal] restoring personal from /home/cpmigrate/cpmove-personal.tar.gz
Apr 23 20:35:42 uscentral434 cpmigrate[4884]: [migrate 174.120.146.122 bombshel] starting rsync of 174.120.146.122:/home/bombshel to /home/bombshel
Apr 23 20:35:47 uscentral434 cpmigrate[4884]: [migrate 174.120.146.122 bombshel] completed rsync of 174.120.146.122:/home/bombshel to /home/bombshel
Apr 23 20:35:47 uscentral434 cpmigrate[4884]: [migrate 174.120.146.122 bombshel] converted bombshel mailboxes to local mailserver dovecot
Apr 23 20:35:47 uscentral434 cpmigrate[4884]: [migrate 174.120.146.122 bombshel] fixing permissions under /home/bombshel
Apr 23 20:35:47 uscentral434 cpmigrate[4884]: [migrate 174.120.146.122 bombshel] changed shell to /usr/local/cpanel/bin/jailshell for bombshel
Apr 23 20:35:47 uscentral434 cpmigrate[4884]: [migrate 174.120.146.122 bombshel] completed restore for bombshel from 174.120.146.122
Apr 23 20:35:47 uscentral434 cpmigrate[4884]: [migrate 174.120.146.122 booknav] warning: found booknav in runtime list, handled by another instance, skipping!
Apr 23 20:35:47 uscentral434 cpmigrate[4884]: [migrate 174.120.146.122 bookshel] packaging user bookshel on 174.120.146.122
Apr 23 20:36:26 uscentral434 cpmigrate[6896]: [migrate 174.120.146.106 perderbc] starting rsync of 174.120.146.106:/home/perderbc to /home/perderbc
Apr 23 20:37:13 uscentral434 cpmigrate[6896]: [migrate 174.120.146.106 perderbc] completed rsync of 174.120.146.106:/home/perderbc to /home/perderbc
Apr 23 20:37:13 uscentral434 cpmigrate[6896]: [migrate 174.120.146.106 perderbc] converted perderbc mailboxes to local mailserver dovecot
Apr 23 20:37:13 uscentral434 cpmigrate[6896]: [migrate 174.120.146.106 perderbc] fixing permissions under /home/perderbc
Apr 23 20:37:13 uscentral434 cpmigrate[6896]: [migrate 174.120.146.106 perderbc] changed shell to /usr/local/cpanel/bin/jailshell for perderbc
Apr 23 20:37:13 uscentral434 cpmigrate[6896]: [migrate 174.120.146.106 perderbc] completed restore for perderbc from 174.120.146.106
Apr 23 20:37:13 uscentral434 cpmigrate[6896]: [migrate 174.120.146.106 perilnos] warning: found perilnos in runtime list, handled by another instance, skipping!
Apr 23 20:37:13 uscentral434 cpmigrate[6896]: [migrate 174.120.146.106 personal] warning: found personal in runtime list, handled by another instance, skipping!
Apr 23 20:37:14 uscentral434 cpmigrate[6896]: [migrate 174.120.146.106 petitem] packaging user petitem on 174.120.146.106
Apr 23 20:37:20 uscentral434 cpmigrate[4884]: [migrate 174.120.146.122 bookshel] copying cpmove-bookshel.tar.gz from 174.120.146.122 to local
Apr 23 20:37:20 uscentral434 cpmigrate[6896]: [migrate 174.120.146.106 petitem] copying cpmove-petitem.tar.gz from 174.120.146.106 to local
Apr 23 20:37:21 uscentral434 cpmigrate[4884]: [migrate 174.120.146.122 bookshel] restoring bookshel from /home/cpmigrate/cpmove-bookshel.tar.gz
Apr 23 20:37:21 uscentral434 cpmigrate[6896]: [migrate 174.120.146.106 petitem] restoring petitem from /home/cpmigrate/cpmove-petitem.tar.gz
Apr 23 20:38:05 uscentral434 cpmigrate[28408]: [migrate 174.120.146.106 perilnos] starting rsync of 174.120.146.106:/home/perilnos to /home/perilnos
Apr 23 20:38:09 uscentral434 cpmigrate[28408]: [migrate 174.120.146.106 perilnos] completed rsync of 174.120.146.106:/home/perilnos to /home/perilnos
Apr 23 20:38:09 uscentral434 cpmigrate[28408]: [migrate 174.120.146.106 perilnos] converted perilnos mailboxes to local mailserver dovecot
Apr 23 20:38:09 uscentral434 cpmigrate[28408]: [migrate 174.120.146.106 perilnos] fixing permissions under /home/perilnos
Apr 23 20:38:09 uscentral434 cpmigrate[28408]: [migrate 174.120.146.106 perilnos] changed shell to /usr/local/cpanel/bin/jailshell for perilnos
Apr 23 20:38:09 uscentral434 cpmigrate[28408]: [migrate 174.120.146.106 perilnos] completed restore for perilnos from 174.120.146.106
Apr 23 20:38:09 uscentral434 cpmigrate[28408]: [migrate 174.120.146.106 personal] warning: found personal in runtime list, handled by another instance, skipping!
Apr 23 20:38:09 uscentral434 cpmigrate[28408]: [migrate 174.120.146.106 petitem] warning: found petitem in runtime list, handled by another instance, skipping!
Apr 23 20:38:09 uscentral434 cpmigrate[28408]: [migrate 174.120.146.106 petpalad] packaging user petpalad on 174.120.146.106
Apr 23 20:38:17 uscentral434 cpmigrate[28408]: [migrate 174.120.146.106 petpalad] copying cpmove-petpalad.tar.gz from 174.120.146.106 to local
Apr 23 20:38:17 uscentral434 cpmigrate[28408]: [migrate 174.120.146.106 petpalad] restoring petpalad from /home/cpmigrate/cpmove-petpalad.tar.gz
Apr 23 20:38:30 uscentral434 cpmigrate[13179]: [migrate 174.120.146.106 personal] starting rsync of 174.120.146.106:/home/personal to /home/personal
Apr 23 20:38:37 uscentral434 cpmigrate[13179]: [migrate 174.120.146.106 personal] completed rsync of 174.120.146.106:/home/personal to /home/personal
Apr 23 20:38:37 uscentral434 cpmigrate[13179]: [migrate 174.120.146.106 personal] converted personal mailboxes to local mailserver dovecot
Apr 23 20:38:37 uscentral434 cpmigrate[13179]: [migrate 174.120.146.106 personal] fixing permissions under /home/personal
Apr 23 20:38:37 uscentral434 cpmigrate[13179]: [migrate 174.120.146.106 personal] changed shell to /usr/local/cpanel/bin/jailshell for personal
Apr 23 20:38:37 uscentral434 cpmigrate[13179]: [migrate 174.120.146.106 personal] completed restore for personal from 174.120.146.106
Apr 23 20:38:37 uscentral434 cpmigrate[13179]: [migrate 174.120.146.106 petitem] warning: found petitem in runtime list, handled by another instance, skipping!
Apr 23 20:38:37 uscentral434 cpmigrate[13179]: [migrate 174.120.146.106 petpalad] warning: found petpalad in runtime list, handled by another instance, skipping!
Apr 23 20:38:37 uscentral434 cpmigrate[13179]: [migrate 174.120.146.106 peytonis] packaging user peytonis on 174.120.146.106
Apr 23 20:38:43 uscentral434 cpmigrate[13179]: [migrate 174.120.146.106 peytonis] copying cpmove-peytonis.tar.gz from 174.120.146.106 to local
Apr 23 20:38:44 uscentral434 cpmigrate[13179]: [migrate 174.120.146.106 peytonis] restoring peytonis from /home/cpmigrate/cpmove-peytonis.tar.gz
Apr 23 20:40:46 uscentral434 cpmigrate[6896]: [migrate 174.120.146.106 petitem] starting rsync of 174.120.146.106:/home/petitem to /home/petitem
Apr 23 20:41:05 uscentral434 cpmigrate[6896]: [migrate 174.120.146.106 petitem] completed rsync of 174.120.146.106:/home/petitem to /home/petitem
Apr 23 20:41:05 uscentral434 cpmigrate[6896]: [migrate 174.120.146.106 petitem] converted petitem mailboxes to local mailserver dovecot
Apr 23 20:41:05 uscentral434 cpmigrate[6896]: [migrate 174.120.146.106 petitem] fixing permissions under /home/petitem
Apr 23 20:41:06 uscentral434 cpmigrate[6896]: [migrate 174.120.146.106 petitem] changed shell to /usr/local/cpanel/bin/jailshell for petitem
Apr 23 20:41:06 uscentral434 cpmigrate[6896]: [migrate 174.120.146.106 petitem] completed restore for petitem from 174.120.146.106
Apr 23 20:41:06 uscentral434 cpmigrate[6896]: [migrate 174.120.146.106 petpalad] warning: found petpalad in runtime list, handled by another instance, skipping!
Apr 23 20:41:06 uscentral434 cpmigrate[6896]: [migrate 174.120.146.106 peytonis] warning: found peytonis in runtime list, handled by another instance, skipping!
Apr 23 20:41:06 uscentral434 cpmigrate[6896]: [migrate 174.120.146.106 pgdtxcom] packaging user pgdtxcom on 174.120.146.106
Apr 23 20:41:15 uscentral434 cpmigrate[6896]: [migrate 174.120.146.106 pgdtxcom] copying cpmove-pgdtxcom.tar.gz from 174.120.146.106 to local
Apr 23 20:41:16 uscentral434 cpmigrate[6896]: [migrate 174.120.146.106 pgdtxcom] restoring pgdtxcom from /home/cpmigrate/cpmove-pgdtxcom.tar.gz
Apr 23 20:41:38 uscentral434 cpmigrate[28408]: [migrate 174.120.146.106 petpalad] starting rsync of 174.120.146.106:/home/petpalad to /home/petpalad
Apr 23 20:41:43 uscentral434 cpmigrate[28408]: [migrate 174.120.146.106 petpalad] completed rsync of 174.120.146.106:/home/petpalad to /home/petpalad
Apr 23 20:41:43 uscentral434 cpmigrate[28408]: [migrate 174.120.146.106 petpalad] converted petpalad mailboxes to local mailserver dovecot
Apr 23 20:41:43 uscentral434 cpmigrate[28408]: [migrate 174.120.146.106 petpalad] fixing permissions under /home/petpalad
Apr 23 20:41:43 uscentral434 cpmigrate[28408]: [migrate 174.120.146.106 petpalad] changed shell to /usr/local/cpanel/bin/jailshell for petpalad
Apr 23 20:41:43 uscentral434 cpmigrate[28408]: [migrate 174.120.146.106 petpalad] completed restore for petpalad from 174.120.146.106
Apr 23 20:41:43 uscentral434 cpmigrate[28408]: [migrate 174.120.146.106 peytonis] warning: found peytonis in runtime list, handled by another instance, skipping!
Apr 23 20:41:43 uscentral434 cpmigrate[28408]: [migrate 174.120.146.106 pgdtxcom] warning: found pgdtxcom in runtime list, handled by another instance, skipping!
Apr 23 20:41:43 uscentral434 cpmigrate[28408]: [migrate 174.120.146.106 photo123] packaging user photo123 on 174.120.146.106
Apr 23 20:41:48 uscentral434 cpmigrate[28408]: [migrate 174.120.146.106 photo123] copying cpmove-photo123.tar.gz from 174.120.146.106 to local
Apr 23 20:41:48 uscentral434 cpmigrate[28408]: [migrate 174.120.146.106 photo123] restoring photo123 from /home/cpmigrate/cpmove-photo123.tar.gz
Apr 23 20:42:02 uscentral434 cpmigrate[13179]: [migrate 174.120.146.106 peytonis] starting rsync of 174.120.146.106:/home/peytonis to /home/peytonis
Apr 23 20:42:05 uscentral434 cpmigrate[13179]: [migrate 174.120.146.106 peytonis] completed rsync of 174.120.146.106:/home/peytonis to /home/peytonis
Apr 23 20:42:05 uscentral434 cpmigrate[13179]: [migrate 174.120.146.106 peytonis] converted peytonis mailboxes to local mailserver dovecot
Apr 23 20:42:05 uscentral434 cpmigrate[13179]: [migrate 174.120.146.106 peytonis] fixing permissions under /home/peytonis
Apr 23 20:42:06 uscentral434 cpmigrate[13179]: [migrate 174.120.146.106 peytonis] changed shell to /usr/local/cpanel/bin/jailshell for peytonis
Apr 23 20:42:06 uscentral434 cpmigrate[13179]: [migrate 174.120.146.106 peytonis] completed restore for peytonis from 174.120.146.106
Apr 23 20:42:06 uscentral434 cpmigrate[13179]: [migrate 174.120.146.106 pgdtxcom] warning: found pgdtxcom in runtime list, handled by another instance, skipping!
Apr 23 20:42:06 uscentral434 cpmigrate[13179]: [migrate 174.120.146.106 photo123] warning: found photo123 in runtime list, handled by another instance, skipping!
Apr 23 20:42:06 uscentral434 cpmigrate[13179]: [migrate 174.120.146.106 phunqiec] packaging user phunqiec on 174.120.146.106
Apr 23 20:42:10 uscentral434 cpmigrate[13179]: [migrate 174.120.146.106 phunqiec] copying cpmove-phunqiec.tar.gz from 174.120.146.106 to local
Apr 23 20:42:11 uscentral434 cpmigrate[13179]: [migrate 174.120.146.106 phunqiec] restoring phunqiec from /home/cpmigrate/cpmove-phunqiec.tar.gz
Apr 23 20:43:58 uscentral434 cpmigrate[28408]: [migrate 174.120.146.106 photo123] starting rsync of 174.120.146.106:/home/photo123 to /home/photo123
Apr 23 20:44:01 uscentral434 cpmigrate[28408]: [migrate 174.120.146.106 photo123] completed rsync of 174.120.146.106:/home/photo123 to /home/photo123
Apr 23 20:44:01 uscentral434 cpmigrate[28408]: [migrate 174.120.146.106 photo123] converted photo123 mailboxes to local mailserver dovecot
Apr 23 20:44:01 uscentral434 cpmigrate[28408]: [migrate 174.120.146.106 photo123] fixing permissions under /home/photo123
Apr 23 20:44:02 uscentral434 cpmigrate[28408]: [migrate 174.120.146.106 photo123] changed shell to /usr/local/cpanel/bin/jailshell for photo123
Apr 23 20:44:02 uscentral434 cpmigrate[28408]: [migrate 174.120.146.106 photo123] completed restore for photo123 from 174.120.146.106
Apr 23 20:44:02 uscentral434 cpmigrate[28408]: [migrate 174.120.146.106 phunqiec] warning: found phunqiec in runtime list, handled by another instance, skipping!
Apr 23 20:44:02 uscentral434 cpmigrate[28408]: [migrate 174.120.146.106 pietricc] packaging user pietricc on 174.120.146.106
Apr 23 20:44:08 uscentral434 cpmigrate[28408]: [migrate 174.120.146.106 pietricc] copying cpmove-pietricc.tar.gz from 174.120.146.106 to local
Apr 23 20:44:08 uscentral434 cpmigrate[28408]: [migrate 174.120.146.106 pietricc] restoring pietricc from /home/cpmigrate/cpmove-pietricc.tar.gz
Apr 23 20:44:26 uscentral434 cpmigrate[8133]: [migrate 174.120.146.122 booknav] copying cpmove-booknav.tar.gz from 174.120.146.122 to local
Apr 23 20:44:31 uscentral434 cpmigrate[8133]: [migrate 174.120.146.122 booknav] restoring booknav from /home/cpmigrate/cpmove-booknav.tar.gz
Apr 23 20:44:40 uscentral434 cpmigrate[6896]: [migrate 174.120.146.106 pgdtxcom] starting rsync of 174.120.146.106:/home/pgdtxcom to /home/pgdtxcom
Apr 23 20:44:44 uscentral434 cpmigrate[6896]: [migrate 174.120.146.106 pgdtxcom] completed rsync of 174.120.146.106:/home/pgdtxcom to /home/pgdtxcom
Apr 23 20:44:44 uscentral434 cpmigrate[6896]: [migrate 174.120.146.106 pgdtxcom] converted pgdtxcom mailboxes to local mailserver dovecot
Apr 23 20:44:44 uscentral434 cpmigrate[6896]: [migrate 174.120.146.106 pgdtxcom] fixing permissions under /home/pgdtxcom
Apr 23 20:44:44 uscentral434 cpmigrate[6896]: [migrate 174.120.146.106 pgdtxcom] changed shell to /usr/local/cpanel/bin/jailshell for pgdtxcom
Apr 23 20:44:44 uscentral434 cpmigrate[6896]: [migrate 174.120.146.106 pgdtxcom] completed restore for pgdtxcom from 174.120.146.106
Apr 23 20:44:44 uscentral434 cpmigrate[6896]: [migrate 174.120.146.106 photo123] warning: found photo123 in runtime list, handled by another instance, skipping!
Apr 23 20:44:44 uscentral434 cpmigrate[6896]: [migrate 174.120.146.106 phunqiec] warning: found phunqiec in runtime list, handled by another instance, skipping!
Apr 23 20:44:44 uscentral434 cpmigrate[6896]: [migrate 174.120.146.106 pietricc] warning: found pietricc in runtime list, handled by another instance, skipping!
Apr 23 20:44:44 uscentral434 cpmigrate[6896]: [migrate 174.120.146.106 pigeondi] packaging user pigeondi on 174.120.146.106
Apr 23 20:44:51 uscentral434 cpmigrate[6896]: [migrate 174.120.146.106 pigeondi] copying cpmove-pigeondi.tar.gz from 174.120.146.106 to local
Apr 23 20:44:51 uscentral434 cpmigrate[6896]: [migrate 174.120.146.106 pigeondi] restoring pigeondi from /home/cpmigrate/cpmove-pigeondi.tar.gz
Apr 23 20:45:18 uscentral434 cpmigrate[13179]: [migrate 174.120.146.106 phunqiec] starting rsync of 174.120.146.106:/home/phunqiec to /home/phunqiec
Apr 23 20:45:19 uscentral434 cpmigrate[13179]: [migrate 174.120.146.106 phunqiec] completed rsync of 174.120.146.106:/home/phunqiec to /home/phunqiec
Apr 23 20:45:19 uscentral434 cpmigrate[13179]: [migrate 174.120.146.106 phunqiec] converted phunqiec mailboxes to local mailserver dovecot
Apr 23 20:45:19 uscentral434 cpmigrate[13179]: [migrate 174.120.146.106 phunqiec] fixing permissions under /home/phunqiec
Apr 23 20:45:19 uscentral434 cpmigrate[13179]: [migrate 174.120.146.106 phunqiec] changed shell to /usr/local/cpanel/bin/jailshell for phunqiec
Apr 23 20:45:19 uscentral434 cpmigrate[13179]: [migrate 174.120.146.106 phunqiec] completed restore for phunqiec from 174.120.146.106
Apr 23 20:45:19 uscentral434 cpmigrate[13179]: [migrate 174.120.146.106 pietricc] warning: found pietricc in runtime list, handled by another instance, skipping!
Apr 23 20:45:19 uscentral434 cpmigrate[13179]: [migrate 174.120.146.106 pigeondi] warning: found pigeondi in runtime list, handled by another instance, skipping!
Apr 23 20:45:19 uscentral434 cpmigrate[13179]: [migrate 174.120.146.106 pighairy] packaging user pighairy on 174.120.146.106
Apr 23 20:45:23 uscentral434 cpmigrate[13179]: [migrate 174.120.146.106 pighairy] copying cpmove-pighairy.tar.gz from 174.120.146.106 to local
Apr 23 20:45:24 uscentral434 cpmigrate[13179]: [migrate 174.120.146.106 pighairy] restoring pighairy from /home/cpmigrate/cpmove-pighairy.tar.gz
Apr 23 20:46:36 uscentral434 cpmigrate[4884]: [migrate 174.120.146.122 bookshel] starting rsync of 174.120.146.122:/home/bookshel to /home/bookshel
Apr 23 20:47:39 uscentral434 cpmigrate[28408]: [migrate 174.120.146.106 pietricc] starting rsync of 174.120.146.106:/home/pietricc to /home/pietricc
Apr 23 20:47:41 uscentral434 cpmigrate[28408]: [migrate 174.120.146.106 pietricc] completed rsync of 174.120.146.106:/home/pietricc to /home/pietricc
Apr 23 20:47:41 uscentral434 cpmigrate[28408]: [migrate 174.120.146.106 pietricc] converted pietricc mailboxes to local mailserver dovecot
Apr 23 20:47:42 uscentral434 cpmigrate[28408]: [migrate 174.120.146.106 pietricc] fixing permissions under /home/pietricc
Apr 23 20:47:42 uscentral434 cpmigrate[28408]: [migrate 174.120.146.106 pietricc] changed shell to /usr/local/cpanel/bin/jailshell for pietricc
Apr 23 20:47:42 uscentral434 cpmigrate[28408]: [migrate 174.120.146.106 pietricc] completed restore for pietricc from 174.120.146.106
Apr 23 20:47:42 uscentral434 cpmigrate[28408]: [migrate 174.120.146.106 pigeondi] warning: found pigeondi in runtime list, handled by another instance, skipping!
Apr 23 20:47:42 uscentral434 cpmigrate[28408]: [migrate 174.120.146.106 pighairy] warning: found pighairy in runtime list, handled by another instance, skipping!
Apr 23 20:47:42 uscentral434 cpmigrate[28408]: [migrate 174.120.146.106 pirateso] packaging user pirateso on 174.120.146.106
Apr 23 20:48:14 uscentral434 cpmigrate[6896]: [migrate 174.120.146.106 pigeondi] starting rsync of 174.120.146.106:/home/pigeondi to /home/pigeondi
Apr 23 20:48:16 uscentral434 cpmigrate[6896]: [migrate 174.120.146.106 pigeondi] completed rsync of 174.120.146.106:/home/pigeondi to /home/pigeondi
Apr 23 20:48:16 uscentral434 cpmigrate[6896]: [migrate 174.120.146.106 pigeondi] converted pigeondi mailboxes to local mailserver dovecot
Apr 23 20:48:16 uscentral434 cpmigrate[6896]: [migrate 174.120.146.106 pigeondi] fixing permissions under /home/pigeondi
Apr 23 20:48:16 uscentral434 cpmigrate[6896]: [migrate 174.120.146.106 pigeondi] changed shell to /usr/local/cpanel/bin/jailshell for pigeondi
Apr 23 20:48:16 uscentral434 cpmigrate[6896]: [migrate 174.120.146.106 pigeondi] completed restore for pigeondi from 174.120.146.106
Apr 23 20:48:16 uscentral434 cpmigrate[6896]: [migrate 174.120.146.106 pighairy] warning: found pighairy in runtime list, handled by another instance, skipping!
Apr 23 20:48:16 uscentral434 cpmigrate[6896]: [migrate 174.120.146.106 pirateso] warning: found pirateso in runtime list, handled by another instance, skipping!
Apr 23 20:48:16 uscentral434 cpmigrate[6896]: [migrate 174.120.146.106 pitiri] packaging user pitiri on 174.120.146.106
Apr 23 20:48:24 uscentral434 cpmigrate[6896]: [migrate 174.120.146.106 pitiri] copying cpmove-pitiri.tar.gz from 174.120.146.106 to local
Apr 23 20:48:24 uscentral434 cpmigrate[6896]: [migrate 174.120.146.106 pitiri] restoring pitiri from /home/cpmigrate/cpmove-pitiri.tar.gz
Apr 23 20:49:05 uscentral434 cpmigrate[13179]: [migrate 174.120.146.106 pighairy] starting rsync of 174.120.146.106:/home/pighairy to /home/pighairy
Apr 23 20:49:07 uscentral434 cpmigrate[13179]: [migrate 174.120.146.106 pighairy] completed rsync of 174.120.146.106:/home/pighairy to /home/pighairy
Apr 23 20:49:07 uscentral434 cpmigrate[13179]: [migrate 174.120.146.106 pighairy] converted pighairy mailboxes to local mailserver dovecot
Apr 23 20:49:07 uscentral434 cpmigrate[13179]: [migrate 174.120.146.106 pighairy] fixing permissions under /home/pighairy
Apr 23 20:49:07 uscentral434 cpmigrate[13179]: [migrate 174.120.146.106 pighairy] changed shell to /usr/local/cpanel/bin/jailshell for pighairy
Apr 23 20:49:07 uscentral434 cpmigrate[13179]: [migrate 174.120.146.106 pighairy] completed restore for pighairy from 174.120.146.106
Apr 23 20:49:07 uscentral434 cpmigrate[13179]: [migrate 174.120.146.106 pirateso] warning: found pirateso in runtime list, handled by another instance, skipping!
Apr 23 20:49:07 uscentral434 cpmigrate[13179]: [migrate 174.120.146.106 pitiri] warning: found pitiri in runtime list, handled by another instance, skipping!
Apr 23 20:49:07 uscentral434 cpmigrate[13179]: [migrate 174.120.146.106 placeboc] packaging user placeboc on 174.120.146.106
Apr 23 20:49:16 uscentral434 cpmigrate[28408]: [migrate 174.120.146.106 pirateso] copying cpmove-pirateso.tar.gz from 174.120.146.106 to local
Apr 23 20:49:17 uscentral434 cpmigrate[13179]: [migrate 174.120.146.106 placeboc] copying cpmove-placeboc.tar.gz from 174.120.146.106 to local
Apr 23 20:49:17 uscentral434 cpmigrate[28408]: [migrate 174.120.146.106 pirateso] restoring pirateso from /home/cpmigrate/cpmove-pirateso.tar.gz
Apr 23 20:49:17 uscentral434 cpmigrate[13179]: [migrate 174.120.146.106 placeboc] restoring placeboc from /home/cpmigrate/cpmove-placeboc.tar.gz
Apr 23 20:50:43 uscentral434 cpmigrate[4884]: [migrate 174.120.146.122 bookshel] completed rsync of 174.120.146.122:/home/bookshel to /home/bookshel
Apr 23 20:50:43 uscentral434 cpmigrate[4884]: [migrate 174.120.146.122 bookshel] converted bookshel mailboxes to local mailserver dovecot
Apr 23 20:50:43 uscentral434 cpmigrate[4884]: [migrate 174.120.146.122 bookshel] fixing permissions under /home/bookshel
Apr 23 20:50:45 uscentral434 cpmigrate[4884]: [migrate 174.120.146.122 bookshel] changed shell to /usr/local/cpanel/bin/jailshell for bookshel
Apr 23 20:50:45 uscentral434 cpmigrate[4884]: [migrate 174.120.146.122 bookshel] completed restore for bookshel from 174.120.146.122
Apr 23 20:50:45 uscentral434 cpmigrate[4884]: [migrate 174.120.146.122 bosawapp] packaging user bosawapp on 174.120.146.122
Apr 23 20:52:00 uscentral434 cpmigrate[8133]: [migrate 174.120.146.122 booknav] starting rsync of 174.120.146.122:/home/booknav to /home/booknav
Apr 23 20:52:09 uscentral434 cpmigrate[6896]: [migrate 174.120.146.106 pitiri] starting rsync of 174.120.146.106:/home/pitiri to /home/pitiri
Apr 23 20:52:16 uscentral434 cpmigrate[4884]: [migrate 174.120.146.122 bosawapp] copying cpmove-bosawapp.tar.gz from 174.120.146.122 to local
Apr 23 20:52:17 uscentral434 cpmigrate[4884]: [migrate 174.120.146.122 bosawapp] restoring bosawapp from /home/cpmigrate/cpmove-bosawapp.tar.gz
Apr 23 20:53:32 uscentral434 cpmigrate[13179]: [migrate 174.120.146.106 placeboc] starting rsync of 174.120.146.106:/home/placeboc to /home/placeboc
Apr 23 20:54:37 uscentral434 cpmigrate[13179]: [migrate 174.120.146.106 placeboc] completed rsync of 174.120.146.106:/home/placeboc to /home/placeboc
Apr 23 20:54:37 uscentral434 cpmigrate[13179]: [migrate 174.120.146.106 placeboc] converted placeboc mailboxes to local mailserver dovecot
Apr 23 20:54:38 uscentral434 cpmigrate[13179]: [migrate 174.120.146.106 placeboc] fixing permissions under /home/placeboc
Apr 23 20:54:38 uscentral434 cpmigrate[13179]: [migrate 174.120.146.106 placeboc] changed shell to /usr/local/cpanel/bin/jailshell for placeboc
Apr 23 20:54:38 uscentral434 cpmigrate[13179]: [migrate 174.120.146.106 placeboc] completed restore for placeboc from 174.120.146.106
Apr 23 20:54:38 uscentral434 cpmigrate[13179]: [migrate 174.120.146.106 placecho] packaging user placecho on 174.120.146.106
Apr 23 20:54:59 uscentral434 cpmigrate[28408]: [migrate 174.120.146.106 pirateso] starting rsync of 174.120.146.106:/home/pirateso to /home/pirateso
Apr 23 20:55:03 uscentral434 cpmigrate[13179]: [migrate 174.120.146.106 placecho] copying cpmove-placecho.tar.gz from 174.120.146.106 to local
Apr 23 20:55:04 uscentral434 cpmigrate[13179]: [migrate 174.120.146.106 placecho] restoring placecho from /home/cpmigrate/cpmove-placecho.tar.gz
Apr 23 20:57:17 uscentral434 cpmigrate[4884]: [migrate 174.120.146.122 bosawapp] starting rsync of 174.120.146.122:/home/bosawapp to /home/bosawapp
Apr 23 20:57:48 uscentral434 cpmigrate[5289]: [migrate 174.120.146.122 bodyesth] completed rsync of 174.120.146.122:/home/bodyesth to /home/bodyesth
Apr 23 20:57:48 uscentral434 cpmigrate[5289]: [migrate 174.120.146.122 bodyesth] converted bodyesth mailboxes to local mailserver dovecot
Apr 23 20:57:48 uscentral434 cpmigrate[5289]: [migrate 174.120.146.122 bodyesth] fixing permissions under /home/bodyesth
Apr 23 20:57:50 uscentral434 cpmigrate[5289]: [migrate 174.120.146.122 bodyesth] changed shell to /usr/local/cpanel/bin/jailshell for bodyesth
Apr 23 20:57:50 uscentral434 cpmigrate[5289]: [migrate 174.120.146.122 bodyesth] completed restore for bodyesth from 174.120.146.122
Apr 23 20:57:50 uscentral434 cpmigrate[5289]: [migrate 174.120.146.122 bodyprep] warning: found bodyprep in runtime list, handled by another instance, skipping!
Apr 23 20:57:50 uscentral434 cpmigrate[5289]: [migrate 174.120.146.122 bodysinb] warning: found bodysinb in runtime list, handled by another instance, skipping!
Apr 23 20:57:50 uscentral434 cpmigrate[5289]: [migrate 174.120.146.122 bodystro] warning: found bodystro in runtime list, handled by another instance, skipping!
Apr 23 20:57:50 uscentral434 cpmigrate[5289]: [migrate 174.120.146.122 bolamark] warning: found bolamark in runtime list, handled by another instance, skipping!
Apr 23 20:57:50 uscentral434 cpmigrate[5289]: [migrate 174.120.146.122 bombomx] warning: found bombomx in runtime list, handled by another instance, skipping!
Apr 23 20:57:50 uscentral434 cpmigrate[5289]: [migrate 174.120.146.122 bombshel] warning: found bombshel in runtime list, handled by another instance, skipping!
Apr 23 20:57:50 uscentral434 cpmigrate[5289]: [migrate 174.120.146.122 booknav] warning: found booknav in runtime list, handled by another instance, skipping!
Apr 23 20:57:50 uscentral434 cpmigrate[5289]: [migrate 174.120.146.122 bookshel] warning: found bookshel in runtime list, handled by another instance, skipping!
Apr 23 20:57:50 uscentral434 cpmigrate[5289]: [migrate 174.120.146.122 bosawapp] warning: found bosawapp in runtime list, handled by another instance, skipping!
Apr 23 20:57:50 uscentral434 cpmigrate[5289]: [migrate 174.120.146.122 bosmanfi] packaging user bosmanfi on 174.120.146.122
Apr 23 20:57:56 uscentral434 cpmigrate[4884]: [migrate 174.120.146.122 bosawapp] completed rsync of 174.120.146.122:/home/bosawapp to /home/bosawapp
Apr 23 20:57:56 uscentral434 cpmigrate[4884]: [migrate 174.120.146.122 bosawapp] converted bosawapp mailboxes to local mailserver dovecot
Apr 23 20:57:56 uscentral434 cpmigrate[4884]: [migrate 174.120.146.122 bosawapp] fixing permissions under /home/bosawapp
Apr 23 20:57:57 uscentral434 cpmigrate[4884]: [migrate 174.120.146.122 bosawapp] changed shell to /usr/local/cpanel/bin/jailshell for bosawapp
Apr 23 20:57:57 uscentral434 cpmigrate[4884]: [migrate 174.120.146.122 bosawapp] completed restore for bosawapp from 174.120.146.122
Apr 23 20:57:57 uscentral434 cpmigrate[4884]: [migrate 174.120.146.122 bosmanfi] warning: found bosmanfi in runtime list, handled by another instance, skipping!
Apr 23 20:57:57 uscentral434 cpmigrate[4884]: [migrate 174.120.146.122 botswana] packaging user botswana on 174.120.146.122
Apr 23 20:58:07 uscentral434 cpmigrate[4884]: [migrate 174.120.146.122 botswana] copying cpmove-botswana.tar.gz from 174.120.146.122 to local
Apr 23 20:58:07 uscentral434 cpmigrate[5289]: [migrate 174.120.146.122 bosmanfi] copying cpmove-bosmanfi.tar.gz from 174.120.146.122 to local
Apr 23 20:58:07 uscentral434 cpmigrate[4884]: [migrate 174.120.146.122 botswana] restoring botswana from /home/cpmigrate/cpmove-botswana.tar.gz
Apr 23 20:58:07 uscentral434 cpmigrate[5289]: [migrate 174.120.146.122 bosmanfi] restoring bosmanfi from /home/cpmigrate/cpmove-bosmanfi.tar.gz
Apr 23 20:59:45 uscentral434 cpmigrate[8133]: [migrate 174.120.146.122 booknav] completed rsync of 174.120.146.122:/home/booknav to /home/booknav
Apr 23 20:59:45 uscentral434 cpmigrate[8133]: [migrate 174.120.146.122 booknav] converted booknav mailboxes to local mailserver dovecot
Apr 23 20:59:45 uscentral434 cpmigrate[8133]: [migrate 174.120.146.122 booknav] fixing permissions under /home/booknav
Apr 23 20:59:47 uscentral434 cpmigrate[8133]: [migrate 174.120.146.122 booknav] changed shell to /usr/local/cpanel/bin/jailshell for booknav
Apr 23 20:59:48 uscentral434 cpmigrate[8133]: [migrate 174.120.146.122 booknav] completed restore for booknav from 174.120.146.122
Apr 23 20:59:48 uscentral434 cpmigrate[8133]: [migrate 174.120.146.122 bookshel] warning: found bookshel in runtime list, handled by another instance, skipping!
Apr 23 20:59:48 uscentral434 cpmigrate[8133]: [migrate 174.120.146.122 bosawapp] warning: found bosawapp in runtime list, handled by another instance, skipping!
Apr 23 20:59:48 uscentral434 cpmigrate[8133]: [migrate 174.120.146.122 bosmanfi] warning: found bosmanfi in runtime list, handled by another instance, skipping!
Apr 23 20:59:48 uscentral434 cpmigrate[8133]: [migrate 174.120.146.122 botswana] warning: found botswana in runtime list, handled by another instance, skipping!
Apr 23 20:59:48 uscentral434 cpmigrate[8133]: [migrate 174.120.146.122 bouameur] packaging user bouameur on 174.120.146.122
Apr 23 21:00:01 uscentral434 cpmigrate[8133]: [migrate 174.120.146.122 bouameur] copying cpmove-bouameur.tar.gz from 174.120.146.122 to local
Apr 23 21:00:02 uscentral434 cpmigrate[8133]: [migrate 174.120.146.122 bouameur] restoring bouameur from /home/cpmigrate/cpmove-bouameur.tar.gz
Apr 23 21:00:09 uscentral434 cpmigrate[13179]: [migrate 174.120.146.106 placecho] starting rsync of 174.120.146.106:/home/placecho to /home/placecho
Apr 23 21:00:18 uscentral434 cpmigrate[13179]: [migrate 174.120.146.106 placecho] completed rsync of 174.120.146.106:/home/placecho to /home/placecho
Apr 23 21:00:18 uscentral434 cpmigrate[13179]: [migrate 174.120.146.106 placecho] converted placecho mailboxes to local mailserver dovecot
Apr 23 21:00:18 uscentral434 cpmigrate[13179]: [migrate 174.120.146.106 placecho] fixing permissions under /home/placecho
Apr 23 21:00:18 uscentral434 cpmigrate[13179]: [migrate 174.120.146.106 placecho] changed shell to /usr/local/cpanel/bin/jailshell for placecho
Apr 23 21:00:18 uscentral434 cpmigrate[13179]: [migrate 174.120.146.106 placecho] completed restore for placecho from 174.120.146.106
Apr 23 21:00:18 uscentral434 cpmigrate[13179]: [migrate 174.120.146.106 plumtree] packaging user plumtree on 174.120.146.106
Apr 23 21:00:49 uscentral434 cpmigrate[13179]: [migrate 174.120.146.106 plumtree] copying cpmove-plumtree.tar.gz from 174.120.146.106 to local
Apr 23 21:00:49 uscentral434 cpmigrate[13179]: [migrate 174.120.146.106 plumtree] restoring plumtree from /home/cpmigrate/cpmove-plumtree.tar.gz
Apr 23 21:01:04 uscentral434 cpmigrate[5289]: [migrate 174.120.146.122 bosmanfi] starting rsync of 174.120.146.122:/home/bosmanfi to /home/bosmanfi
Apr 23 21:01:08 uscentral434 cpmigrate[5289]: [migrate 174.120.146.122 bosmanfi] completed rsync of 174.120.146.122:/home/bosmanfi to /home/bosmanfi
Apr 23 21:01:08 uscentral434 cpmigrate[5289]: [migrate 174.120.146.122 bosmanfi] converted bosmanfi mailboxes to local mailserver dovecot
Apr 23 21:01:08 uscentral434 cpmigrate[5289]: [migrate 174.120.146.122 bosmanfi] fixing permissions under /home/bosmanfi
Apr 23 21:01:08 uscentral434 cpmigrate[5289]: [migrate 174.120.146.122 bosmanfi] changed shell to /usr/local/cpanel/bin/jailshell for bosmanfi
Apr 23 21:01:08 uscentral434 cpmigrate[5289]: [migrate 174.120.146.122 bosmanfi] completed restore for bosmanfi from 174.120.146.122
Apr 23 21:01:08 uscentral434 cpmigrate[5289]: [migrate 174.120.146.122 botswana] warning: found botswana in runtime list, handled by another instance, skipping!
Apr 23 21:01:08 uscentral434 cpmigrate[5289]: [migrate 174.120.146.122 bouameur] warning: found bouameur in runtime list, handled by another instance, skipping!
Apr 23 21:01:08 uscentral434 cpmigrate[5289]: [migrate 174.120.146.122 boulevar] packaging user boulevar on 174.120.146.122
Apr 23 21:01:15 uscentral434 cpmigrate[5289]: [migrate 174.120.146.122 boulevar] copying cpmove-boulevar.tar.gz from 174.120.146.122 to local
Apr 23 21:01:15 uscentral434 cpmigrate[5289]: [migrate 174.120.146.122 boulevar] restoring boulevar from /home/cpmigrate/cpmove-boulevar.tar.gz
Apr 23 21:01:24 uscentral434 cpmigrate[4884]: [migrate 174.120.146.122 botswana] starting rsync of 174.120.146.122:/home/botswana to /home/botswana
Apr 23 21:01:26 uscentral434 cpmigrate[4884]: [migrate 174.120.146.122 botswana] completed rsync of 174.120.146.122:/home/botswana to /home/botswana
Apr 23 21:01:26 uscentral434 cpmigrate[4884]: [migrate 174.120.146.122 botswana] converted botswana mailboxes to local mailserver dovecot
Apr 23 21:01:27 uscentral434 cpmigrate[4884]: [migrate 174.120.146.122 botswana] fixing permissions under /home/botswana
Apr 23 21:01:27 uscentral434 cpmigrate[4884]: [migrate 174.120.146.122 botswana] changed shell to /usr/local/cpanel/bin/jailshell for botswana
Apr 23 21:01:27 uscentral434 cpmigrate[4884]: [migrate 174.120.146.122 botswana] completed restore for botswana from 174.120.146.122
Apr 23 21:01:27 uscentral434 cpmigrate[4884]: [migrate 174.120.146.122 bouameur] warning: found bouameur in runtime list, handled by another instance, skipping!
Apr 23 21:01:27 uscentral434 cpmigrate[4884]: [migrate 174.120.146.122 boulevar] warning: found boulevar in runtime list, handled by another instance, skipping!
Apr 23 21:01:27 uscentral434 cpmigrate[4884]: [migrate 174.120.146.122 bpdotnet] packaging user bpdotnet on 174.120.146.122
Apr 23 21:01:48 uscentral434 cpmigrate[4884]: [migrate 174.120.146.122 bpdotnet] copying cpmove-bpdotnet.tar.gz from 174.120.146.122 to local
Apr 23 21:01:49 uscentral434 cpmigrate[4884]: [migrate 174.120.146.122 bpdotnet] restoring bpdotnet from /home/cpmigrate/cpmove-bpdotnet.tar.gz
Apr 23 21:03:10 uscentral434 cpmigrate[8133]: [migrate 174.120.146.122 bouameur] starting rsync of 174.120.146.122:/home/bouameur to /home/bouameur
Apr 23 21:04:16 uscentral434 cpmigrate[8133]: [migrate 174.120.146.122 bouameur] completed rsync of 174.120.146.122:/home/bouameur to /home/bouameur
Apr 23 21:04:16 uscentral434 cpmigrate[8133]: [migrate 174.120.146.122 bouameur] converted bouameur mailboxes to local mailserver dovecot
Apr 23 21:04:16 uscentral434 cpmigrate[8133]: [migrate 174.120.146.122 bouameur] fixing permissions under /home/bouameur
Apr 23 21:04:16 uscentral434 cpmigrate[8133]: [migrate 174.120.146.122 bouameur] changed shell to /usr/local/cpanel/bin/jailshell for bouameur
Apr 23 21:04:16 uscentral434 cpmigrate[8133]: [migrate 174.120.146.122 bouameur] completed restore for bouameur from 174.120.146.122
Apr 23 21:04:16 uscentral434 cpmigrate[8133]: [migrate 174.120.146.122 boulevar] warning: found boulevar in runtime list, handled by another instance, skipping!
Apr 23 21:04:16 uscentral434 cpmigrate[8133]: [migrate 174.120.146.122 bpdotnet] warning: found bpdotnet in runtime list, handled by another instance, skipping!
Apr 23 21:04:16 uscentral434 cpmigrate[8133]: [migrate 174.120.146.122 brandcus] packaging user brandcus on 174.120.146.122
Apr 23 21:04:20 uscentral434 cpmigrate[8133]: [migrate 174.120.146.122 brandcus] copying cpmove-brandcus.tar.gz from 174.120.146.122 to local
Apr 23 21:04:20 uscentral434 cpmigrate[8133]: [migrate 174.120.146.122 brandcus] restoring brandcus from /home/cpmigrate/cpmove-brandcus.tar.gz
Apr 23 21:04:35 uscentral434 cpmigrate[6896]: [migrate 174.120.146.106 pitiri] completed rsync of 174.120.146.106:/home/pitiri to /home/pitiri
Apr 23 21:04:35 uscentral434 cpmigrate[6896]: [migrate 174.120.146.106 pitiri] converted pitiri mailboxes to local mailserver dovecot
Apr 23 21:04:35 uscentral434 cpmigrate[6896]: [migrate 174.120.146.106 pitiri] fixing permissions under /home/pitiri
Apr 23 21:04:39 uscentral434 cpmigrate[5289]: [migrate 174.120.146.122 boulevar] starting rsync of 174.120.146.122:/home/boulevar to /home/boulevar
Apr 23 21:04:41 uscentral434 cpmigrate[6896]: [migrate 174.120.146.106 pitiri] changed shell to /usr/local/cpanel/bin/jailshell for pitiri
Apr 23 21:04:41 uscentral434 cpmigrate[6896]: [migrate 174.120.146.106 pitiri] completed restore for pitiri from 174.120.146.106
Apr 23 21:04:41 uscentral434 cpmigrate[6896]: [migrate 174.120.146.106 placeboc] warning: found placeboc in runtime list, handled by another instance, skipping!
Apr 23 21:04:41 uscentral434 cpmigrate[6896]: [migrate 174.120.146.106 placecho] warning: found placecho in runtime list, handled by another instance, skipping!
Apr 23 21:04:41 uscentral434 cpmigrate[6896]: [migrate 174.120.146.106 plumtree] warning: found plumtree in runtime list, handled by another instance, skipping!
Apr 23 21:04:41 uscentral434 cpmigrate[6896]: [migrate 174.120.146.106 pnsleepn] packaging user pnsleepn on 174.120.146.106
Apr 23 21:04:44 uscentral434 cpmigrate[13179]: [migrate 174.120.146.106 plumtree] starting rsync of 174.120.146.106:/home/plumtree to /home/plumtree
Apr 23 21:04:44 uscentral434 cpmigrate[5289]: [migrate 174.120.146.122 boulevar] completed rsync of 174.120.146.122:/home/boulevar to /home/boulevar
Apr 23 21:04:44 uscentral434 cpmigrate[5289]: [migrate 174.120.146.122 boulevar] converted boulevar mailboxes to local mailserver dovecot
Apr 23 21:04:44 uscentral434 cpmigrate[5289]: [migrate 174.120.146.122 boulevar] fixing permissions under /home/boulevar
Apr 23 21:04:45 uscentral434 cpmigrate[5289]: [migrate 174.120.146.122 boulevar] changed shell to /usr/local/cpanel/bin/jailshell for boulevar
Apr 23 21:04:45 uscentral434 cpmigrate[5289]: [migrate 174.120.146.122 boulevar] completed restore for boulevar from 174.120.146.122
Apr 23 21:04:45 uscentral434 cpmigrate[5289]: [migrate 174.120.146.122 bpdotnet] warning: found bpdotnet in runtime list, handled by another instance, skipping!
Apr 23 21:04:45 uscentral434 cpmigrate[5289]: [migrate 174.120.146.122 brandcus] warning: found brandcus in runtime list, handled by another instance, skipping!
Apr 23 21:04:45 uscentral434 cpmigrate[5289]: [migrate 174.120.146.122 brandemp] packaging user brandemp on 174.120.146.122
Apr 23 21:04:48 uscentral434 cpmigrate[6896]: [migrate 174.120.146.106 pnsleepn] copying cpmove-pnsleepn.tar.gz from 174.120.146.106 to local
Apr 23 21:04:48 uscentral434 cpmigrate[6896]: [migrate 174.120.146.106 pnsleepn] restoring pnsleepn from /home/cpmigrate/cpmove-pnsleepn.tar.gz
Apr 23 21:04:48 uscentral434 cpmigrate[5289]: [migrate 174.120.146.122 brandemp] copying cpmove-brandemp.tar.gz from 174.120.146.122 to local
Apr 23 21:04:49 uscentral434 cpmigrate[5289]: [migrate 174.120.146.122 brandemp] restoring brandemp from /home/cpmigrate/cpmove-brandemp.tar.gz
Apr 23 21:07:00 uscentral434 cpmigrate[4884]: [migrate 174.120.146.122 bpdotnet] starting rsync of 174.120.146.122:/home/bpdotnet to /home/bpdotnet
Apr 23 21:07:31 uscentral434 cpmigrate[4884]: [migrate 174.120.146.122 bpdotnet] completed rsync of 174.120.146.122:/home/bpdotnet to /home/bpdotnet
Apr 23 21:07:31 uscentral434 cpmigrate[4884]: [migrate 174.120.146.122 bpdotnet] converted bpdotnet mailboxes to local mailserver dovecot
Apr 23 21:07:31 uscentral434 cpmigrate[4884]: [migrate 174.120.146.122 bpdotnet] fixing permissions under /home/bpdotnet
Apr 23 21:07:31 uscentral434 cpmigrate[4884]: [migrate 174.120.146.122 bpdotnet] changed shell to /usr/local/cpanel/bin/jailshell for bpdotnet
Apr 23 21:07:31 uscentral434 cpmigrate[4884]: [migrate 174.120.146.122 bpdotnet] completed restore for bpdotnet from 174.120.146.122
Apr 23 21:07:31 uscentral434 cpmigrate[4884]: [migrate 174.120.146.122 brandcus] warning: found brandcus in runtime list, handled by another instance, skipping!
Apr 23 21:07:31 uscentral434 cpmigrate[4884]: [migrate 174.120.146.122 brandemp] warning: found brandemp in runtime list, handled by another instance, skipping!
Apr 23 21:07:31 uscentral434 cpmigrate[4884]: [migrate 174.120.146.122 branderd] packaging user branderd on 174.120.146.122
Apr 23 21:07:37 uscentral434 cpmigrate[4884]: [migrate 174.120.146.122 branderd] copying cpmove-branderd.tar.gz from 174.120.146.122 to local
Apr 23 21:07:37 uscentral434 cpmigrate[4884]: [migrate 174.120.146.122 branderd] restoring branderd from /home/cpmigrate/cpmove-branderd.tar.gz
Apr 23 21:07:38 uscentral434 cpmigrate[8133]: [migrate 174.120.146.122 brandcus] starting rsync of 174.120.146.122:/home/brandcus to /home/brandcus
Apr 23 21:07:49 uscentral434 cpmigrate[8133]: [migrate 174.120.146.122 brandcus] completed rsync of 174.120.146.122:/home/brandcus to /home/brandcus
Apr 23 21:07:49 uscentral434 cpmigrate[8133]: [migrate 174.120.146.122 brandcus] converted brandcus mailboxes to local mailserver dovecot
Apr 23 21:07:49 uscentral434 cpmigrate[8133]: [migrate 174.120.146.122 brandcus] fixing permissions under /home/brandcus
Apr 23 21:07:50 uscentral434 cpmigrate[8133]: [migrate 174.120.146.122 brandcus] changed shell to /usr/local/cpanel/bin/jailshell for brandcus
Apr 23 21:07:50 uscentral434 cpmigrate[8133]: [migrate 174.120.146.122 brandcus] completed restore for brandcus from 174.120.146.122
Apr 23 21:07:50 uscentral434 cpmigrate[8133]: [migrate 174.120.146.122 brandemp] warning: found brandemp in runtime list, handled by another instance, skipping!
Apr 23 21:07:50 uscentral434 cpmigrate[8133]: [migrate 174.120.146.122 branderd] warning: found branderd in runtime list, handled by another instance, skipping!
Apr 23 21:07:50 uscentral434 cpmigrate[8133]: [migrate 174.120.146.122 bravoglo] packaging user bravoglo on 174.120.146.122
Apr 23 21:07:58 uscentral434 cpmigrate[28408]: [migrate 174.120.146.106 pirateso] completed rsync of 174.120.146.106:/home/pirateso to /home/pirateso
Apr 23 21:07:58 uscentral434 cpmigrate[28408]: [migrate 174.120.146.106 pirateso] converted pirateso mailboxes to local mailserver dovecot
Apr 23 21:07:58 uscentral434 cpmigrate[28408]: [migrate 174.120.146.106 pirateso] fixing permissions under /home/pirateso
Apr 23 21:08:02 uscentral434 cpmigrate[28408]: [migrate 174.120.146.106 pirateso] changed shell to /usr/local/cpanel/bin/jailshell for pirateso
