Apr 23 22:13:05 uscentral434 cpmigrate[8133]: [migrate 174.120.146.122 chefdefu] restoring chefdefu from /home/cpmigrate/cpmove-chefdefu.tar.gz
Apr 23 22:13:27 uscentral434 cpmigrate[6896]: [migrate 174.120.146.106 pureatom] starting rsync of 174.120.146.106:/home/pureatom to /home/pureatom
Apr 23 22:13:32 uscentral434 cpmigrate[4884]: [migrate 174.120.146.122 chebusia] starting rsync of 174.120.146.122:/home/chebusia to /home/chebusia
Apr 23 22:13:35 uscentral434 cpmigrate[4884]: [migrate 174.120.146.122 chebusia] completed rsync of 174.120.146.122:/home/chebusia to /home/chebusia
Apr 23 22:13:35 uscentral434 cpmigrate[4884]: [migrate 174.120.146.122 chebusia] converted chebusia mailboxes to local mailserver dovecot
Apr 23 22:13:35 uscentral434 cpmigrate[4884]: [migrate 174.120.146.122 chebusia] fixing permissions under /home/chebusia
Apr 23 22:13:35 uscentral434 cpmigrate[4884]: [migrate 174.120.146.122 chebusia] changed shell to /usr/local/cpanel/bin/jailshell for chebusia
Apr 23 22:13:35 uscentral434 cpmigrate[4884]: [migrate 174.120.146.122 chebusia] completed restore for chebusia from 174.120.146.122
Apr 23 22:13:36 uscentral434 cpmigrate[4884]: [migrate 174.120.146.122 chefdefu] warning: found chefdefu in runtime list, handled by another instance, skipping!
Apr 23 22:13:36 uscentral434 cpmigrate[4884]: [migrate 174.120.146.122 choice] packaging user choice on 174.120.146.122
Apr 23 22:14:12 uscentral434 cpmigrate[4884]: [migrate 174.120.146.122 choice] copying cpmove-choice.tar.gz from 174.120.146.122 to local
Apr 23 22:14:13 uscentral434 cpmigrate[4884]: [migrate 174.120.146.122 choice] restoring choice from /home/cpmigrate/cpmove-choice.tar.gz
Apr 23 22:16:00 uscentral434 cpmigrate[8133]: [migrate 174.120.146.122 chefdefu] starting rsync of 174.120.146.122:/home/chefdefu to /home/chefdefu
Apr 23 22:16:03 uscentral434 cpmigrate[8133]: [migrate 174.120.146.122 chefdefu] completed rsync of 174.120.146.122:/home/chefdefu to /home/chefdefu
Apr 23 22:16:03 uscentral434 cpmigrate[8133]: [migrate 174.120.146.122 chefdefu] converted chefdefu mailboxes to local mailserver dovecot
Apr 23 22:16:03 uscentral434 cpmigrate[8133]: [migrate 174.120.146.122 chefdefu] fixing permissions under /home/chefdefu
Apr 23 22:16:03 uscentral434 cpmigrate[8133]: [migrate 174.120.146.122 chefdefu] changed shell to /usr/local/cpanel/bin/jailshell for chefdefu
Apr 23 22:16:03 uscentral434 cpmigrate[8133]: [migrate 174.120.146.122 chefdefu] completed restore for chefdefu from 174.120.146.122
Apr 23 22:16:03 uscentral434 cpmigrate[8133]: [migrate 174.120.146.122 choice] warning: found choice in runtime list, handled by another instance, skipping!
Apr 23 22:16:03 uscentral434 cpmigrate[8133]: [migrate 174.120.146.122 chopayin] packaging user chopayin on 174.120.146.122
Apr 23 22:16:11 uscentral434 cpmigrate[8133]: [migrate 174.120.146.122 chopayin] copying cpmove-chopayin.tar.gz from 174.120.146.122 to local
Apr 23 22:16:11 uscentral434 cpmigrate[8133]: [migrate 174.120.146.122 chopayin] restoring chopayin from /home/cpmigrate/cpmove-chopayin.tar.gz
Apr 23 22:18:23 uscentral434 cpmigrate[4884]: [migrate 174.120.146.122 choice] starting rsync of 174.120.146.122:/home/choice to /home/choice
Apr 23 22:18:27 uscentral434 cpmigrate[4884]: [migrate 174.120.146.122 choice] completed rsync of 174.120.146.122:/home/choice to /home/choice
Apr 23 22:18:27 uscentral434 cpmigrate[4884]: [migrate 174.120.146.122 choice] converted choice mailboxes to local mailserver dovecot
Apr 23 22:18:27 uscentral434 cpmigrate[4884]: [migrate 174.120.146.122 choice] fixing permissions under /home/choice
Apr 23 22:18:28 uscentral434 cpmigrate[4884]: [migrate 174.120.146.122 choice] changed shell to /usr/local/cpanel/bin/jailshell for choice
Apr 23 22:18:28 uscentral434 cpmigrate[4884]: [migrate 174.120.146.122 choice] completed restore for choice from 174.120.146.122
Apr 23 22:18:28 uscentral434 cpmigrate[4884]: [migrate 174.120.146.122 chopayin] warning: found chopayin in runtime list, handled by another instance, skipping!
Apr 23 22:18:28 uscentral434 cpmigrate[4884]: [migrate 174.120.146.122 chrismas] packaging user chrismas on 174.120.146.122
Apr 23 22:18:34 uscentral434 cpmigrate[4884]: [migrate 174.120.146.122 chrismas] copying cpmove-chrismas.tar.gz from 174.120.146.122 to local
Apr 23 22:18:35 uscentral434 cpmigrate[4884]: [migrate 174.120.146.122 chrismas] restoring chrismas from /home/cpmigrate/cpmove-chrismas.tar.gz
Apr 23 22:18:44 uscentral434 cpmigrate[5289]: [migrate 174.120.146.122 cellphon] completed rsync of 174.120.146.122:/home/cellphon to /home/cellphon
Apr 23 22:18:44 uscentral434 cpmigrate[5289]: [migrate 174.120.146.122 cellphon] converted cellphon mailboxes to local mailserver dovecot
Apr 23 22:18:44 uscentral434 cpmigrate[5289]: [migrate 174.120.146.122 cellphon] fixing permissions under /home/cellphon
Apr 23 22:18:46 uscentral434 cpmigrate[5289]: [migrate 174.120.146.122 cellphon] changed shell to /usr/local/cpanel/bin/jailshell for cellphon
Apr 23 22:18:47 uscentral434 cpmigrate[5289]: [migrate 174.120.146.122 cellphon] completed restore for cellphon from 174.120.146.122
Apr 23 22:18:47 uscentral434 cpmigrate[5289]: [migrate 174.120.146.122 centervi] warning: found centervi in runtime list, handled by another instance, skipping!
Apr 23 22:18:47 uscentral434 cpmigrate[5289]: [migrate 174.120.146.122 chacuato] warning: found chacuato in runtime list, handled by another instance, skipping!
Apr 23 22:18:47 uscentral434 cpmigrate[5289]: [migrate 174.120.146.122 chad] warning: found chad in runtime list, handled by another instance, skipping!
Apr 23 22:18:47 uscentral434 cpmigrate[5289]: [migrate 174.120.146.122 champsai] warning: found champsai in runtime list, handled by another instance, skipping!
Apr 23 22:18:47 uscentral434 cpmigrate[5289]: [migrate 174.120.146.122 chasingm] warning: found chasingm in runtime list, handled by another instance, skipping!
Apr 23 22:18:47 uscentral434 cpmigrate[5289]: [migrate 174.120.146.122 chebusia] warning: found chebusia in runtime list, handled by another instance, skipping!
Apr 23 22:18:47 uscentral434 cpmigrate[5289]: [migrate 174.120.146.122 chefdefu] warning: found chefdefu in runtime list, handled by another instance, skipping!
Apr 23 22:18:47 uscentral434 cpmigrate[5289]: [migrate 174.120.146.122 choice] warning: found choice in runtime list, handled by another instance, skipping!
Apr 23 22:18:47 uscentral434 cpmigrate[5289]: [migrate 174.120.146.122 chopayin] warning: found chopayin in runtime list, handled by another instance, skipping!
Apr 23 22:18:47 uscentral434 cpmigrate[5289]: [migrate 174.120.146.122 chrismas] warning: found chrismas in runtime list, handled by another instance, skipping!
Apr 23 22:18:47 uscentral434 cpmigrate[5289]: [migrate 174.120.146.122 christor] packaging user christor on 174.120.146.122
Apr 23 22:18:52 uscentral434 cpmigrate[5289]: [migrate 174.120.146.122 christor] copying cpmove-christor.tar.gz from 174.120.146.122 to local
Apr 23 22:18:52 uscentral434 cpmigrate[5289]: [migrate 174.120.146.122 christor] restoring christor from /home/cpmigrate/cpmove-christor.tar.gz
Apr 23 22:19:37 uscentral434 cpmigrate[8133]: [migrate 174.120.146.122 chopayin] starting rsync of 174.120.146.122:/home/chopayin to /home/chopayin
Apr 23 22:19:40 uscentral434 cpmigrate[8133]: [migrate 174.120.146.122 chopayin] completed rsync of 174.120.146.122:/home/chopayin to /home/chopayin
Apr 23 22:19:40 uscentral434 cpmigrate[8133]: [migrate 174.120.146.122 chopayin] converted chopayin mailboxes to local mailserver dovecot
Apr 23 22:19:40 uscentral434 cpmigrate[8133]: [migrate 174.120.146.122 chopayin] fixing permissions under /home/chopayin
Apr 23 22:19:40 uscentral434 cpmigrate[8133]: [migrate 174.120.146.122 chopayin] changed shell to /usr/local/cpanel/bin/jailshell for chopayin
Apr 23 22:19:40 uscentral434 cpmigrate[8133]: [migrate 174.120.146.122 chopayin] completed restore for chopayin from 174.120.146.122
Apr 23 22:19:40 uscentral434 cpmigrate[8133]: [migrate 174.120.146.122 chrismas] warning: found chrismas in runtime list, handled by another instance, skipping!
Apr 23 22:19:40 uscentral434 cpmigrate[8133]: [migrate 174.120.146.122 christor] warning: found christor in runtime list, handled by another instance, skipping!
Apr 23 22:19:40 uscentral434 cpmigrate[8133]: [migrate 174.120.146.122 christos] packaging user christos on 174.120.146.122
Apr 23 22:19:46 uscentral434 cpmigrate[6896]: [migrate 174.120.146.106 pureatom] completed rsync of 174.120.146.106:/home/pureatom to /home/pureatom
Apr 23 22:19:46 uscentral434 cpmigrate[6896]: [migrate 174.120.146.106 pureatom] converted pureatom mailboxes to local mailserver dovecot
Apr 23 22:19:46 uscentral434 cpmigrate[6896]: [migrate 174.120.146.106 pureatom] fixing permissions under /home/pureatom
Apr 23 22:19:46 uscentral434 cpmigrate[8133]: [migrate 174.120.146.122 christos] copying cpmove-christos.tar.gz from 174.120.146.122 to local
Apr 23 22:19:46 uscentral434 cpmigrate[6896]: [migrate 174.120.146.106 pureatom] changed shell to /usr/local/cpanel/bin/jailshell for pureatom
Apr 23 22:19:46 uscentral434 cpmigrate[6896]: [migrate 174.120.146.106 pureatom] completed restore for pureatom from 174.120.146.106
Apr 23 22:19:46 uscentral434 cpmigrate[6896]: [migrate 174.120.146.106 purobusi] packaging user purobusi on 174.120.146.106
Apr 23 22:19:47 uscentral434 cpmigrate[8133]: [migrate 174.120.146.122 christos] restoring christos from /home/cpmigrate/cpmove-christos.tar.gz
Apr 23 22:20:36 uscentral434 cpmigrate[6896]: [migrate 174.120.146.106 purobusi] copying cpmove-purobusi.tar.gz from 174.120.146.106 to local
Apr 23 22:20:36 uscentral434 cpmigrate[6896]: [migrate 174.120.146.106 purobusi] restoring purobusi from /home/cpmigrate/cpmove-purobusi.tar.gz
Apr 23 22:21:59 uscentral434 cpmigrate[4884]: [migrate 174.120.146.122 chrismas] starting rsync of 174.120.146.122:/home/chrismas to /home/chrismas
Apr 23 22:22:01 uscentral434 cpmigrate[5289]: [migrate 174.120.146.122 christor] starting rsync of 174.120.146.122:/home/christor to /home/christor
Apr 23 22:22:06 uscentral434 cpmigrate[5289]: [migrate 174.120.146.122 christor] completed rsync of 174.120.146.122:/home/christor to /home/christor
Apr 23 22:22:06 uscentral434 cpmigrate[5289]: [migrate 174.120.146.122 christor] converted christor mailboxes to local mailserver dovecot
Apr 23 22:22:06 uscentral434 cpmigrate[5289]: [migrate 174.120.146.122 christor] fixing permissions under /home/christor
Apr 23 22:22:07 uscentral434 cpmigrate[5289]: [migrate 174.120.146.122 christor] changed shell to /usr/local/cpanel/bin/jailshell for christor
Apr 23 22:22:07 uscentral434 cpmigrate[5289]: [migrate 174.120.146.122 christor] completed restore for christor from 174.120.146.122
Apr 23 22:22:07 uscentral434 cpmigrate[5289]: [migrate 174.120.146.122 christos] warning: found christos in runtime list, handled by another instance, skipping!
Apr 23 22:22:07 uscentral434 cpmigrate[5289]: [migrate 174.120.146.122 chukaio] packaging user chukaio on 174.120.146.122
Apr 23 22:22:13 uscentral434 cpmigrate[4884]: [migrate 174.120.146.122 chrismas] completed rsync of 174.120.146.122:/home/chrismas to /home/chrismas
Apr 23 22:22:13 uscentral434 cpmigrate[4884]: [migrate 174.120.146.122 chrismas] converted chrismas mailboxes to local mailserver dovecot
Apr 23 22:22:13 uscentral434 cpmigrate[4884]: [migrate 174.120.146.122 chrismas] fixing permissions under /home/chrismas
Apr 23 22:22:13 uscentral434 cpmigrate[4884]: [migrate 174.120.146.122 chrismas] changed shell to /usr/local/cpanel/bin/jailshell for chrismas
Apr 23 22:22:13 uscentral434 cpmigrate[4884]: [migrate 174.120.146.122 chrismas] completed restore for chrismas from 174.120.146.122
Apr 23 22:22:13 uscentral434 cpmigrate[4884]: [migrate 174.120.146.122 christor] warning: found christor in runtime list, handled by another instance, skipping!
Apr 23 22:22:13 uscentral434 cpmigrate[4884]: [migrate 174.120.146.122 christos] warning: found christos in runtime list, handled by another instance, skipping!
Apr 23 22:22:13 uscentral434 cpmigrate[4884]: [migrate 174.120.146.122 chukaio] warning: found chukaio in runtime list, handled by another instance, skipping!
Apr 23 22:22:13 uscentral434 cpmigrate[4884]: [migrate 174.120.146.122 ciasesad] packaging user ciasesad on 174.120.146.122
Apr 23 22:22:14 uscentral434 cpmigrate[5289]: [migrate 174.120.146.122 chukaio] copying cpmove-chukaio.tar.gz from 174.120.146.122 to local
Apr 23 22:22:14 uscentral434 cpmigrate[5289]: [migrate 174.120.146.122 chukaio] restoring chukaio from /home/cpmigrate/cpmove-chukaio.tar.gz
Apr 23 22:22:16 uscentral434 cpmigrate[28408]: [migrate 174.120.146.106 prototyp] starting rsync of 174.120.146.106:/home/prototyp to /home/prototyp
Apr 23 22:22:22 uscentral434 cpmigrate[4884]: [migrate 174.120.146.122 ciasesad] copying cpmove-ciasesad.tar.gz from 174.120.146.122 to local
Apr 23 22:22:22 uscentral434 cpmigrate[4884]: [migrate 174.120.146.122 ciasesad] restoring ciasesad from /home/cpmigrate/cpmove-ciasesad.tar.gz
Apr 23 22:22:42 uscentral434 cpmigrate[8133]: [migrate 174.120.146.122 christos] starting rsync of 174.120.146.122:/home/christos to /home/christos
Apr 23 22:22:50 uscentral434 cpmigrate[8133]: [migrate 174.120.146.122 christos] completed rsync of 174.120.146.122:/home/christos to /home/christos
Apr 23 22:22:50 uscentral434 cpmigrate[8133]: [migrate 174.120.146.122 christos] converted christos mailboxes to local mailserver dovecot
Apr 23 22:22:50 uscentral434 cpmigrate[8133]: [migrate 174.120.146.122 christos] fixing permissions under /home/christos
Apr 23 22:22:50 uscentral434 cpmigrate[8133]: [migrate 174.120.146.122 christos] changed shell to /usr/local/cpanel/bin/jailshell for christos
Apr 23 22:22:50 uscentral434 cpmigrate[8133]: [migrate 174.120.146.122 christos] completed restore for christos from 174.120.146.122
Apr 23 22:22:50 uscentral434 cpmigrate[8133]: [migrate 174.120.146.122 chukaio] warning: found chukaio in runtime list, handled by another instance, skipping!
Apr 23 22:22:50 uscentral434 cpmigrate[8133]: [migrate 174.120.146.122 ciasesad] warning: found ciasesad in runtime list, handled by another instance, skipping!
Apr 23 22:22:50 uscentral434 cpmigrate[8133]: [migrate 174.120.146.122 cieetsor] packaging user cieetsor on 174.120.146.122
Apr 23 22:23:02 uscentral434 cpmigrate[8133]: [migrate 174.120.146.122 cieetsor] copying cpmove-cieetsor.tar.gz from 174.120.146.122 to local
Apr 23 22:23:02 uscentral434 cpmigrate[8133]: [migrate 174.120.146.122 cieetsor] restoring cieetsor from /home/cpmigrate/cpmove-cieetsor.tar.gz
Apr 23 22:24:14 uscentral434 cpmigrate[28408]: [migrate 174.120.146.106 prototyp] completed rsync of 174.120.146.106:/home/prototyp to /home/prototyp
Apr 23 22:24:14 uscentral434 cpmigrate[28408]: [migrate 174.120.146.106 prototyp] converted prototyp mailboxes to local mailserver dovecot
Apr 23 22:24:14 uscentral434 cpmigrate[28408]: [migrate 174.120.146.106 prototyp] fixing permissions under /home/prototyp
Apr 23 22:24:17 uscentral434 cpmigrate[28408]: [migrate 174.120.146.106 prototyp] changed shell to /usr/local/cpanel/bin/jailshell for prototyp
Apr 23 22:24:17 uscentral434 cpmigrate[28408]: [migrate 174.120.146.106 prototyp] completed restore for prototyp from 174.120.146.106
Apr 23 22:24:17 uscentral434 cpmigrate[28408]: [migrate 174.120.146.106 ptservic] warning: found ptservic in runtime list, handled by another instance, skipping!
Apr 23 22:24:17 uscentral434 cpmigrate[28408]: [migrate 174.120.146.106 ptuck] warning: found ptuck in runtime list, handled by another instance, skipping!
Apr 23 22:24:17 uscentral434 cpmigrate[28408]: [migrate 174.120.146.106 pukime] warning: found pukime in runtime list, handled by another instance, skipping!
Apr 23 22:24:17 uscentral434 cpmigrate[28408]: [migrate 174.120.146.106 pureatom] warning: found pureatom in runtime list, handled by another instance, skipping!
Apr 23 22:24:17 uscentral434 cpmigrate[28408]: [migrate 174.120.146.106 purobusi] warning: found purobusi in runtime list, handled by another instance, skipping!
Apr 23 22:24:17 uscentral434 cpmigrate[28408]: [migrate 174.120.146.106 pvkassoc] packaging user pvkassoc on 174.120.146.106
Apr 23 22:24:24 uscentral434 cpmigrate[28408]: [migrate 174.120.146.106 pvkassoc] copying cpmove-pvkassoc.tar.gz from 174.120.146.106 to local
Apr 23 22:24:25 uscentral434 cpmigrate[28408]: [migrate 174.120.146.106 pvkassoc] restoring pvkassoc from /home/cpmigrate/cpmove-pvkassoc.tar.gz
Apr 23 22:24:40 uscentral434 cpmigrate[6896]: [migrate 174.120.146.106 purobusi] starting rsync of 174.120.146.106:/home/purobusi to /home/purobusi
Apr 23 22:24:54 uscentral434 cpmigrate[6896]: [migrate 174.120.146.106 purobusi] completed rsync of 174.120.146.106:/home/purobusi to /home/purobusi
Apr 23 22:24:54 uscentral434 cpmigrate[6896]: [migrate 174.120.146.106 purobusi] converted purobusi mailboxes to local mailserver dovecot
Apr 23 22:24:54 uscentral434 cpmigrate[6896]: [migrate 174.120.146.106 purobusi] fixing permissions under /home/purobusi
Apr 23 22:24:55 uscentral434 cpmigrate[6896]: [migrate 174.120.146.106 purobusi] changed shell to /usr/local/cpanel/bin/jailshell for purobusi
Apr 23 22:24:55 uscentral434 cpmigrate[6896]: [migrate 174.120.146.106 purobusi] completed restore for purobusi from 174.120.146.106
Apr 23 22:24:55 uscentral434 cpmigrate[6896]: [migrate 174.120.146.106 pvkassoc] warning: found pvkassoc in runtime list, handled by another instance, skipping!
Apr 23 22:24:55 uscentral434 cpmigrate[6896]: [migrate 174.120.146.106 pwrwines] packaging user pwrwines on 174.120.146.106
Apr 23 22:25:00 uscentral434 cpmigrate[6896]: [migrate 174.120.146.106 pwrwines] copying cpmove-pwrwines.tar.gz from 174.120.146.106 to local
Apr 23 22:25:00 uscentral434 cpmigrate[6896]: [migrate 174.120.146.106 pwrwines] restoring pwrwines from /home/cpmigrate/cpmove-pwrwines.tar.gz
Apr 23 22:25:19 uscentral434 cpmigrate[5289]: [migrate 174.120.146.122 chukaio] starting rsync of 174.120.146.122:/home/chukaio to /home/chukaio
Apr 23 22:25:28 uscentral434 cpmigrate[5289]: [migrate 174.120.146.122 chukaio] completed rsync of 174.120.146.122:/home/chukaio to /home/chukaio
Apr 23 22:25:28 uscentral434 cpmigrate[5289]: [migrate 174.120.146.122 chukaio] converted chukaio mailboxes to local mailserver dovecot
Apr 23 22:25:28 uscentral434 cpmigrate[5289]: [migrate 174.120.146.122 chukaio] fixing permissions under /home/chukaio
Apr 23 22:25:29 uscentral434 cpmigrate[5289]: [migrate 174.120.146.122 chukaio] changed shell to /usr/local/cpanel/bin/jailshell for chukaio
Apr 23 22:25:29 uscentral434 cpmigrate[5289]: [migrate 174.120.146.122 chukaio] completed restore for chukaio from 174.120.146.122
Apr 23 22:25:29 uscentral434 cpmigrate[5289]: [migrate 174.120.146.122 ciasesad] warning: found ciasesad in runtime list, handled by another instance, skipping!
Apr 23 22:25:29 uscentral434 cpmigrate[5289]: [migrate 174.120.146.122 cieetsor] warning: found cieetsor in runtime list, handled by another instance, skipping!
Apr 23 22:25:29 uscentral434 cpmigrate[5289]: [migrate 174.120.146.122 ciskanon] packaging user ciskanon on 174.120.146.122
Apr 23 22:25:34 uscentral434 cpmigrate[5289]: [migrate 174.120.146.122 ciskanon] copying cpmove-ciskanon.tar.gz from 174.120.146.122 to local
Apr 23 22:25:35 uscentral434 cpmigrate[5289]: [migrate 174.120.146.122 ciskanon] restoring ciskanon from /home/cpmigrate/cpmove-ciskanon.tar.gz
Apr 23 22:26:08 uscentral434 cpmigrate[8133]: [migrate 174.120.146.122 cieetsor] starting rsync of 174.120.146.122:/home/cieetsor to /home/cieetsor
Apr 23 22:26:10 uscentral434 cpmigrate[4884]: [migrate 174.120.146.122 ciasesad] starting rsync of 174.120.146.122:/home/ciasesad to /home/ciasesad
Apr 23 22:26:59 uscentral434 cpmigrate[4884]: [migrate 174.120.146.122 ciasesad] completed rsync of 174.120.146.122:/home/ciasesad to /home/ciasesad
Apr 23 22:26:59 uscentral434 cpmigrate[4884]: [migrate 174.120.146.122 ciasesad] converted ciasesad mailboxes to local mailserver dovecot
Apr 23 22:26:59 uscentral434 cpmigrate[4884]: [migrate 174.120.146.122 ciasesad] fixing permissions under /home/ciasesad
Apr 23 22:27:00 uscentral434 cpmigrate[4884]: [migrate 174.120.146.122 ciasesad] changed shell to /usr/local/cpanel/bin/jailshell for ciasesad
Apr 23 22:27:00 uscentral434 cpmigrate[4884]: [migrate 174.120.146.122 ciasesad] completed restore for ciasesad from 174.120.146.122
Apr 23 22:27:00 uscentral434 cpmigrate[4884]: [migrate 174.120.146.122 cieetsor] warning: found cieetsor in runtime list, handled by another instance, skipping!
Apr 23 22:27:00 uscentral434 cpmigrate[4884]: [migrate 174.120.146.122 ciskanon] warning: found ciskanon in runtime list, handled by another instance, skipping!
Apr 23 22:27:00 uscentral434 cpmigrate[4884]: [migrate 174.120.146.122 ciudadan] packaging user ciudadan on 174.120.146.122
Apr 23 22:27:22 uscentral434 cpmigrate[28408]: [migrate 174.120.146.106 pvkassoc] starting rsync of 174.120.146.106:/home/pvkassoc to /home/pvkassoc
Apr 23 22:27:26 uscentral434 cpmigrate[4884]: [migrate 174.120.146.122 ciudadan] copying cpmove-ciudadan.tar.gz from 174.120.146.122 to local
Apr 23 22:27:27 uscentral434 cpmigrate[4884]: [migrate 174.120.146.122 ciudadan] restoring ciudadan from /home/cpmigrate/cpmove-ciudadan.tar.gz
Apr 23 22:28:53 uscentral434 cpmigrate[5289]: [migrate 174.120.146.122 ciskanon] starting rsync of 174.120.146.122:/home/ciskanon to /home/ciskanon
Apr 23 22:28:56 uscentral434 cpmigrate[5289]: [migrate 174.120.146.122 ciskanon] completed rsync of 174.120.146.122:/home/ciskanon to /home/ciskanon
Apr 23 22:28:56 uscentral434 cpmigrate[5289]: [migrate 174.120.146.122 ciskanon] converted ciskanon mailboxes to local mailserver dovecot
Apr 23 22:28:56 uscentral434 cpmigrate[5289]: [migrate 174.120.146.122 ciskanon] fixing permissions under /home/ciskanon
Apr 23 22:28:56 uscentral434 cpmigrate[5289]: [migrate 174.120.146.122 ciskanon] changed shell to /usr/local/cpanel/bin/jailshell for ciskanon
Apr 23 22:28:56 uscentral434 cpmigrate[5289]: [migrate 174.120.146.122 ciskanon] completed restore for ciskanon from 174.120.146.122
Apr 23 22:28:56 uscentral434 cpmigrate[5289]: [migrate 174.120.146.122 ciudadan] warning: found ciudadan in runtime list, handled by another instance, skipping!
Apr 23 22:28:56 uscentral434 cpmigrate[5289]: [migrate 174.120.146.122 ckchang] packaging user ckchang on 174.120.146.122
Apr 23 22:29:02 uscentral434 cpmigrate[5289]: [migrate 174.120.146.122 ckchang] copying cpmove-ckchang.tar.gz from 174.120.146.122 to local
Apr 23 22:29:03 uscentral434 cpmigrate[5289]: [migrate 174.120.146.122 ckchang] restoring ckchang from /home/cpmigrate/cpmove-ckchang.tar.gz
Apr 23 22:29:27 uscentral434 cpmigrate[6896]: [migrate 174.120.146.106 pwrwines] starting rsync of 174.120.146.106:/home/pwrwines to /home/pwrwines
Apr 23 22:29:30 uscentral434 cpmigrate[8133]: [migrate 174.120.146.122 cieetsor] completed rsync of 174.120.146.122:/home/cieetsor to /home/cieetsor
Apr 23 22:29:30 uscentral434 cpmigrate[8133]: [migrate 174.120.146.122 cieetsor] converted cieetsor mailboxes to local mailserver dovecot
Apr 23 22:29:30 uscentral434 cpmigrate[8133]: [migrate 174.120.146.122 cieetsor] fixing permissions under /home/cieetsor
Apr 23 22:29:31 uscentral434 cpmigrate[8133]: [migrate 174.120.146.122 cieetsor] changed shell to /usr/local/cpanel/bin/jailshell for cieetsor
Apr 23 22:29:31 uscentral434 cpmigrate[8133]: [migrate 174.120.146.122 cieetsor] completed restore for cieetsor from 174.120.146.122
Apr 23 22:29:31 uscentral434 cpmigrate[8133]: [migrate 174.120.146.122 ciskanon] warning: found ciskanon in runtime list, handled by another instance, skipping!
Apr 23 22:29:31 uscentral434 cpmigrate[8133]: [migrate 174.120.146.122 ciudadan] warning: found ciudadan in runtime list, handled by another instance, skipping!
Apr 23 22:29:31 uscentral434 cpmigrate[8133]: [migrate 174.120.146.122 ckchang] warning: found ckchang in runtime list, handled by another instance, skipping!
Apr 23 22:29:31 uscentral434 cpmigrate[8133]: [migrate 174.120.146.122 cleaning] packaging user cleaning on 174.120.146.122
Apr 23 22:29:36 uscentral434 cpmigrate[8133]: [migrate 174.120.146.122 cleaning] copying cpmove-cleaning.tar.gz from 174.120.146.122 to local
Apr 23 22:29:36 uscentral434 cpmigrate[8133]: [migrate 174.120.146.122 cleaning] restoring cleaning from /home/cpmigrate/cpmove-cleaning.tar.gz
Apr 23 22:30:18 uscentral434 cpmigrate[6896]: [migrate 174.120.146.106 pwrwines] completed rsync of 174.120.146.106:/home/pwrwines to /home/pwrwines
Apr 23 22:30:18 uscentral434 cpmigrate[6896]: [migrate 174.120.146.106 pwrwines] converted pwrwines mailboxes to local mailserver dovecot
Apr 23 22:30:18 uscentral434 cpmigrate[6896]: [migrate 174.120.146.106 pwrwines] fixing permissions under /home/pwrwines
Apr 23 22:30:18 uscentral434 cpmigrate[6896]: [migrate 174.120.146.106 pwrwines] changed shell to /usr/local/cpanel/bin/jailshell for pwrwines
Apr 23 22:30:18 uscentral434 cpmigrate[6896]: [migrate 174.120.146.106 pwrwines] completed restore for pwrwines from 174.120.146.106
Apr 23 22:30:18 uscentral434 cpmigrate[6896]: [migrate 174.120.146.106 qctelugu] packaging user qctelugu on 174.120.146.106
Apr 23 22:30:29 uscentral434 cpmigrate[4884]: [migrate 174.120.146.122 ciudadan] starting rsync of 174.120.146.122:/home/ciudadan to /home/ciudadan
Apr 23 22:30:57 uscentral434 cpmigrate[6896]: [migrate 174.120.146.106 qctelugu] copying cpmove-qctelugu.tar.gz from 174.120.146.106 to local
Apr 23 22:30:57 uscentral434 cpmigrate[6896]: [migrate 174.120.146.106 qctelugu] restoring qctelugu from /home/cpmigrate/cpmove-qctelugu.tar.gz
Apr 23 22:32:09 uscentral434 cpmigrate[5289]: [migrate 174.120.146.122 ckchang] starting rsync of 174.120.146.122:/home/ckchang to /home/ckchang
Apr 23 22:32:10 uscentral434 cpmigrate[5289]: [migrate 174.120.146.122 ckchang] completed rsync of 174.120.146.122:/home/ckchang to /home/ckchang
Apr 23 22:32:10 uscentral434 cpmigrate[5289]: [migrate 174.120.146.122 ckchang] converted ckchang mailboxes to local mailserver dovecot
Apr 23 22:32:10 uscentral434 cpmigrate[5289]: [migrate 174.120.146.122 ckchang] fixing permissions under /home/ckchang
Apr 23 22:32:11 uscentral434 cpmigrate[5289]: [migrate 174.120.146.122 ckchang] changed shell to /usr/local/cpanel/bin/jailshell for ckchang
Apr 23 22:32:11 uscentral434 cpmigrate[5289]: [migrate 174.120.146.122 ckchang] completed restore for ckchang from 174.120.146.122
Apr 23 22:32:11 uscentral434 cpmigrate[5289]: [migrate 174.120.146.122 cleaning] warning: found cleaning in runtime list, handled by another instance, skipping!
Apr 23 22:32:11 uscentral434 cpmigrate[5289]: [migrate 174.120.146.122 clearnet] packaging user clearnet on 174.120.146.122
Apr 23 22:32:18 uscentral434 cpmigrate[5289]: [migrate 174.120.146.122 clearnet] copying cpmove-clearnet.tar.gz from 174.120.146.122 to local
Apr 23 22:32:19 uscentral434 cpmigrate[5289]: [migrate 174.120.146.122 clearnet] restoring clearnet from /home/cpmigrate/cpmove-clearnet.tar.gz
Apr 23 22:32:31 uscentral434 cpmigrate[8133]: [migrate 174.120.146.122 cleaning] starting rsync of 174.120.146.122:/home/cleaning to /home/cleaning
Apr 23 22:32:42 uscentral434 cpmigrate[8133]: [migrate 174.120.146.122 cleaning] completed rsync of 174.120.146.122:/home/cleaning to /home/cleaning
Apr 23 22:32:42 uscentral434 cpmigrate[8133]: [migrate 174.120.146.122 cleaning] converted cleaning mailboxes to local mailserver dovecot
Apr 23 22:32:42 uscentral434 cpmigrate[8133]: [migrate 174.120.146.122 cleaning] fixing permissions under /home/cleaning
Apr 23 22:32:43 uscentral434 cpmigrate[8133]: [migrate 174.120.146.122 cleaning] changed shell to /usr/local/cpanel/bin/jailshell for cleaning
Apr 23 22:32:43 uscentral434 cpmigrate[8133]: [migrate 174.120.146.122 cleaning] completed restore for cleaning from 174.120.146.122
Apr 23 22:32:43 uscentral434 cpmigrate[8133]: [migrate 174.120.146.122 clearnet] warning: found clearnet in runtime list, handled by another instance, skipping!
Apr 23 22:32:43 uscentral434 cpmigrate[8133]: [migrate 174.120.146.122 clowe] packaging user clowe on 174.120.146.122
Apr 23 22:32:49 uscentral434 cpmigrate[4884]: [migrate 174.120.146.122 ciudadan] completed rsync of 174.120.146.122:/home/ciudadan to /home/ciudadan
Apr 23 22:32:49 uscentral434 cpmigrate[4884]: [migrate 174.120.146.122 ciudadan] converted ciudadan mailboxes to local mailserver dovecot
Apr 23 22:32:49 uscentral434 cpmigrate[4884]: [migrate 174.120.146.122 ciudadan] fixing permissions under /home/ciudadan
Apr 23 22:32:50 uscentral434 cpmigrate[4884]: [migrate 174.120.146.122 ciudadan] changed shell to /usr/local/cpanel/bin/jailshell for ciudadan
Apr 23 22:32:50 uscentral434 cpmigrate[4884]: [migrate 174.120.146.122 ciudadan] completed restore for ciudadan from 174.120.146.122
Apr 23 22:32:51 uscentral434 cpmigrate[4884]: [migrate 174.120.146.122 ckchang] warning: found ckchang in runtime list, handled by another instance, skipping!
Apr 23 22:32:51 uscentral434 cpmigrate[4884]: [migrate 174.120.146.122 cleaning] warning: found cleaning in runtime list, handled by another instance, skipping!
Apr 23 22:32:51 uscentral434 cpmigrate[4884]: [migrate 174.120.146.122 clearnet] warning: found clearnet in runtime list, handled by another instance, skipping!
Apr 23 22:32:51 uscentral434 cpmigrate[4884]: [migrate 174.120.146.122 clowe] warning: found clowe in runtime list, handled by another instance, skipping!
Apr 23 22:32:51 uscentral434 cpmigrate[4884]: [migrate 174.120.146.122 codesqu] packaging user codesqu on 174.120.146.122
Apr 23 22:32:52 uscentral434 cpmigrate[8133]: [migrate 174.120.146.122 clowe] copying cpmove-clowe.tar.gz from 174.120.146.122 to local
Apr 23 22:32:53 uscentral434 cpmigrate[8133]: [migrate 174.120.146.122 clowe] restoring clowe from /home/cpmigrate/cpmove-clowe.tar.gz
Apr 23 22:32:55 uscentral434 cpmigrate[4884]: [migrate 174.120.146.122 codesqu] copying cpmove-codesqu.tar.gz from 174.120.146.122 to local
Apr 23 22:32:55 uscentral434 cpmigrate[4884]: [migrate 174.120.146.122 codesqu] restoring codesqu from /home/cpmigrate/cpmove-codesqu.tar.gz
Apr 23 22:34:01 uscentral434 cpmigrate[28408]: [migrate 174.120.146.106 pvkassoc] completed rsync of 174.120.146.106:/home/pvkassoc to /home/pvkassoc
Apr 23 22:34:01 uscentral434 cpmigrate[28408]: [migrate 174.120.146.106 pvkassoc] converted pvkassoc mailboxes to local mailserver dovecot
Apr 23 22:34:01 uscentral434 cpmigrate[28408]: [migrate 174.120.146.106 pvkassoc] fixing permissions under /home/pvkassoc
Apr 23 22:34:01 uscentral434 cpmigrate[28408]: [migrate 174.120.146.106 pvkassoc] changed shell to /usr/local/cpanel/bin/jailshell for pvkassoc
Apr 23 22:34:01 uscentral434 cpmigrate[28408]: [migrate 174.120.146.106 pvkassoc] completed restore for pvkassoc from 174.120.146.106
Apr 23 22:34:01 uscentral434 cpmigrate[28408]: [migrate 174.120.146.106 pwrwines] warning: found pwrwines in runtime list, handled by another instance, skipping!
Apr 23 22:34:01 uscentral434 cpmigrate[28408]: [migrate 174.120.146.106 qctelugu] warning: found qctelugu in runtime list, handled by another instance, skipping!
Apr 23 22:34:01 uscentral434 cpmigrate[28408]: [migrate 174.120.146.106 qisystem] packaging user qisystem on 174.120.146.106
Apr 23 22:34:10 uscentral434 cpmigrate[28408]: [migrate 174.120.146.106 qisystem] copying cpmove-qisystem.tar.gz from 174.120.146.106 to local
Apr 23 22:34:10 uscentral434 cpmigrate[28408]: [migrate 174.120.146.106 qisystem] restoring qisystem from /home/cpmigrate/cpmove-qisystem.tar.gz
Apr 23 22:35:07 uscentral434 cpmigrate[6896]: [migrate 174.120.146.106 qctelugu] starting rsync of 174.120.146.106:/home/qctelugu to /home/qctelugu
Apr 23 22:35:49 uscentral434 cpmigrate[5289]: [migrate 174.120.146.122 clearnet] starting rsync of 174.120.146.122:/home/clearnet to /home/clearnet
Apr 23 22:35:51 uscentral434 cpmigrate[5289]: [migrate 174.120.146.122 clearnet] completed rsync of 174.120.146.122:/home/clearnet to /home/clearnet
Apr 23 22:35:51 uscentral434 cpmigrate[5289]: [migrate 174.120.146.122 clearnet] converted clearnet mailboxes to local mailserver dovecot
Apr 23 22:35:51 uscentral434 cpmigrate[5289]: [migrate 174.120.146.122 clearnet] fixing permissions under /home/clearnet
Apr 23 22:35:52 uscentral434 cpmigrate[5289]: [migrate 174.120.146.122 clearnet] changed shell to /usr/local/cpanel/bin/jailshell for clearnet
Apr 23 22:35:52 uscentral434 cpmigrate[5289]: [migrate 174.120.146.122 clearnet] completed restore for clearnet from 174.120.146.122
Apr 23 22:35:52 uscentral434 cpmigrate[5289]: [migrate 174.120.146.122 clowe] warning: found clowe in runtime list, handled by another instance, skipping!
Apr 23 22:35:52 uscentral434 cpmigrate[5289]: [migrate 174.120.146.122 codesqu] warning: found codesqu in runtime list, handled by another instance, skipping!
Apr 23 22:35:52 uscentral434 cpmigrate[5289]: [migrate 174.120.146.122 colegion] packaging user colegion on 174.120.146.122
Apr 23 22:36:02 uscentral434 cpmigrate[5289]: [migrate 174.120.146.122 colegion] copying cpmove-colegion.tar.gz from 174.120.146.122 to local
Apr 23 22:36:03 uscentral434 cpmigrate[5289]: [migrate 174.120.146.122 colegion] restoring colegion from /home/cpmigrate/cpmove-colegion.tar.gz
Apr 23 22:36:05 uscentral434 cpmigrate[4884]: [migrate 174.120.146.122 codesqu] starting rsync of 174.120.146.122:/home/codesqu to /home/codesqu
Apr 23 22:36:08 uscentral434 cpmigrate[4884]: [migrate 174.120.146.122 codesqu] completed rsync of 174.120.146.122:/home/codesqu to /home/codesqu
Apr 23 22:36:08 uscentral434 cpmigrate[4884]: [migrate 174.120.146.122 codesqu] converted codesqu mailboxes to local mailserver dovecot
Apr 23 22:36:08 uscentral434 cpmigrate[4884]: [migrate 174.120.146.122 codesqu] fixing permissions under /home/codesqu
Apr 23 22:36:08 uscentral434 cpmigrate[4884]: [migrate 174.120.146.122 codesqu] changed shell to /usr/local/cpanel/bin/jailshell for codesqu
Apr 23 22:36:08 uscentral434 cpmigrate[4884]: [migrate 174.120.146.122 codesqu] completed restore for codesqu from 174.120.146.122
Apr 23 22:36:08 uscentral434 cpmigrate[4884]: [migrate 174.120.146.122 colegion] warning: found colegion in runtime list, handled by another instance, skipping!
Apr 23 22:36:08 uscentral434 cpmigrate[4884]: [migrate 174.120.146.122 comohace] packaging user comohace on 174.120.146.122
Apr 23 22:36:13 uscentral434 cpmigrate[4884]: [migrate 174.120.146.122 comohace] copying cpmove-comohace.tar.gz from 174.120.146.122 to local
Apr 23 22:36:13 uscentral434 cpmigrate[4884]: [migrate 174.120.146.122 comohace] restoring comohace from /home/cpmigrate/cpmove-comohace.tar.gz
Apr 23 22:37:23 uscentral434 cpmigrate[28408]: [migrate 174.120.146.106 qisystem] starting rsync of 174.120.146.106:/home/qisystem to /home/qisystem
Apr 23 22:38:02 uscentral434 cpmigrate[8133]: [migrate 174.120.146.122 clowe] starting rsync of 174.120.146.122:/home/clowe to /home/clowe
Apr 23 22:38:08 uscentral434 cpmigrate[8133]: [migrate 174.120.146.122 clowe] completed rsync of 174.120.146.122:/home/clowe to /home/clowe
Apr 23 22:38:08 uscentral434 cpmigrate[8133]: [migrate 174.120.146.122 clowe] converted clowe mailboxes to local mailserver dovecot
Apr 23 22:38:08 uscentral434 cpmigrate[8133]: [migrate 174.120.146.122 clowe] fixing permissions under /home/clowe
Apr 23 22:38:08 uscentral434 cpmigrate[8133]: [migrate 174.120.146.122 clowe] changed shell to /usr/local/cpanel/bin/jailshell for clowe
Apr 23 22:38:08 uscentral434 cpmigrate[8133]: [migrate 174.120.146.122 clowe] completed restore for clowe from 174.120.146.122
Apr 23 22:38:08 uscentral434 cpmigrate[8133]: [migrate 174.120.146.122 codesqu] warning: found codesqu in runtime list, handled by another instance, skipping!
Apr 23 22:38:08 uscentral434 cpmigrate[8133]: [migrate 174.120.146.122 colegion] warning: found colegion in runtime list, handled by another instance, skipping!
Apr 23 22:38:08 uscentral434 cpmigrate[8133]: [migrate 174.120.146.122 comohace] warning: found comohace in runtime list, handled by another instance, skipping!
Apr 23 22:38:08 uscentral434 cpmigrate[8133]: [migrate 174.120.146.122 compostb] packaging user compostb on 174.120.146.122
Apr 23 22:38:15 uscentral434 cpmigrate[8133]: [migrate 174.120.146.122 compostb] copying cpmove-compostb.tar.gz from 174.120.146.122 to local
Apr 23 22:38:15 uscentral434 cpmigrate[8133]: [migrate 174.120.146.122 compostb] restoring compostb from /home/cpmigrate/cpmove-compostb.tar.gz
Apr 23 22:38:26 uscentral434 cpmigrate[6896]: [migrate 174.120.146.106 qctelugu] completed rsync of 174.120.146.106:/home/qctelugu to /home/qctelugu
Apr 23 22:38:26 uscentral434 cpmigrate[6896]: [migrate 174.120.146.106 qctelugu] converted qctelugu mailboxes to local mailserver dovecot
Apr 23 22:38:26 uscentral434 cpmigrate[6896]: [migrate 174.120.146.106 qctelugu] fixing permissions under /home/qctelugu
Apr 23 22:38:27 uscentral434 cpmigrate[6896]: [migrate 174.120.146.106 qctelugu] changed shell to /usr/local/cpanel/bin/jailshell for qctelugu
Apr 23 22:38:27 uscentral434 cpmigrate[6896]: [migrate 174.120.146.106 qctelugu] completed restore for qctelugu from 174.120.146.106
Apr 23 22:38:27 uscentral434 cpmigrate[6896]: [migrate 174.120.146.106 qisystem] warning: found qisystem in runtime list, handled by another instance, skipping!
Apr 23 22:38:27 uscentral434 cpmigrate[6896]: [migrate 174.120.146.106 qoonas] packaging user qoonas on 174.120.146.106
Apr 23 22:38:46 uscentral434 cpmigrate[6896]: [migrate 174.120.146.106 qoonas] copying cpmove-qoonas.tar.gz from 174.120.146.106 to local
Apr 23 22:38:46 uscentral434 cpmigrate[6896]: [migrate 174.120.146.106 qoonas] restoring qoonas from /home/cpmigrate/cpmove-qoonas.tar.gz
Apr 23 22:39:01 uscentral434 cpmigrate[5289]: [migrate 174.120.146.122 colegion] starting rsync of 174.120.146.122:/home/colegion to /home/colegion
Apr 23 22:39:10 uscentral434 cpmigrate[28408]: [migrate 174.120.146.106 qisystem] completed rsync of 174.120.146.106:/home/qisystem to /home/qisystem
Apr 23 22:39:10 uscentral434 cpmigrate[28408]: [migrate 174.120.146.106 qisystem] converted qisystem mailboxes to local mailserver dovecot
Apr 23 22:39:10 uscentral434 cpmigrate[28408]: [migrate 174.120.146.106 qisystem] fixing permissions under /home/qisystem
Apr 23 22:39:10 uscentral434 cpmigrate[28408]: [migrate 174.120.146.106 qisystem] changed shell to /usr/local/cpanel/bin/jailshell for qisystem
Apr 23 22:39:10 uscentral434 cpmigrate[28408]: [migrate 174.120.146.106 qisystem] completed restore for qisystem from 174.120.146.106
Apr 23 22:39:11 uscentral434 cpmigrate[28408]: [migrate 174.120.146.106 qoonas] warning: found qoonas in runtime list, handled by another instance, skipping!
Apr 23 22:39:11 uscentral434 cpmigrate[28408]: [migrate 174.120.146.106 quantumx] packaging user quantumx on 174.120.146.106
Apr 23 22:39:12 uscentral434 cpmigrate[5289]: [migrate 174.120.146.122 colegion] completed rsync of 174.120.146.122:/home/colegion to /home/colegion
Apr 23 22:39:13 uscentral434 cpmigrate[5289]: [migrate 174.120.146.122 colegion] converted colegion mailboxes to local mailserver dovecot
Apr 23 22:39:13 uscentral434 cpmigrate[5289]: [migrate 174.120.146.122 colegion] fixing permissions under /home/colegion
Apr 23 22:39:13 uscentral434 cpmigrate[5289]: [migrate 174.120.146.122 colegion] changed shell to /usr/local/cpanel/bin/jailshell for colegion
Apr 23 22:39:13 uscentral434 cpmigrate[5289]: [migrate 174.120.146.122 colegion] completed restore for colegion from 174.120.146.122
Apr 23 22:39:13 uscentral434 cpmigrate[5289]: [migrate 174.120.146.122 comohace] warning: found comohace in runtime list, handled by another instance, skipping!
Apr 23 22:39:13 uscentral434 cpmigrate[5289]: [migrate 174.120.146.122 compostb] warning: found compostb in runtime list, handled by another instance, skipping!
Apr 23 22:39:13 uscentral434 cpmigrate[5289]: [migrate 174.120.146.122 compusp] packaging user compusp on 174.120.146.122
Apr 23 22:39:17 uscentral434 cpmigrate[28408]: [migrate 174.120.146.106 quantumx] copying cpmove-quantumx.tar.gz from 174.120.146.106 to local
Apr 23 22:39:17 uscentral434 cpmigrate[28408]: [migrate 174.120.146.106 quantumx] restoring quantumx from /home/cpmigrate/cpmove-quantumx.tar.gz
Apr 23 22:39:20 uscentral434 cpmigrate[5289]: [migrate 174.120.146.122 compusp] copying cpmove-compusp.tar.gz from 174.120.146.122 to local
Apr 23 22:39:20 uscentral434 cpmigrate[5289]: [migrate 174.120.146.122 compusp] restoring compusp from /home/cpmigrate/cpmove-compusp.tar.gz
Apr 23 22:40:23 uscentral434 cpmigrate[4884]: [migrate 174.120.146.122 comohace] starting rsync of 174.120.146.122:/home/comohace to /home/comohace
Apr 23 22:40:24 uscentral434 cpmigrate[4884]: [migrate 174.120.146.122 comohace] completed rsync of 174.120.146.122:/home/comohace to /home/comohace
Apr 23 22:40:24 uscentral434 cpmigrate[4884]: [migrate 174.120.146.122 comohace] converted comohace mailboxes to local mailserver dovecot
Apr 23 22:40:24 uscentral434 cpmigrate[4884]: [migrate 174.120.146.122 comohace] fixing permissions under /home/comohace
Apr 23 22:40:24 uscentral434 cpmigrate[4884]: [migrate 174.120.146.122 comohace] changed shell to /usr/local/cpanel/bin/jailshell for comohace
Apr 23 22:40:24 uscentral434 cpmigrate[4884]: [migrate 174.120.146.122 comohace] completed restore for comohace from 174.120.146.122
Apr 23 22:40:24 uscentral434 cpmigrate[4884]: [migrate 174.120.146.122 compostb] warning: found compostb in runtime list, handled by another instance, skipping!
Apr 23 22:40:24 uscentral434 cpmigrate[4884]: [migrate 174.120.146.122 compusp] warning: found compusp in runtime list, handled by another instance, skipping!
Apr 23 22:40:24 uscentral434 cpmigrate[4884]: [migrate 174.120.146.122 compuspo] packaging user compuspo on 174.120.146.122
Apr 23 22:40:42 uscentral434 cpmigrate[4884]: [migrate 174.120.146.122 compuspo] copying cpmove-compuspo.tar.gz from 174.120.146.122 to local
Apr 23 22:40:42 uscentral434 cpmigrate[4884]: [migrate 174.120.146.122 compuspo] restoring compuspo from /home/cpmigrate/cpmove-compuspo.tar.gz
Apr 23 22:41:22 uscentral434 cpmigrate[8133]: [migrate 174.120.146.122 compostb] starting rsync of 174.120.146.122:/home/compostb to /home/compostb
Apr 23 22:41:30 uscentral434 cpmigrate[8133]: [migrate 174.120.146.122 compostb] completed rsync of 174.120.146.122:/home/compostb to /home/compostb
Apr 23 22:41:30 uscentral434 cpmigrate[8133]: [migrate 174.120.146.122 compostb] converted compostb mailboxes to local mailserver dovecot
Apr 23 22:41:30 uscentral434 cpmigrate[8133]: [migrate 174.120.146.122 compostb] fixing permissions under /home/compostb
Apr 23 22:41:30 uscentral434 cpmigrate[8133]: [migrate 174.120.146.122 compostb] changed shell to /usr/local/cpanel/bin/jailshell for compostb
Apr 23 22:41:30 uscentral434 cpmigrate[8133]: [migrate 174.120.146.122 compostb] completed restore for compostb from 174.120.146.122
Apr 23 22:41:30 uscentral434 cpmigrate[8133]: [migrate 174.120.146.122 compusp] warning: found compusp in runtime list, handled by another instance, skipping!
Apr 23 22:41:30 uscentral434 cpmigrate[8133]: [migrate 174.120.146.122 compuspo] warning: found compuspo in runtime list, handled by another instance, skipping!
Apr 23 22:41:30 uscentral434 cpmigrate[8133]: [migrate 174.120.146.122 confetti] packaging user confetti on 174.120.146.122
Apr 23 22:41:35 uscentral434 cpmigrate[8133]: [migrate 174.120.146.122 confetti] copying cpmove-confetti.tar.gz from 174.120.146.122 to local
Apr 23 22:41:35 uscentral434 cpmigrate[8133]: [migrate 174.120.146.122 confetti] restoring confetti from /home/cpmigrate/cpmove-confetti.tar.gz
Apr 23 22:41:50 uscentral434 cpmigrate[6896]: [migrate 174.120.146.106 qoonas] starting rsync of 174.120.146.106:/home/qoonas to /home/qoonas
Apr 23 22:42:17 uscentral434 cpmigrate[28408]: [migrate 174.120.146.106 quantumx] starting rsync of 174.120.146.106:/home/quantumx to /home/quantumx
Apr 23 22:42:36 uscentral434 cpmigrate[5289]: [migrate 174.120.146.122 compusp] starting rsync of 174.120.146.122:/home/compusp to /home/compusp
Apr 23 22:43:45 uscentral434 cpmigrate[28408]: [migrate 174.120.146.106 quantumx] completed rsync of 174.120.146.106:/home/quantumx to /home/quantumx
Apr 23 22:43:45 uscentral434 cpmigrate[28408]: [migrate 174.120.146.106 quantumx] converted quantumx mailboxes to local mailserver dovecot
Apr 23 22:43:45 uscentral434 cpmigrate[28408]: [migrate 174.120.146.106 quantumx] fixing permissions under /home/quantumx
Apr 23 22:43:45 uscentral434 cpmigrate[28408]: [migrate 174.120.146.106 quantumx] changed shell to /usr/local/cpanel/bin/jailshell for quantumx
Apr 23 22:43:45 uscentral434 cpmigrate[28408]: [migrate 174.120.146.106 quantumx] completed restore for quantumx from 174.120.146.106
Apr 23 22:43:45 uscentral434 cpmigrate[28408]: [migrate 174.120.146.106 qubittoo] packaging user qubittoo on 174.120.146.106
Apr 23 22:43:53 uscentral434 cpmigrate[28408]: [migrate 174.120.146.106 qubittoo] copying cpmove-qubittoo.tar.gz from 174.120.146.106 to local
Apr 23 22:43:53 uscentral434 cpmigrate[28408]: [migrate 174.120.146.106 qubittoo] restoring qubittoo from /home/cpmigrate/cpmove-qubittoo.tar.gz
Apr 23 22:43:59 uscentral434 cpmigrate[4884]: [migrate 174.120.146.122 compuspo] starting rsync of 174.120.146.122:/home/compuspo to /home/compuspo
Apr 23 22:44:06 uscentral434 cpmigrate[5289]: [migrate 174.120.146.122 compusp] completed rsync of 174.120.146.122:/home/compusp to /home/compusp
Apr 23 22:44:06 uscentral434 cpmigrate[5289]: [migrate 174.120.146.122 compusp] converted compusp mailboxes to local mailserver dovecot
Apr 23 22:44:06 uscentral434 cpmigrate[5289]: [migrate 174.120.146.122 compusp] fixing permissions under /home/compusp
Apr 23 22:44:07 uscentral434 cpmigrate[5289]: [migrate 174.120.146.122 compusp] changed shell to /usr/local/cpanel/bin/jailshell for compusp
Apr 23 22:44:07 uscentral434 cpmigrate[5289]: [migrate 174.120.146.122 compusp] completed restore for compusp from 174.120.146.122
Apr 23 22:44:07 uscentral434 cpmigrate[5289]: [migrate 174.120.146.122 compuspo] warning: found compuspo in runtime list, handled by another instance, skipping!
Apr 23 22:44:07 uscentral434 cpmigrate[5289]: [migrate 174.120.146.122 confetti] warning: found confetti in runtime list, handled by another instance, skipping!
Apr 23 22:44:07 uscentral434 cpmigrate[5289]: [migrate 174.120.146.122 confined] packaging user confined on 174.120.146.122
Apr 23 22:44:12 uscentral434 cpmigrate[5289]: [migrate 174.120.146.122 confined] copying cpmove-confined.tar.gz from 174.120.146.122 to local
Apr 23 22:44:14 uscentral434 cpmigrate[5289]: [migrate 174.120.146.122 confined] restoring confined from /home/cpmigrate/cpmove-confined.tar.gz
Apr 23 22:44:46 uscentral434 cpmigrate[4884]: [migrate 174.120.146.122 compuspo] completed rsync of 174.120.146.122:/home/compuspo to /home/compuspo
Apr 23 22:44:46 uscentral434 cpmigrate[4884]: [migrate 174.120.146.122 compuspo] converted compuspo mailboxes to local mailserver dovecot
Apr 23 22:44:46 uscentral434 cpmigrate[4884]: [migrate 174.120.146.122 compuspo] fixing permissions under /home/compuspo
Apr 23 22:44:46 uscentral434 cpmigrate[4884]: [migrate 174.120.146.122 compuspo] changed shell to /usr/local/cpanel/bin/jailshell for compuspo
Apr 23 22:44:46 uscentral434 cpmigrate[4884]: [migrate 174.120.146.122 compuspo] completed restore for compuspo from 174.120.146.122
Apr 23 22:44:47 uscentral434 cpmigrate[4884]: [migrate 174.120.146.122 confetti] warning: found confetti in runtime list, handled by another instance, skipping!
Apr 23 22:44:47 uscentral434 cpmigrate[4884]: [migrate 174.120.146.122 confined] warning: found confined in runtime list, handled by another instance, skipping!
Apr 23 22:44:47 uscentral434 cpmigrate[4884]: [migrate 174.120.146.122 conocer] packaging user conocer on 174.120.146.122
Apr 23 22:44:52 uscentral434 cpmigrate[4884]: [migrate 174.120.146.122 conocer] copying cpmove-conocer.tar.gz from 174.120.146.122 to local
Apr 23 22:44:52 uscentral434 cpmigrate[4884]: [migrate 174.120.146.122 conocer] restoring conocer from /home/cpmigrate/cpmove-conocer.tar.gz
Apr 23 22:45:05 uscentral434 cpmigrate[8133]: [migrate 174.120.146.122 confetti] starting rsync of 174.120.146.122:/home/confetti to /home/confetti
Apr 23 22:45:17 uscentral434 cpmigrate[8133]: [migrate 174.120.146.122 confetti] completed rsync of 174.120.146.122:/home/confetti to /home/confetti
Apr 23 22:45:17 uscentral434 cpmigrate[8133]: [migrate 174.120.146.122 confetti] converted confetti mailboxes to local mailserver dovecot
Apr 23 22:45:17 uscentral434 cpmigrate[8133]: [migrate 174.120.146.122 confetti] fixing permissions under /home/confetti
Apr 23 22:45:17 uscentral434 cpmigrate[8133]: [migrate 174.120.146.122 confetti] changed shell to /usr/local/cpanel/bin/jailshell for confetti
Apr 23 22:45:17 uscentral434 cpmigrate[8133]: [migrate 174.120.146.122 confetti] completed restore for confetti from 174.120.146.122
Apr 23 22:45:17 uscentral434 cpmigrate[8133]: [migrate 174.120.146.122 confined] warning: found confined in runtime list, handled by another instance, skipping!
Apr 23 22:45:17 uscentral434 cpmigrate[8133]: [migrate 174.120.146.122 conocer] warning: found conocer in runtime list, handled by another instance, skipping!
Apr 23 22:45:17 uscentral434 cpmigrate[8133]: [migrate 174.120.146.122 contrast] packaging user contrast on 174.120.146.122
Apr 23 22:45:23 uscentral434 cpmigrate[8133]: [migrate 174.120.146.122 contrast] copying cpmove-contrast.tar.gz from 174.120.146.122 to local
Apr 23 22:45:23 uscentral434 cpmigrate[8133]: [migrate 174.120.146.122 contrast] restoring contrast from /home/cpmigrate/cpmove-contrast.tar.gz
Apr 23 22:45:24 uscentral434 cpmigrate[6896]: [migrate 174.120.146.106 qoonas] completed rsync of 174.120.146.106:/home/qoonas to /home/qoonas
