Apr 23 21:44:56 uscentral434 cpmigrate[8133]: [migrate 174.120.146.122 calehous] converted calehous mailboxes to local mailserver dovecot
Apr 23 21:44:56 uscentral434 cpmigrate[8133]: [migrate 174.120.146.122 calehous] fixing permissions under /home/calehous
Apr 23 21:44:57 uscentral434 cpmigrate[8133]: [migrate 174.120.146.122 calehous] changed shell to /usr/local/cpanel/bin/jailshell for calehous
Apr 23 21:44:57 uscentral434 cpmigrate[8133]: [migrate 174.120.146.122 calehous] completed restore for calehous from 174.120.146.122
Apr 23 21:44:57 uscentral434 cpmigrate[8133]: [migrate 174.120.146.122 calzadom] warning: found calzadom in runtime list, handled by another instance, skipping!
Apr 23 21:44:57 uscentral434 cpmigrate[8133]: [migrate 174.120.146.122 cambridg] warning: found cambridg in runtime list, handled by another instance, skipping!
Apr 23 21:44:57 uscentral434 cpmigrate[8133]: [migrate 174.120.146.122 canadfar] warning: found canadfar in runtime list, handled by another instance, skipping!
Apr 23 21:44:57 uscentral434 cpmigrate[8133]: [migrate 174.120.146.122 canadian] warning: found canadian in runtime list, handled by another instance, skipping!
Apr 23 21:44:57 uscentral434 cpmigrate[8133]: [migrate 174.120.146.122 candour] packaging user candour on 174.120.146.122
Apr 23 21:45:02 uscentral434 cpmigrate[8133]: [migrate 174.120.146.122 candour] copying cpmove-candour.tar.gz from 174.120.146.122 to local
Apr 23 21:45:02 uscentral434 cpmigrate[8133]: [migrate 174.120.146.122 candour] restoring candour from /home/cpmigrate/cpmove-candour.tar.gz
Apr 23 21:45:48 uscentral434 cpmigrate[4884]: [migrate 174.120.146.122 canadian] starting rsync of 174.120.146.122:/home/canadian to /home/canadian
Apr 23 21:46:08 uscentral434 cpmigrate[6896]: [migrate 174.120.146.106 primatep] completed rsync of 174.120.146.106:/home/primatep to /home/primatep
Apr 23 21:46:08 uscentral434 cpmigrate[6896]: [migrate 174.120.146.106 primatep] converted primatep mailboxes to local mailserver dovecot
Apr 23 21:46:08 uscentral434 cpmigrate[6896]: [migrate 174.120.146.106 primatep] fixing permissions under /home/primatep
Apr 23 21:46:08 uscentral434 cpmigrate[6896]: [migrate 174.120.146.106 primatep] changed shell to /usr/local/cpanel/bin/jailshell for primatep
Apr 23 21:46:08 uscentral434 cpmigrate[6896]: [migrate 174.120.146.106 primatep] completed restore for primatep from 174.120.146.106
Apr 23 21:46:08 uscentral434 cpmigrate[6896]: [migrate 174.120.146.106 prmoreho] packaging user prmoreho on 174.120.146.106
Apr 23 21:46:31 uscentral434 cpmigrate[6896]: [migrate 174.120.146.106 prmoreho] copying cpmove-prmoreho.tar.gz from 174.120.146.106 to local
Apr 23 21:46:31 uscentral434 cpmigrate[6896]: [migrate 174.120.146.106 prmoreho] restoring prmoreho from /home/cpmigrate/cpmove-prmoreho.tar.gz
Apr 23 21:46:32 uscentral434 cpmigrate[28408]: [migrate 174.120.146.106 postadcc] completed rsync of 174.120.146.106:/home/postadcc to /home/postadcc
Apr 23 21:46:32 uscentral434 cpmigrate[28408]: [migrate 174.120.146.106 postadcc] converted postadcc mailboxes to local mailserver dovecot
Apr 23 21:46:32 uscentral434 cpmigrate[28408]: [migrate 174.120.146.106 postadcc] fixing permissions under /home/postadcc
Apr 23 21:46:34 uscentral434 cpmigrate[28408]: [migrate 174.120.146.106 postadcc] changed shell to /usr/local/cpanel/bin/jailshell for postadcc
Apr 23 21:46:34 uscentral434 cpmigrate[28408]: [migrate 174.120.146.106 postadcc] completed restore for postadcc from 174.120.146.106
Apr 23 21:46:34 uscentral434 cpmigrate[28408]: [migrate 174.120.146.106 power] warning: found power in runtime list, handled by another instance, skipping!
Apr 23 21:46:34 uscentral434 cpmigrate[28408]: [migrate 174.120.146.106 prattour] warning: found prattour in runtime list, handled by another instance, skipping!
Apr 23 21:46:34 uscentral434 cpmigrate[28408]: [migrate 174.120.146.106 precisio] warning: found precisio in runtime list, handled by another instance, skipping!
Apr 23 21:46:34 uscentral434 cpmigrate[28408]: [migrate 174.120.146.106 precoweb] warning: found precoweb in runtime list, handled by another instance, skipping!
Apr 23 21:46:34 uscentral434 cpmigrate[28408]: [migrate 174.120.146.106 primatep] warning: found primatep in runtime list, handled by another instance, skipping!
Apr 23 21:46:34 uscentral434 cpmigrate[28408]: [migrate 174.120.146.106 prmoreho] warning: found prmoreho in runtime list, handled by another instance, skipping!
Apr 23 21:46:34 uscentral434 cpmigrate[28408]: [migrate 174.120.146.106 prodcr] packaging user prodcr on 174.120.146.106
Apr 23 21:46:39 uscentral434 cpmigrate[28408]: [migrate 174.120.146.106 prodcr] copying cpmove-prodcr.tar.gz from 174.120.146.106 to local
Apr 23 21:46:39 uscentral434 cpmigrate[28408]: [migrate 174.120.146.106 prodcr] restoring prodcr from /home/cpmigrate/cpmove-prodcr.tar.gz
Apr 23 21:47:56 uscentral434 cpmigrate[8133]: [migrate 174.120.146.122 candour] starting rsync of 174.120.146.122:/home/candour to /home/candour
Apr 23 21:47:56 uscentral434 cpmigrate[4884]: [migrate 174.120.146.122 canadian] completed rsync of 174.120.146.122:/home/canadian to /home/canadian
Apr 23 21:47:56 uscentral434 cpmigrate[4884]: [migrate 174.120.146.122 canadian] converted canadian mailboxes to local mailserver dovecot
Apr 23 21:47:56 uscentral434 cpmigrate[4884]: [migrate 174.120.146.122 canadian] fixing permissions under /home/canadian
Apr 23 21:47:57 uscentral434 cpmigrate[5289]: [migrate 174.120.146.122 canadfar] starting rsync of 174.120.146.122:/home/canadfar to /home/canadfar
Apr 23 21:47:58 uscentral434 cpmigrate[4884]: [migrate 174.120.146.122 canadian] changed shell to /usr/local/cpanel/bin/jailshell for canadian
Apr 23 21:47:58 uscentral434 cpmigrate[4884]: [migrate 174.120.146.122 canadian] completed restore for canadian from 174.120.146.122
Apr 23 21:47:58 uscentral434 cpmigrate[4884]: [migrate 174.120.146.122 candour] warning: found candour in runtime list, handled by another instance, skipping!
Apr 23 21:47:58 uscentral434 cpmigrate[4884]: [migrate 174.120.146.122 capitall] packaging user capitall on 174.120.146.122
Apr 23 21:47:58 uscentral434 cpmigrate[8133]: [migrate 174.120.146.122 candour] completed rsync of 174.120.146.122:/home/candour to /home/candour
Apr 23 21:47:58 uscentral434 cpmigrate[8133]: [migrate 174.120.146.122 candour] converted candour mailboxes to local mailserver dovecot
Apr 23 21:47:58 uscentral434 cpmigrate[8133]: [migrate 174.120.146.122 candour] fixing permissions under /home/candour
Apr 23 21:47:58 uscentral434 cpmigrate[8133]: [migrate 174.120.146.122 candour] changed shell to /usr/local/cpanel/bin/jailshell for candour
Apr 23 21:47:58 uscentral434 cpmigrate[8133]: [migrate 174.120.146.122 candour] completed restore for candour from 174.120.146.122
Apr 23 21:47:58 uscentral434 cpmigrate[8133]: [migrate 174.120.146.122 capitall] warning: found capitall in runtime list, handled by another instance, skipping!
Apr 23 21:47:58 uscentral434 cpmigrate[8133]: [migrate 174.120.146.122 cardvoxc] packaging user cardvoxc on 174.120.146.122
Apr 23 21:48:08 uscentral434 cpmigrate[5289]: [migrate 174.120.146.122 canadfar] completed rsync of 174.120.146.122:/home/canadfar to /home/canadfar
Apr 23 21:48:08 uscentral434 cpmigrate[5289]: [migrate 174.120.146.122 canadfar] converted canadfar mailboxes to local mailserver dovecot
Apr 23 21:48:08 uscentral434 cpmigrate[5289]: [migrate 174.120.146.122 canadfar] fixing permissions under /home/canadfar
Apr 23 21:48:08 uscentral434 cpmigrate[5289]: [migrate 174.120.146.122 canadfar] changed shell to /usr/local/cpanel/bin/jailshell for canadfar
Apr 23 21:48:08 uscentral434 cpmigrate[5289]: [migrate 174.120.146.122 canadfar] completed restore for canadfar from 174.120.146.122
Apr 23 21:48:08 uscentral434 cpmigrate[5289]: [migrate 174.120.146.122 canadian] warning: found canadian in runtime list, handled by another instance, skipping!
Apr 23 21:48:08 uscentral434 cpmigrate[5289]: [migrate 174.120.146.122 candour] warning: found candour in runtime list, handled by another instance, skipping!
Apr 23 21:48:08 uscentral434 cpmigrate[5289]: [migrate 174.120.146.122 capitall] warning: found capitall in runtime list, handled by another instance, skipping!
Apr 23 21:48:08 uscentral434 cpmigrate[5289]: [migrate 174.120.146.122 cardvoxc] warning: found cardvoxc in runtime list, handled by another instance, skipping!
Apr 23 21:48:08 uscentral434 cpmigrate[5289]: [migrate 174.120.146.122 carnival] packaging user carnival on 174.120.146.122
Apr 23 21:48:10 uscentral434 cpmigrate[4884]: [migrate 174.120.146.122 capitall] copying cpmove-capitall.tar.gz from 174.120.146.122 to local
Apr 23 21:48:10 uscentral434 cpmigrate[4884]: [migrate 174.120.146.122 capitall] restoring capitall from /home/cpmigrate/cpmove-capitall.tar.gz
Apr 23 21:48:14 uscentral434 cpmigrate[5289]: [migrate 174.120.146.122 carnival] copying cpmove-carnival.tar.gz from 174.120.146.122 to local
Apr 23 21:48:15 uscentral434 cpmigrate[5289]: [migrate 174.120.146.122 carnival] restoring carnival from /home/cpmigrate/cpmove-carnival.tar.gz
Apr 23 21:48:37 uscentral434 cpmigrate[8133]: [migrate 174.120.146.122 cardvoxc] copying cpmove-cardvoxc.tar.gz from 174.120.146.122 to local
Apr 23 21:48:37 uscentral434 cpmigrate[8133]: [migrate 174.120.146.122 cardvoxc] restoring cardvoxc from /home/cpmigrate/cpmove-cardvoxc.tar.gz
Apr 23 21:49:33 uscentral434 cpmigrate[6896]: [migrate 174.120.146.106 prmoreho] starting rsync of 174.120.146.106:/home/prmoreho to /home/prmoreho
Apr 23 21:49:38 uscentral434 cpmigrate[28408]: [migrate 174.120.146.106 prodcr] starting rsync of 174.120.146.106:/home/prodcr to /home/prodcr
Apr 23 21:49:41 uscentral434 cpmigrate[28408]: [migrate 174.120.146.106 prodcr] completed rsync of 174.120.146.106:/home/prodcr to /home/prodcr
Apr 23 21:49:41 uscentral434 cpmigrate[28408]: [migrate 174.120.146.106 prodcr] converted prodcr mailboxes to local mailserver dovecot
Apr 23 21:49:41 uscentral434 cpmigrate[28408]: [migrate 174.120.146.106 prodcr] fixing permissions under /home/prodcr
Apr 23 21:49:41 uscentral434 cpmigrate[28408]: [migrate 174.120.146.106 prodcr] changed shell to /usr/local/cpanel/bin/jailshell for prodcr
Apr 23 21:49:41 uscentral434 cpmigrate[28408]: [migrate 174.120.146.106 prodcr] completed restore for prodcr from 174.120.146.106
Apr 23 21:49:41 uscentral434 cpmigrate[28408]: [migrate 174.120.146.106 project2] packaging user project2 on 174.120.146.106
Apr 23 21:49:52 uscentral434 cpmigrate[28408]: [migrate 174.120.146.106 project2] copying cpmove-project2.tar.gz from 174.120.146.106 to local
Apr 23 21:49:52 uscentral434 cpmigrate[28408]: [migrate 174.120.146.106 project2] restoring project2 from /home/cpmigrate/cpmove-project2.tar.gz
Apr 23 21:51:18 uscentral434 cpmigrate[4884]: [migrate 174.120.146.122 capitall] starting rsync of 174.120.146.122:/home/capitall to /home/capitall
Apr 23 21:51:26 uscentral434 cpmigrate[6896]: [migrate 174.120.146.106 prmoreho] completed rsync of 174.120.146.106:/home/prmoreho to /home/prmoreho
Apr 23 21:51:26 uscentral434 cpmigrate[6896]: [migrate 174.120.146.106 prmoreho] converted prmoreho mailboxes to local mailserver dovecot
Apr 23 21:51:26 uscentral434 cpmigrate[6896]: [migrate 174.120.146.106 prmoreho] fixing permissions under /home/prmoreho
Apr 23 21:51:26 uscentral434 cpmigrate[6896]: [migrate 174.120.146.106 prmoreho] changed shell to /usr/local/cpanel/bin/jailshell for prmoreho
Apr 23 21:51:26 uscentral434 cpmigrate[6896]: [migrate 174.120.146.106 prmoreho] completed restore for prmoreho from 174.120.146.106
Apr 23 21:51:26 uscentral434 cpmigrate[6896]: [migrate 174.120.146.106 prodcr] warning: found prodcr in runtime list, handled by another instance, skipping!
Apr 23 21:51:26 uscentral434 cpmigrate[6896]: [migrate 174.120.146.106 project2] warning: found project2 in runtime list, handled by another instance, skipping!
Apr 23 21:51:26 uscentral434 cpmigrate[6896]: [migrate 174.120.146.106 projetoe] packaging user projetoe on 174.120.146.106
Apr 23 21:51:33 uscentral434 cpmigrate[6896]: [migrate 174.120.146.106 projetoe] copying cpmove-projetoe.tar.gz from 174.120.146.106 to local
Apr 23 21:51:33 uscentral434 cpmigrate[6896]: [migrate 174.120.146.106 projetoe] restoring projetoe from /home/cpmigrate/cpmove-projetoe.tar.gz
Apr 23 21:52:02 uscentral434 cpmigrate[4884]: [migrate 174.120.146.122 capitall] completed rsync of 174.120.146.122:/home/capitall to /home/capitall
Apr 23 21:52:02 uscentral434 cpmigrate[4884]: [migrate 174.120.146.122 capitall] converted capitall mailboxes to local mailserver dovecot
Apr 23 21:52:02 uscentral434 cpmigrate[4884]: [migrate 174.120.146.122 capitall] fixing permissions under /home/capitall
Apr 23 21:52:03 uscentral434 cpmigrate[4884]: [migrate 174.120.146.122 capitall] changed shell to /usr/local/cpanel/bin/jailshell for capitall
Apr 23 21:52:03 uscentral434 cpmigrate[8133]: [migrate 174.120.146.122 cardvoxc] starting rsync of 174.120.146.122:/home/cardvoxc to /home/cardvoxc
Apr 23 21:52:03 uscentral434 cpmigrate[4884]: [migrate 174.120.146.122 capitall] completed restore for capitall from 174.120.146.122
Apr 23 21:52:03 uscentral434 cpmigrate[4884]: [migrate 174.120.146.122 cardvoxc] warning: found cardvoxc in runtime list, handled by another instance, skipping!
Apr 23 21:52:03 uscentral434 cpmigrate[4884]: [migrate 174.120.146.122 carnival] warning: found carnival in runtime list, handled by another instance, skipping!
Apr 23 21:52:03 uscentral434 cpmigrate[4884]: [migrate 174.120.146.122 carpas] packaging user carpas on 174.120.146.122
Apr 23 21:52:08 uscentral434 cpmigrate[4884]: [migrate 174.120.146.122 carpas] copying cpmove-carpas.tar.gz from 174.120.146.122 to local
Apr 23 21:52:08 uscentral434 cpmigrate[4884]: [migrate 174.120.146.122 carpas] restoring carpas from /home/cpmigrate/cpmove-carpas.tar.gz
Apr 23 21:52:26 uscentral434 cpmigrate[5289]: [migrate 174.120.146.122 carnival] starting rsync of 174.120.146.122:/home/carnival to /home/carnival
Apr 23 21:52:44 uscentral434 cpmigrate[5289]: [migrate 174.120.146.122 carnival] completed rsync of 174.120.146.122:/home/carnival to /home/carnival
Apr 23 21:52:44 uscentral434 cpmigrate[5289]: [migrate 174.120.146.122 carnival] converted carnival mailboxes to local mailserver dovecot
Apr 23 21:52:44 uscentral434 cpmigrate[5289]: [migrate 174.120.146.122 carnival] fixing permissions under /home/carnival
Apr 23 21:52:44 uscentral434 cpmigrate[5289]: [migrate 174.120.146.122 carnival] changed shell to /usr/local/cpanel/bin/jailshell for carnival
Apr 23 21:52:44 uscentral434 cpmigrate[5289]: [migrate 174.120.146.122 carnival] completed restore for carnival from 174.120.146.122
Apr 23 21:52:44 uscentral434 cpmigrate[5289]: [migrate 174.120.146.122 carpas] warning: found carpas in runtime list, handled by another instance, skipping!
Apr 23 21:52:44 uscentral434 cpmigrate[5289]: [migrate 174.120.146.122 casadeas] packaging user casadeas on 174.120.146.122
Apr 23 21:52:48 uscentral434 cpmigrate[5289]: [migrate 174.120.146.122 casadeas] copying cpmove-casadeas.tar.gz from 174.120.146.122 to local
Apr 23 21:52:49 uscentral434 cpmigrate[5289]: [migrate 174.120.146.122 casadeas] restoring casadeas from /home/cpmigrate/cpmove-casadeas.tar.gz
Apr 23 21:53:18 uscentral434 cpmigrate[28408]: [migrate 174.120.146.106 project2] starting rsync of 174.120.146.106:/home/project2 to /home/project2
Apr 23 21:53:28 uscentral434 cpmigrate[28408]: [migrate 174.120.146.106 project2] completed rsync of 174.120.146.106:/home/project2 to /home/project2
Apr 23 21:53:28 uscentral434 cpmigrate[28408]: [migrate 174.120.146.106 project2] converted project2 mailboxes to local mailserver dovecot
Apr 23 21:53:28 uscentral434 cpmigrate[28408]: [migrate 174.120.146.106 project2] fixing permissions under /home/project2
Apr 23 21:53:28 uscentral434 cpmigrate[28408]: [migrate 174.120.146.106 project2] changed shell to /usr/local/cpanel/bin/jailshell for project2
Apr 23 21:53:28 uscentral434 cpmigrate[28408]: [migrate 174.120.146.106 project2] completed restore for project2 from 174.120.146.106
Apr 23 21:53:28 uscentral434 cpmigrate[28408]: [migrate 174.120.146.106 projetoe] warning: found projetoe in runtime list, handled by another instance, skipping!
Apr 23 21:53:28 uscentral434 cpmigrate[28408]: [migrate 174.120.146.106 projetos] packaging user projetos on 174.120.146.106
Apr 23 21:53:34 uscentral434 cpmigrate[28408]: [migrate 174.120.146.106 projetos] copying cpmove-projetos.tar.gz from 174.120.146.106 to local
Apr 23 21:53:35 uscentral434 cpmigrate[28408]: [migrate 174.120.146.106 projetos] restoring projetos from /home/cpmigrate/cpmove-projetos.tar.gz
Apr 23 21:54:36 uscentral434 cpmigrate[8133]: [migrate 174.120.146.122 cardvoxc] completed rsync of 174.120.146.122:/home/cardvoxc to /home/cardvoxc
Apr 23 21:54:36 uscentral434 cpmigrate[8133]: [migrate 174.120.146.122 cardvoxc] converted cardvoxc mailboxes to local mailserver dovecot
Apr 23 21:54:36 uscentral434 cpmigrate[8133]: [migrate 174.120.146.122 cardvoxc] fixing permissions under /home/cardvoxc
Apr 23 21:54:37 uscentral434 cpmigrate[8133]: [migrate 174.120.146.122 cardvoxc] changed shell to /usr/local/cpanel/bin/jailshell for cardvoxc
Apr 23 21:54:37 uscentral434 cpmigrate[8133]: [migrate 174.120.146.122 cardvoxc] completed restore for cardvoxc from 174.120.146.122
Apr 23 21:54:37 uscentral434 cpmigrate[8133]: [migrate 174.120.146.122 carnival] warning: found carnival in runtime list, handled by another instance, skipping!
Apr 23 21:54:37 uscentral434 cpmigrate[8133]: [migrate 174.120.146.122 carpas] warning: found carpas in runtime list, handled by another instance, skipping!
Apr 23 21:54:37 uscentral434 cpmigrate[8133]: [migrate 174.120.146.122 casadeas] warning: found casadeas in runtime list, handled by another instance, skipping!
Apr 23 21:54:37 uscentral434 cpmigrate[8133]: [migrate 174.120.146.122 ccairepc] packaging user ccairepc on 174.120.146.122
Apr 23 21:54:40 uscentral434 cpmigrate[6896]: [migrate 174.120.146.106 projetoe] starting rsync of 174.120.146.106:/home/projetoe to /home/projetoe
Apr 23 21:54:45 uscentral434 cpmigrate[8133]: [migrate 174.120.146.122 ccairepc] copying cpmove-ccairepc.tar.gz from 174.120.146.122 to local
Apr 23 21:54:45 uscentral434 cpmigrate[8133]: [migrate 174.120.146.122 ccairepc] restoring ccairepc from /home/cpmigrate/cpmove-ccairepc.tar.gz
Apr 23 21:55:23 uscentral434 cpmigrate[4884]: [migrate 174.120.146.122 carpas] starting rsync of 174.120.146.122:/home/carpas to /home/carpas
Apr 23 21:55:29 uscentral434 cpmigrate[4884]: [migrate 174.120.146.122 carpas] completed rsync of 174.120.146.122:/home/carpas to /home/carpas
Apr 23 21:55:29 uscentral434 cpmigrate[4884]: [migrate 174.120.146.122 carpas] converted carpas mailboxes to local mailserver dovecot
Apr 23 21:55:29 uscentral434 cpmigrate[4884]: [migrate 174.120.146.122 carpas] fixing permissions under /home/carpas
Apr 23 21:55:29 uscentral434 cpmigrate[4884]: [migrate 174.120.146.122 carpas] changed shell to /usr/local/cpanel/bin/jailshell for carpas
Apr 23 21:55:29 uscentral434 cpmigrate[4884]: [migrate 174.120.146.122 carpas] completed restore for carpas from 174.120.146.122
Apr 23 21:55:29 uscentral434 cpmigrate[4884]: [migrate 174.120.146.122 casadeas] warning: found casadeas in runtime list, handled by another instance, skipping!
Apr 23 21:55:29 uscentral434 cpmigrate[4884]: [migrate 174.120.146.122 ccairepc] warning: found ccairepc in runtime list, handled by another instance, skipping!
Apr 23 21:55:29 uscentral434 cpmigrate[4884]: [migrate 174.120.146.122 ccbges] packaging user ccbges on 174.120.146.122
Apr 23 21:55:34 uscentral434 cpmigrate[4884]: [migrate 174.120.146.122 ccbges] copying cpmove-ccbges.tar.gz from 174.120.146.122 to local
Apr 23 21:55:34 uscentral434 cpmigrate[4884]: [migrate 174.120.146.122 ccbges] restoring ccbges from /home/cpmigrate/cpmove-ccbges.tar.gz
Apr 23 21:56:23 uscentral434 cpmigrate[6896]: [migrate 174.120.146.106 projetoe] completed rsync of 174.120.146.106:/home/projetoe to /home/projetoe
Apr 23 21:56:23 uscentral434 cpmigrate[6896]: [migrate 174.120.146.106 projetoe] converted projetoe mailboxes to local mailserver dovecot
Apr 23 21:56:23 uscentral434 cpmigrate[6896]: [migrate 174.120.146.106 projetoe] fixing permissions under /home/projetoe
Apr 23 21:56:23 uscentral434 cpmigrate[6896]: [migrate 174.120.146.106 projetoe] changed shell to /usr/local/cpanel/bin/jailshell for projetoe
Apr 23 21:56:23 uscentral434 cpmigrate[6896]: [migrate 174.120.146.106 projetoe] completed restore for projetoe from 174.120.146.106
Apr 23 21:56:23 uscentral434 cpmigrate[6896]: [migrate 174.120.146.106 projetos] warning: found projetos in runtime list, handled by another instance, skipping!
Apr 23 21:56:23 uscentral434 cpmigrate[6896]: [migrate 174.120.146.106 prolaund] packaging user prolaund on 174.120.146.106
Apr 23 21:56:29 uscentral434 cpmigrate[6896]: [migrate 174.120.146.106 prolaund] copying cpmove-prolaund.tar.gz from 174.120.146.106 to local
Apr 23 21:56:29 uscentral434 cpmigrate[6896]: [migrate 174.120.146.106 prolaund] restoring prolaund from /home/cpmigrate/cpmove-prolaund.tar.gz
Apr 23 21:56:38 uscentral434 cpmigrate[28408]: [migrate 174.120.146.106 projetos] starting rsync of 174.120.146.106:/home/projetos to /home/projetos
Apr 23 21:56:39 uscentral434 cpmigrate[5289]: [migrate 174.120.146.122 casadeas] starting rsync of 174.120.146.122:/home/casadeas to /home/casadeas
Apr 23 21:56:53 uscentral434 cpmigrate[5289]: [migrate 174.120.146.122 casadeas] completed rsync of 174.120.146.122:/home/casadeas to /home/casadeas
Apr 23 21:56:53 uscentral434 cpmigrate[5289]: [migrate 174.120.146.122 casadeas] converted casadeas mailboxes to local mailserver dovecot
Apr 23 21:56:53 uscentral434 cpmigrate[5289]: [migrate 174.120.146.122 casadeas] fixing permissions under /home/casadeas
Apr 23 21:56:54 uscentral434 cpmigrate[5289]: [migrate 174.120.146.122 casadeas] changed shell to /usr/local/cpanel/bin/jailshell for casadeas
Apr 23 21:56:54 uscentral434 cpmigrate[5289]: [migrate 174.120.146.122 casadeas] completed restore for casadeas from 174.120.146.122
Apr 23 21:56:54 uscentral434 cpmigrate[5289]: [migrate 174.120.146.122 ccairepc] warning: found ccairepc in runtime list, handled by another instance, skipping!
Apr 23 21:56:54 uscentral434 cpmigrate[5289]: [migrate 174.120.146.122 ccbges] warning: found ccbges in runtime list, handled by another instance, skipping!
Apr 23 21:56:54 uscentral434 cpmigrate[5289]: [migrate 174.120.146.122 ccode] packaging user ccode on 174.120.146.122
Apr 23 21:57:00 uscentral434 cpmigrate[5289]: [migrate 174.120.146.122 ccode] copying cpmove-ccode.tar.gz from 174.120.146.122 to local
Apr 23 21:57:01 uscentral434 cpmigrate[5289]: [migrate 174.120.146.122 ccode] restoring ccode from /home/cpmigrate/cpmove-ccode.tar.gz
Apr 23 21:57:10 uscentral434 cpmigrate[28408]: [migrate 174.120.146.106 projetos] completed rsync of 174.120.146.106:/home/projetos to /home/projetos
Apr 23 21:57:10 uscentral434 cpmigrate[28408]: [migrate 174.120.146.106 projetos] converted projetos mailboxes to local mailserver dovecot
Apr 23 21:57:10 uscentral434 cpmigrate[28408]: [migrate 174.120.146.106 projetos] fixing permissions under /home/projetos
Apr 23 21:57:11 uscentral434 cpmigrate[28408]: [migrate 174.120.146.106 projetos] changed shell to /usr/local/cpanel/bin/jailshell for projetos
Apr 23 21:57:11 uscentral434 cpmigrate[28408]: [migrate 174.120.146.106 projetos] completed restore for projetos from 174.120.146.106
Apr 23 21:57:11 uscentral434 cpmigrate[28408]: [migrate 174.120.146.106 prolaund] warning: found prolaund in runtime list, handled by another instance, skipping!
Apr 23 21:57:11 uscentral434 cpmigrate[28408]: [migrate 174.120.146.106 promise] packaging user promise on 174.120.146.106
Apr 23 21:57:16 uscentral434 cpmigrate[28408]: [migrate 174.120.146.106 promise] copying cpmove-promise.tar.gz from 174.120.146.106 to local
Apr 23 21:57:16 uscentral434 cpmigrate[28408]: [migrate 174.120.146.106 promise] restoring promise from /home/cpmigrate/cpmove-promise.tar.gz
Apr 23 21:57:56 uscentral434 cpmigrate[8133]: [migrate 174.120.146.122 ccairepc] starting rsync of 174.120.146.122:/home/ccairepc to /home/ccairepc
Apr 23 21:58:37 uscentral434 cpmigrate[4884]: [migrate 174.120.146.122 ccbges] starting rsync of 174.120.146.122:/home/ccbges to /home/ccbges
Apr 23 21:58:49 uscentral434 cpmigrate[8133]: [migrate 174.120.146.122 ccairepc] completed rsync of 174.120.146.122:/home/ccairepc to /home/ccairepc
Apr 23 21:58:49 uscentral434 cpmigrate[8133]: [migrate 174.120.146.122 ccairepc] converted ccairepc mailboxes to local mailserver dovecot
Apr 23 21:58:49 uscentral434 cpmigrate[8133]: [migrate 174.120.146.122 ccairepc] fixing permissions under /home/ccairepc
Apr 23 21:58:49 uscentral434 cpmigrate[8133]: [migrate 174.120.146.122 ccairepc] changed shell to /usr/local/cpanel/bin/jailshell for ccairepc
Apr 23 21:58:49 uscentral434 cpmigrate[8133]: [migrate 174.120.146.122 ccairepc] completed restore for ccairepc from 174.120.146.122
Apr 23 21:58:49 uscentral434 cpmigrate[8133]: [migrate 174.120.146.122 ccbges] warning: found ccbges in runtime list, handled by another instance, skipping!
Apr 23 21:58:49 uscentral434 cpmigrate[8133]: [migrate 174.120.146.122 ccode] warning: found ccode in runtime list, handled by another instance, skipping!
Apr 23 21:58:49 uscentral434 cpmigrate[8133]: [migrate 174.120.146.122 cebsasol] packaging user cebsasol on 174.120.146.122
Apr 23 21:58:55 uscentral434 cpmigrate[8133]: [migrate 174.120.146.122 cebsasol] copying cpmove-cebsasol.tar.gz from 174.120.146.122 to local
Apr 23 21:58:55 uscentral434 cpmigrate[8133]: [migrate 174.120.146.122 cebsasol] restoring cebsasol from /home/cpmigrate/cpmove-cebsasol.tar.gz
Apr 23 21:59:08 uscentral434 cpmigrate[13179]: [migrate 174.120.146.106 polemicd] completed rsync of 174.120.146.106:/home/polemicd to /home/polemicd
Apr 23 21:59:08 uscentral434 cpmigrate[13179]: [migrate 174.120.146.106 polemicd] converted polemicd mailboxes to local mailserver dovecot
Apr 23 21:59:08 uscentral434 cpmigrate[13179]: [migrate 174.120.146.106 polemicd] fixing permissions under /home/polemicd
Apr 23 21:59:17 uscentral434 cpmigrate[13179]: [migrate 174.120.146.106 polemicd] changed shell to /usr/local/cpanel/bin/jailshell for polemicd
Apr 23 21:59:17 uscentral434 cpmigrate[13179]: [migrate 174.120.146.106 polemicd] completed restore for polemicd from 174.120.146.106
Apr 23 21:59:17 uscentral434 cpmigrate[13179]: [migrate 174.120.146.106 polkcoun] warning: found polkcoun in runtime list, handled by another instance, skipping!
Apr 23 21:59:17 uscentral434 cpmigrate[13179]: [migrate 174.120.146.106 portacco] warning: found portacco in runtime list, handled by another instance, skipping!
Apr 23 21:59:17 uscentral434 cpmigrate[13179]: [migrate 174.120.146.106 portmacn] warning: found portmacn in runtime list, handled by another instance, skipping!
Apr 23 21:59:17 uscentral434 cpmigrate[13179]: [migrate 174.120.146.106 postadcc] warning: found postadcc in runtime list, handled by another instance, skipping!
Apr 23 21:59:17 uscentral434 cpmigrate[13179]: [migrate 174.120.146.106 power] warning: found power in runtime list, handled by another instance, skipping!
Apr 23 21:59:17 uscentral434 cpmigrate[13179]: [migrate 174.120.146.106 prattour] warning: found prattour in runtime list, handled by another instance, skipping!
Apr 23 21:59:17 uscentral434 cpmigrate[13179]: [migrate 174.120.146.106 precisio] warning: found precisio in runtime list, handled by another instance, skipping!
Apr 23 21:59:17 uscentral434 cpmigrate[13179]: [migrate 174.120.146.106 precoweb] warning: found precoweb in runtime list, handled by another instance, skipping!
Apr 23 21:59:17 uscentral434 cpmigrate[13179]: [migrate 174.120.146.106 primatep] warning: found primatep in runtime list, handled by another instance, skipping!
Apr 23 21:59:17 uscentral434 cpmigrate[13179]: [migrate 174.120.146.106 prmoreho] warning: found prmoreho in runtime list, handled by another instance, skipping!
Apr 23 21:59:17 uscentral434 cpmigrate[13179]: [migrate 174.120.146.106 prodcr] warning: found prodcr in runtime list, handled by another instance, skipping!
Apr 23 21:59:17 uscentral434 cpmigrate[13179]: [migrate 174.120.146.106 project2] warning: found project2 in runtime list, handled by another instance, skipping!
Apr 23 21:59:17 uscentral434 cpmigrate[13179]: [migrate 174.120.146.106 projetoe] warning: found projetoe in runtime list, handled by another instance, skipping!
Apr 23 21:59:17 uscentral434 cpmigrate[13179]: [migrate 174.120.146.106 projetos] warning: found projetos in runtime list, handled by another instance, skipping!
Apr 23 21:59:17 uscentral434 cpmigrate[13179]: [migrate 174.120.146.106 prolaund] warning: found prolaund in runtime list, handled by another instance, skipping!
Apr 23 21:59:17 uscentral434 cpmigrate[13179]: [migrate 174.120.146.106 promise] warning: found promise in runtime list, handled by another instance, skipping!
Apr 23 21:59:17 uscentral434 cpmigrate[13179]: [migrate 174.120.146.106 promotio] packaging user promotio on 174.120.146.106
Apr 23 21:59:19 uscentral434 cpmigrate[4884]: [migrate 174.120.146.122 ccbges] completed rsync of 174.120.146.122:/home/ccbges to /home/ccbges
Apr 23 21:59:19 uscentral434 cpmigrate[4884]: [migrate 174.120.146.122 ccbges] converted ccbges mailboxes to local mailserver dovecot
Apr 23 21:59:19 uscentral434 cpmigrate[4884]: [migrate 174.120.146.122 ccbges] fixing permissions under /home/ccbges
Apr 23 21:59:19 uscentral434 cpmigrate[4884]: [migrate 174.120.146.122 ccbges] changed shell to /usr/local/cpanel/bin/jailshell for ccbges
Apr 23 21:59:19 uscentral434 cpmigrate[4884]: [migrate 174.120.146.122 ccbges] completed restore for ccbges from 174.120.146.122
Apr 23 21:59:19 uscentral434 cpmigrate[4884]: [migrate 174.120.146.122 ccode] warning: found ccode in runtime list, handled by another instance, skipping!
Apr 23 21:59:20 uscentral434 cpmigrate[4884]: [migrate 174.120.146.122 cebsasol] warning: found cebsasol in runtime list, handled by another instance, skipping!
Apr 23 21:59:20 uscentral434 cpmigrate[4884]: [migrate 174.120.146.122 ceiame] packaging user ceiame on 174.120.146.122
Apr 23 21:59:24 uscentral434 cpmigrate[4884]: [migrate 174.120.146.122 ceiame] copying cpmove-ceiame.tar.gz from 174.120.146.122 to local
Apr 23 21:59:25 uscentral434 cpmigrate[4884]: [migrate 174.120.146.122 ceiame] restoring ceiame from /home/cpmigrate/cpmove-ceiame.tar.gz
Apr 23 21:59:29 uscentral434 cpmigrate[13179]: [migrate 174.120.146.106 promotio] copying cpmove-promotio.tar.gz from 174.120.146.106 to local
Apr 23 21:59:30 uscentral434 cpmigrate[13179]: [migrate 174.120.146.106 promotio] restoring promotio from /home/cpmigrate/cpmove-promotio.tar.gz
Apr 23 22:00:10 uscentral434 cpmigrate[28408]: [migrate 174.120.146.106 promise] starting rsync of 174.120.146.106:/home/promise to /home/promise
Apr 23 22:00:15 uscentral434 cpmigrate[5289]: [migrate 174.120.146.122 ccode] starting rsync of 174.120.146.122:/home/ccode to /home/ccode
Apr 23 22:00:22 uscentral434 cpmigrate[28408]: [migrate 174.120.146.106 promise] completed rsync of 174.120.146.106:/home/promise to /home/promise
Apr 23 22:00:22 uscentral434 cpmigrate[28408]: [migrate 174.120.146.106 promise] converted promise mailboxes to local mailserver dovecot
Apr 23 22:00:22 uscentral434 cpmigrate[28408]: [migrate 174.120.146.106 promise] fixing permissions under /home/promise
Apr 23 22:00:22 uscentral434 cpmigrate[28408]: [migrate 174.120.146.106 promise] changed shell to /usr/local/cpanel/bin/jailshell for promise
Apr 23 22:00:22 uscentral434 cpmigrate[28408]: [migrate 174.120.146.106 promise] completed restore for promise from 174.120.146.106
Apr 23 22:00:22 uscentral434 cpmigrate[28408]: [migrate 174.120.146.106 promotio] warning: found promotio in runtime list, handled by another instance, skipping!
Apr 23 22:00:22 uscentral434 cpmigrate[28408]: [migrate 174.120.146.106 prototyp] packaging user prototyp on 174.120.146.106
Apr 23 22:00:49 uscentral434 cpmigrate[6896]: [migrate 174.120.146.106 prolaund] starting rsync of 174.120.146.106:/home/prolaund to /home/prolaund
Apr 23 22:01:27 uscentral434 cpmigrate[5289]: [migrate 174.120.146.122 ccode] completed rsync of 174.120.146.122:/home/ccode to /home/ccode
Apr 23 22:01:27 uscentral434 cpmigrate[5289]: [migrate 174.120.146.122 ccode] converted ccode mailboxes to local mailserver dovecot
Apr 23 22:01:27 uscentral434 cpmigrate[5289]: [migrate 174.120.146.122 ccode] fixing permissions under /home/ccode
Apr 23 22:01:27 uscentral434 cpmigrate[5289]: [migrate 174.120.146.122 ccode] changed shell to /usr/local/cpanel/bin/jailshell for ccode
Apr 23 22:01:27 uscentral434 cpmigrate[5289]: [migrate 174.120.146.122 ccode] completed restore for ccode from 174.120.146.122
Apr 23 22:01:27 uscentral434 cpmigrate[5289]: [migrate 174.120.146.122 cebsasol] warning: found cebsasol in runtime list, handled by another instance, skipping!
Apr 23 22:01:27 uscentral434 cpmigrate[5289]: [migrate 174.120.146.122 ceiame] warning: found ceiame in runtime list, handled by another instance, skipping!
Apr 23 22:01:27 uscentral434 cpmigrate[5289]: [migrate 174.120.146.122 cellphon] packaging user cellphon on 174.120.146.122
Apr 23 22:01:33 uscentral434 cpmigrate[28408]: [migrate 174.120.146.106 prototyp] copying cpmove-prototyp.tar.gz from 174.120.146.106 to local
Apr 23 22:01:33 uscentral434 cpmigrate[28408]: [migrate 174.120.146.106 prototyp] restoring prototyp from /home/cpmigrate/cpmove-prototyp.tar.gz
Apr 23 22:02:01 uscentral434 cpmigrate[8133]: [migrate 174.120.146.122 cebsasol] starting rsync of 174.120.146.122:/home/cebsasol to /home/cebsasol
Apr 23 22:02:08 uscentral434 cpmigrate[6896]: [migrate 174.120.146.106 prolaund] completed rsync of 174.120.146.106:/home/prolaund to /home/prolaund
Apr 23 22:02:08 uscentral434 cpmigrate[6896]: [migrate 174.120.146.106 prolaund] converted prolaund mailboxes to local mailserver dovecot
Apr 23 22:02:08 uscentral434 cpmigrate[6896]: [migrate 174.120.146.106 prolaund] fixing permissions under /home/prolaund
Apr 23 22:02:08 uscentral434 cpmigrate[6896]: [migrate 174.120.146.106 prolaund] changed shell to /usr/local/cpanel/bin/jailshell for prolaund
Apr 23 22:02:08 uscentral434 cpmigrate[6896]: [migrate 174.120.146.106 prolaund] completed restore for prolaund from 174.120.146.106
Apr 23 22:02:08 uscentral434 cpmigrate[6896]: [migrate 174.120.146.106 promise] warning: found promise in runtime list, handled by another instance, skipping!
Apr 23 22:02:08 uscentral434 cpmigrate[6896]: [migrate 174.120.146.106 promotio] warning: found promotio in runtime list, handled by another instance, skipping!
Apr 23 22:02:08 uscentral434 cpmigrate[6896]: [migrate 174.120.146.106 prototyp] warning: found prototyp in runtime list, handled by another instance, skipping!
Apr 23 22:02:08 uscentral434 cpmigrate[6896]: [migrate 174.120.146.106 ptservic] packaging user ptservic on 174.120.146.106
Apr 23 22:02:11 uscentral434 cpmigrate[8133]: [migrate 174.120.146.122 cebsasol] completed rsync of 174.120.146.122:/home/cebsasol to /home/cebsasol
Apr 23 22:02:11 uscentral434 cpmigrate[8133]: [migrate 174.120.146.122 cebsasol] converted cebsasol mailboxes to local mailserver dovecot
Apr 23 22:02:11 uscentral434 cpmigrate[8133]: [migrate 174.120.146.122 cebsasol] fixing permissions under /home/cebsasol
Apr 23 22:02:11 uscentral434 cpmigrate[8133]: [migrate 174.120.146.122 cebsasol] changed shell to /usr/local/cpanel/bin/jailshell for cebsasol
Apr 23 22:02:11 uscentral434 cpmigrate[8133]: [migrate 174.120.146.122 cebsasol] completed restore for cebsasol from 174.120.146.122
Apr 23 22:02:12 uscentral434 cpmigrate[8133]: [migrate 174.120.146.122 ceiame] warning: found ceiame in runtime list, handled by another instance, skipping!
Apr 23 22:02:12 uscentral434 cpmigrate[8133]: [migrate 174.120.146.122 cellphon] warning: found cellphon in runtime list, handled by another instance, skipping!
Apr 23 22:02:12 uscentral434 cpmigrate[8133]: [migrate 174.120.146.122 centervi] packaging user centervi on 174.120.146.122
Apr 23 22:02:16 uscentral434 cpmigrate[8133]: [migrate 174.120.146.122 centervi] copying cpmove-centervi.tar.gz from 174.120.146.122 to local
Apr 23 22:02:17 uscentral434 cpmigrate[8133]: [migrate 174.120.146.122 centervi] restoring centervi from /home/cpmigrate/cpmove-centervi.tar.gz
Apr 23 22:02:18 uscentral434 cpmigrate[6896]: [migrate 174.120.146.106 ptservic] copying cpmove-ptservic.tar.gz from 174.120.146.106 to local
Apr 23 22:02:18 uscentral434 cpmigrate[6896]: [migrate 174.120.146.106 ptservic] restoring ptservic from /home/cpmigrate/cpmove-ptservic.tar.gz
Apr 23 22:02:24 uscentral434 cpmigrate[4884]: [migrate 174.120.146.122 ceiame] starting rsync of 174.120.146.122:/home/ceiame to /home/ceiame
Apr 23 22:02:54 uscentral434 cpmigrate[4884]: [migrate 174.120.146.122 ceiame] completed rsync of 174.120.146.122:/home/ceiame to /home/ceiame
Apr 23 22:02:54 uscentral434 cpmigrate[4884]: [migrate 174.120.146.122 ceiame] converted ceiame mailboxes to local mailserver dovecot
Apr 23 22:02:54 uscentral434 cpmigrate[4884]: [migrate 174.120.146.122 ceiame] fixing permissions under /home/ceiame
Apr 23 22:02:54 uscentral434 cpmigrate[4884]: [migrate 174.120.146.122 ceiame] changed shell to /usr/local/cpanel/bin/jailshell for ceiame
Apr 23 22:02:54 uscentral434 cpmigrate[4884]: [migrate 174.120.146.122 ceiame] completed restore for ceiame from 174.120.146.122
Apr 23 22:02:54 uscentral434 cpmigrate[4884]: [migrate 174.120.146.122 cellphon] warning: found cellphon in runtime list, handled by another instance, skipping!
Apr 23 22:02:54 uscentral434 cpmigrate[4884]: [migrate 174.120.146.122 centervi] warning: found centervi in runtime list, handled by another instance, skipping!
Apr 23 22:02:54 uscentral434 cpmigrate[4884]: [migrate 174.120.146.122 chacuato] packaging user chacuato on 174.120.146.122
Apr 23 22:03:07 uscentral434 cpmigrate[4884]: [migrate 174.120.146.122 chacuato] copying cpmove-chacuato.tar.gz from 174.120.146.122 to local
Apr 23 22:03:08 uscentral434 cpmigrate[4884]: [migrate 174.120.146.122 chacuato] restoring chacuato from /home/cpmigrate/cpmove-chacuato.tar.gz
Apr 23 22:04:38 uscentral434 cpmigrate[5289]: [migrate 174.120.146.122 cellphon] copying cpmove-cellphon.tar.gz from 174.120.146.122 to local
Apr 23 22:04:39 uscentral434 cpmigrate[5289]: [migrate 174.120.146.122 cellphon] restoring cellphon from /home/cpmigrate/cpmove-cellphon.tar.gz
Apr 23 22:05:17 uscentral434 cpmigrate[6896]: [migrate 174.120.146.106 ptservic] starting rsync of 174.120.146.106:/home/ptservic to /home/ptservic
Apr 23 22:05:19 uscentral434 cpmigrate[8133]: [migrate 174.120.146.122 centervi] starting rsync of 174.120.146.122:/home/centervi to /home/centervi
Apr 23 22:05:30 uscentral434 cpmigrate[8133]: [migrate 174.120.146.122 centervi] completed rsync of 174.120.146.122:/home/centervi to /home/centervi
Apr 23 22:05:30 uscentral434 cpmigrate[8133]: [migrate 174.120.146.122 centervi] converted centervi mailboxes to local mailserver dovecot
Apr 23 22:05:30 uscentral434 cpmigrate[8133]: [migrate 174.120.146.122 centervi] fixing permissions under /home/centervi
Apr 23 22:05:30 uscentral434 cpmigrate[8133]: [migrate 174.120.146.122 centervi] changed shell to /usr/local/cpanel/bin/jailshell for centervi
Apr 23 22:05:31 uscentral434 cpmigrate[8133]: [migrate 174.120.146.122 centervi] completed restore for centervi from 174.120.146.122
Apr 23 22:05:31 uscentral434 cpmigrate[8133]: [migrate 174.120.146.122 chacuato] warning: found chacuato in runtime list, handled by another instance, skipping!
Apr 23 22:05:31 uscentral434 cpmigrate[8133]: [migrate 174.120.146.122 chad] packaging user chad on 174.120.146.122
Apr 23 22:05:42 uscentral434 cpmigrate[8133]: [migrate 174.120.146.122 chad] copying cpmove-chad.tar.gz from 174.120.146.122 to local
Apr 23 22:05:42 uscentral434 cpmigrate[8133]: [migrate 174.120.146.122 chad] restoring chad from /home/cpmigrate/cpmove-chad.tar.gz
Apr 23 22:05:44 uscentral434 cpmigrate[6896]: [migrate 174.120.146.106 ptservic] completed rsync of 174.120.146.106:/home/ptservic to /home/ptservic
Apr 23 22:05:44 uscentral434 cpmigrate[6896]: [migrate 174.120.146.106 ptservic] converted ptservic mailboxes to local mailserver dovecot
Apr 23 22:05:44 uscentral434 cpmigrate[6896]: [migrate 174.120.146.106 ptservic] fixing permissions under /home/ptservic
Apr 23 22:05:44 uscentral434 cpmigrate[6896]: [migrate 174.120.146.106 ptservic] changed shell to /usr/local/cpanel/bin/jailshell for ptservic
Apr 23 22:05:44 uscentral434 cpmigrate[6896]: [migrate 174.120.146.106 ptservic] completed restore for ptservic from 174.120.146.106
Apr 23 22:05:44 uscentral434 cpmigrate[6896]: [migrate 174.120.146.106 ptuck] packaging user ptuck on 174.120.146.106
Apr 23 22:05:52 uscentral434 cpmigrate[6896]: [migrate 174.120.146.106 ptuck] copying cpmove-ptuck.tar.gz from 174.120.146.106 to local
Apr 23 22:05:52 uscentral434 cpmigrate[6896]: [migrate 174.120.146.106 ptuck] restoring ptuck from /home/cpmigrate/cpmove-ptuck.tar.gz
Apr 23 22:06:10 uscentral434 cpmigrate[4884]: [migrate 174.120.146.122 chacuato] starting rsync of 174.120.146.122:/home/chacuato to /home/chacuato
Apr 23 22:06:23 uscentral434 cpmigrate[13179]: [migrate 174.120.146.106 promotio] starting rsync of 174.120.146.106:/home/promotio to /home/promotio
Apr 23 22:06:24 uscentral434 cpmigrate[13179]: [migrate 174.120.146.106 promotio] completed rsync of 174.120.146.106:/home/promotio to /home/promotio
Apr 23 22:06:25 uscentral434 cpmigrate[13179]: [migrate 174.120.146.106 promotio] converted promotio mailboxes to local mailserver dovecot
Apr 23 22:06:25 uscentral434 cpmigrate[13179]: [migrate 174.120.146.106 promotio] fixing permissions under /home/promotio
Apr 23 22:06:25 uscentral434 cpmigrate[13179]: [migrate 174.120.146.106 promotio] changed shell to /usr/local/cpanel/bin/jailshell for promotio
Apr 23 22:06:25 uscentral434 cpmigrate[13179]: [migrate 174.120.146.106 promotio] completed restore for promotio from 174.120.146.106
Apr 23 22:06:25 uscentral434 cpmigrate[13179]: [migrate 174.120.146.106 prototyp] warning: found prototyp in runtime list, handled by another instance, skipping!
Apr 23 22:06:25 uscentral434 cpmigrate[13179]: [migrate 174.120.146.106 ptservic] warning: found ptservic in runtime list, handled by another instance, skipping!
Apr 23 22:06:25 uscentral434 cpmigrate[13179]: [migrate 174.120.146.106 ptuck] warning: found ptuck in runtime list, handled by another instance, skipping!
Apr 23 22:06:25 uscentral434 cpmigrate[13179]: [migrate 174.120.146.106 pukime] packaging user pukime on 174.120.146.106
Apr 23 22:06:36 uscentral434 cpmigrate[4884]: [migrate 174.120.146.122 chacuato] completed rsync of 174.120.146.122:/home/chacuato to /home/chacuato
Apr 23 22:06:36 uscentral434 cpmigrate[4884]: [migrate 174.120.146.122 chacuato] converted chacuato mailboxes to local mailserver dovecot
Apr 23 22:06:36 uscentral434 cpmigrate[4884]: [migrate 174.120.146.122 chacuato] fixing permissions under /home/chacuato
Apr 23 22:06:36 uscentral434 cpmigrate[4884]: [migrate 174.120.146.122 chacuato] changed shell to /usr/local/cpanel/bin/jailshell for chacuato
Apr 23 22:06:36 uscentral434 cpmigrate[4884]: [migrate 174.120.146.122 chacuato] completed restore for chacuato from 174.120.146.122
Apr 23 22:06:36 uscentral434 cpmigrate[4884]: [migrate 174.120.146.122 chad] warning: found chad in runtime list, handled by another instance, skipping!
Apr 23 22:06:36 uscentral434 cpmigrate[4884]: [migrate 174.120.146.122 champsai] packaging user champsai on 174.120.146.122
Apr 23 22:06:41 uscentral434 cpmigrate[4884]: [migrate 174.120.146.122 champsai] copying cpmove-champsai.tar.gz from 174.120.146.122 to local
Apr 23 22:06:41 uscentral434 cpmigrate[4884]: [migrate 174.120.146.122 champsai] restoring champsai from /home/cpmigrate/cpmove-champsai.tar.gz
Apr 23 22:07:02 uscentral434 cpmigrate[13179]: [migrate 174.120.146.106 pukime] copying cpmove-pukime.tar.gz from 174.120.146.106 to local
Apr 23 22:07:02 uscentral434 cpmigrate[13179]: [migrate 174.120.146.106 pukime] restoring pukime from /home/cpmigrate/cpmove-pukime.tar.gz
Apr 23 22:08:53 uscentral434 cpmigrate[8133]: [migrate 174.120.146.122 chad] starting rsync of 174.120.146.122:/home/chad to /home/chad
Apr 23 22:08:53 uscentral434 cpmigrate[6896]: [migrate 174.120.146.106 ptuck] starting rsync of 174.120.146.106:/home/ptuck to /home/ptuck
Apr 23 22:08:54 uscentral434 cpmigrate[6896]: [migrate 174.120.146.106 ptuck] completed rsync of 174.120.146.106:/home/ptuck to /home/ptuck
Apr 23 22:08:54 uscentral434 cpmigrate[6896]: [migrate 174.120.146.106 ptuck] converted ptuck mailboxes to local mailserver dovecot
Apr 23 22:08:54 uscentral434 cpmigrate[6896]: [migrate 174.120.146.106 ptuck] fixing permissions under /home/ptuck
Apr 23 22:08:54 uscentral434 cpmigrate[6896]: [migrate 174.120.146.106 ptuck] changed shell to /usr/local/cpanel/bin/jailshell for ptuck
Apr 23 22:08:54 uscentral434 cpmigrate[6896]: [migrate 174.120.146.106 ptuck] completed restore for ptuck from 174.120.146.106
Apr 23 22:08:54 uscentral434 cpmigrate[6896]: [migrate 174.120.146.106 pukime] warning: found pukime in runtime list, handled by another instance, skipping!
Apr 23 22:08:54 uscentral434 cpmigrate[6896]: [migrate 174.120.146.106 pureatom] packaging user pureatom on 174.120.146.106
Apr 23 22:08:59 uscentral434 cpmigrate[8133]: [migrate 174.120.146.122 chad] completed rsync of 174.120.146.122:/home/chad to /home/chad
Apr 23 22:08:59 uscentral434 cpmigrate[8133]: [migrate 174.120.146.122 chad] converted chad mailboxes to local mailserver dovecot
Apr 23 22:08:59 uscentral434 cpmigrate[8133]: [migrate 174.120.146.122 chad] fixing permissions under /home/chad
Apr 23 22:08:59 uscentral434 cpmigrate[8133]: [migrate 174.120.146.122 chad] changed shell to /usr/local/cpanel/bin/jailshell for chad
Apr 23 22:08:59 uscentral434 cpmigrate[8133]: [migrate 174.120.146.122 chad] completed restore for chad from 174.120.146.122
Apr 23 22:08:59 uscentral434 cpmigrate[8133]: [migrate 174.120.146.122 champsai] warning: found champsai in runtime list, handled by another instance, skipping!
Apr 23 22:08:59 uscentral434 cpmigrate[8133]: [migrate 174.120.146.122 chasingm] packaging user chasingm on 174.120.146.122
Apr 23 22:09:09 uscentral434 cpmigrate[8133]: [migrate 174.120.146.122 chasingm] copying cpmove-chasingm.tar.gz from 174.120.146.122 to local
Apr 23 22:09:09 uscentral434 cpmigrate[8133]: [migrate 174.120.146.122 chasingm] restoring chasingm from /home/cpmigrate/cpmove-chasingm.tar.gz
Apr 23 22:09:12 uscentral434 cpmigrate[5289]: [migrate 174.120.146.122 cellphon] starting rsync of 174.120.146.122:/home/cellphon to /home/cellphon
Apr 23 22:09:25 uscentral434 cpmigrate[6896]: [migrate 174.120.146.106 pureatom] copying cpmove-pureatom.tar.gz from 174.120.146.106 to local
Apr 23 22:09:25 uscentral434 cpmigrate[6896]: [migrate 174.120.146.106 pureatom] restoring pureatom from /home/cpmigrate/cpmove-pureatom.tar.gz
Apr 23 22:10:02 uscentral434 cpmigrate[4884]: [migrate 174.120.146.122 champsai] starting rsync of 174.120.146.122:/home/champsai to /home/champsai
Apr 23 22:10:09 uscentral434 cpmigrate[4884]: [migrate 174.120.146.122 champsai] completed rsync of 174.120.146.122:/home/champsai to /home/champsai
Apr 23 22:10:09 uscentral434 cpmigrate[4884]: [migrate 174.120.146.122 champsai] converted champsai mailboxes to local mailserver dovecot
Apr 23 22:10:09 uscentral434 cpmigrate[4884]: [migrate 174.120.146.122 champsai] fixing permissions under /home/champsai
Apr 23 22:10:09 uscentral434 cpmigrate[4884]: [migrate 174.120.146.122 champsai] changed shell to /usr/local/cpanel/bin/jailshell for champsai
Apr 23 22:10:09 uscentral434 cpmigrate[4884]: [migrate 174.120.146.122 champsai] completed restore for champsai from 174.120.146.122
Apr 23 22:10:09 uscentral434 cpmigrate[4884]: [migrate 174.120.146.122 chasingm] warning: found chasingm in runtime list, handled by another instance, skipping!
Apr 23 22:10:09 uscentral434 cpmigrate[4884]: [migrate 174.120.146.122 chebusia] packaging user chebusia on 174.120.146.122
Apr 23 22:10:12 uscentral434 cpmigrate[13179]: [migrate 174.120.146.106 pukime] starting rsync of 174.120.146.106:/home/pukime to /home/pukime
Apr 23 22:10:13 uscentral434 cpmigrate[4884]: [migrate 174.120.146.122 chebusia] copying cpmove-chebusia.tar.gz from 174.120.146.122 to local
Apr 23 22:10:20 uscentral434 cpmigrate[4884]: [migrate 174.120.146.122 chebusia] restoring chebusia from /home/cpmigrate/cpmove-chebusia.tar.gz
Apr 23 22:12:45 uscentral434 cpmigrate[8133]: [migrate 174.120.146.122 chasingm] starting rsync of 174.120.146.122:/home/chasingm to /home/chasingm
Apr 23 22:12:57 uscentral434 cpmigrate[8133]: [migrate 174.120.146.122 chasingm] completed rsync of 174.120.146.122:/home/chasingm to /home/chasingm
Apr 23 22:12:57 uscentral434 cpmigrate[8133]: [migrate 174.120.146.122 chasingm] converted chasingm mailboxes to local mailserver dovecot
Apr 23 22:12:57 uscentral434 cpmigrate[8133]: [migrate 174.120.146.122 chasingm] fixing permissions under /home/chasingm
Apr 23 22:12:57 uscentral434 cpmigrate[8133]: [migrate 174.120.146.122 chasingm] changed shell to /usr/local/cpanel/bin/jailshell for chasingm
Apr 23 22:12:58 uscentral434 cpmigrate[8133]: [migrate 174.120.146.122 chasingm] completed restore for chasingm from 174.120.146.122
Apr 23 22:12:58 uscentral434 cpmigrate[8133]: [migrate 174.120.146.122 chebusia] warning: found chebusia in runtime list, handled by another instance, skipping!
Apr 23 22:12:58 uscentral434 cpmigrate[8133]: [migrate 174.120.146.122 chefdefu] packaging user chefdefu on 174.120.146.122
Apr 23 22:13:04 uscentral434 cpmigrate[8133]: [migrate 174.120.146.122 chefdefu] copying cpmove-chefdefu.tar.gz from 174.120.146.122 to local
