Apr 23 21:08:02 uscentral434 cpmigrate[28408]: [migrate 174.120.146.106 pirateso] completed restore for pirateso from 174.120.146.106
Apr 23 21:08:02 uscentral434 cpmigrate[28408]: [migrate 174.120.146.106 pitiri] warning: found pitiri in runtime list, handled by another instance, skipping!
Apr 23 21:08:02 uscentral434 cpmigrate[28408]: [migrate 174.120.146.106 placeboc] warning: found placeboc in runtime list, handled by another instance, skipping!
Apr 23 21:08:02 uscentral434 cpmigrate[28408]: [migrate 174.120.146.106 placecho] warning: found placecho in runtime list, handled by another instance, skipping!
Apr 23 21:08:02 uscentral434 cpmigrate[28408]: [migrate 174.120.146.106 plumtree] warning: found plumtree in runtime list, handled by another instance, skipping!
Apr 23 21:08:02 uscentral434 cpmigrate[28408]: [migrate 174.120.146.106 pnsleepn] warning: found pnsleepn in runtime list, handled by another instance, skipping!
Apr 23 21:08:02 uscentral434 cpmigrate[28408]: [migrate 174.120.146.106 poggiode] packaging user poggiode on 174.120.146.106
Apr 23 21:08:12 uscentral434 cpmigrate[28408]: [migrate 174.120.146.106 poggiode] copying cpmove-poggiode.tar.gz from 174.120.146.106 to local
Apr 23 21:08:12 uscentral434 cpmigrate[28408]: [migrate 174.120.146.106 poggiode] restoring poggiode from /home/cpmigrate/cpmove-poggiode.tar.gz
Apr 23 21:08:14 uscentral434 cpmigrate[13179]: [migrate 174.120.146.106 plumtree] completed rsync of 174.120.146.106:/home/plumtree to /home/plumtree
Apr 23 21:08:14 uscentral434 cpmigrate[13179]: [migrate 174.120.146.106 plumtree] converted plumtree mailboxes to local mailserver dovecot
Apr 23 21:08:14 uscentral434 cpmigrate[13179]: [migrate 174.120.146.106 plumtree] fixing permissions under /home/plumtree
Apr 23 21:08:14 uscentral434 cpmigrate[13179]: [migrate 174.120.146.106 plumtree] changed shell to /usr/local/cpanel/bin/jailshell for plumtree
Apr 23 21:08:14 uscentral434 cpmigrate[13179]: [migrate 174.120.146.106 plumtree] completed restore for plumtree from 174.120.146.106
Apr 23 21:08:14 uscentral434 cpmigrate[13179]: [migrate 174.120.146.106 pnsleepn] warning: found pnsleepn in runtime list, handled by another instance, skipping!
Apr 23 21:08:14 uscentral434 cpmigrate[13179]: [migrate 174.120.146.106 poggiode] warning: found poggiode in runtime list, handled by another instance, skipping!
Apr 23 21:08:14 uscentral434 cpmigrate[13179]: [migrate 174.120.146.106 polemicd] packaging user polemicd on 174.120.146.106
Apr 23 21:08:14 uscentral434 cpmigrate[5289]: [migrate 174.120.146.122 brandemp] starting rsync of 174.120.146.122:/home/brandemp to /home/brandemp
Apr 23 21:08:15 uscentral434 cpmigrate[8133]: [migrate 174.120.146.122 bravoglo] copying cpmove-bravoglo.tar.gz from 174.120.146.122 to local
Apr 23 21:08:16 uscentral434 cpmigrate[8133]: [migrate 174.120.146.122 bravoglo] restoring bravoglo from /home/cpmigrate/cpmove-bravoglo.tar.gz
Apr 23 21:08:16 uscentral434 cpmigrate[5289]: [migrate 174.120.146.122 brandemp] completed rsync of 174.120.146.122:/home/brandemp to /home/brandemp
Apr 23 21:08:16 uscentral434 cpmigrate[5289]: [migrate 174.120.146.122 brandemp] converted brandemp mailboxes to local mailserver dovecot
Apr 23 21:08:16 uscentral434 cpmigrate[5289]: [migrate 174.120.146.122 brandemp] fixing permissions under /home/brandemp
Apr 23 21:08:17 uscentral434 cpmigrate[5289]: [migrate 174.120.146.122 brandemp] changed shell to /usr/local/cpanel/bin/jailshell for brandemp
Apr 23 21:08:17 uscentral434 cpmigrate[5289]: [migrate 174.120.146.122 brandemp] completed restore for brandemp from 174.120.146.122
Apr 23 21:08:17 uscentral434 cpmigrate[5289]: [migrate 174.120.146.122 branderd] warning: found branderd in runtime list, handled by another instance, skipping!
Apr 23 21:08:17 uscentral434 cpmigrate[5289]: [migrate 174.120.146.122 bravoglo] warning: found bravoglo in runtime list, handled by another instance, skipping!
Apr 23 21:08:17 uscentral434 cpmigrate[5289]: [migrate 174.120.146.122 briansay] packaging user briansay on 174.120.146.122
Apr 23 21:08:19 uscentral434 cpmigrate[13179]: [migrate 174.120.146.106 polemicd] copying cpmove-polemicd.tar.gz from 174.120.146.106 to local
Apr 23 21:08:20 uscentral434 cpmigrate[13179]: [migrate 174.120.146.106 polemicd] restoring polemicd from /home/cpmigrate/cpmove-polemicd.tar.gz
Apr 23 21:08:21 uscentral434 cpmigrate[5289]: [migrate 174.120.146.122 briansay] copying cpmove-briansay.tar.gz from 174.120.146.122 to local
Apr 23 21:08:22 uscentral434 cpmigrate[5289]: [migrate 174.120.146.122 briansay] restoring briansay from /home/cpmigrate/cpmove-briansay.tar.gz
Apr 23 21:08:47 uscentral434 cpmigrate[6896]: [migrate 174.120.146.106 pnsleepn] starting rsync of 174.120.146.106:/home/pnsleepn to /home/pnsleepn
Apr 23 21:08:48 uscentral434 cpmigrate[6896]: [migrate 174.120.146.106 pnsleepn] completed rsync of 174.120.146.106:/home/pnsleepn to /home/pnsleepn
Apr 23 21:08:48 uscentral434 cpmigrate[6896]: [migrate 174.120.146.106 pnsleepn] converted pnsleepn mailboxes to local mailserver dovecot
Apr 23 21:08:49 uscentral434 cpmigrate[6896]: [migrate 174.120.146.106 pnsleepn] fixing permissions under /home/pnsleepn
Apr 23 21:08:49 uscentral434 cpmigrate[6896]: [migrate 174.120.146.106 pnsleepn] changed shell to /usr/local/cpanel/bin/jailshell for pnsleepn
Apr 23 21:08:49 uscentral434 cpmigrate[6896]: [migrate 174.120.146.106 pnsleepn] completed restore for pnsleepn from 174.120.146.106
Apr 23 21:08:49 uscentral434 cpmigrate[6896]: [migrate 174.120.146.106 poggiode] warning: found poggiode in runtime list, handled by another instance, skipping!
Apr 23 21:08:49 uscentral434 cpmigrate[6896]: [migrate 174.120.146.106 polemicd] warning: found polemicd in runtime list, handled by another instance, skipping!
Apr 23 21:08:49 uscentral434 cpmigrate[6896]: [migrate 174.120.146.106 polkcoun] packaging user polkcoun on 174.120.146.106
Apr 23 21:08:54 uscentral434 cpmigrate[6896]: [migrate 174.120.146.106 polkcoun] copying cpmove-polkcoun.tar.gz from 174.120.146.106 to local
Apr 23 21:08:54 uscentral434 cpmigrate[6896]: [migrate 174.120.146.106 polkcoun] restoring polkcoun from /home/cpmigrate/cpmove-polkcoun.tar.gz
Apr 23 21:10:35 uscentral434 cpmigrate[4884]: [migrate 174.120.146.122 branderd] starting rsync of 174.120.146.122:/home/branderd to /home/branderd
Apr 23 21:10:36 uscentral434 cpmigrate[4884]: [migrate 174.120.146.122 branderd] completed rsync of 174.120.146.122:/home/branderd to /home/branderd
Apr 23 21:10:36 uscentral434 cpmigrate[4884]: [migrate 174.120.146.122 branderd] converted branderd mailboxes to local mailserver dovecot
Apr 23 21:10:36 uscentral434 cpmigrate[4884]: [migrate 174.120.146.122 branderd] fixing permissions under /home/branderd
Apr 23 21:10:37 uscentral434 cpmigrate[4884]: [migrate 174.120.146.122 branderd] changed shell to /usr/local/cpanel/bin/jailshell for branderd
Apr 23 21:10:37 uscentral434 cpmigrate[4884]: [migrate 174.120.146.122 branderd] completed restore for branderd from 174.120.146.122
Apr 23 21:10:37 uscentral434 cpmigrate[4884]: [migrate 174.120.146.122 bravoglo] warning: found bravoglo in runtime list, handled by another instance, skipping!
Apr 23 21:10:37 uscentral434 cpmigrate[4884]: [migrate 174.120.146.122 briansay] warning: found briansay in runtime list, handled by another instance, skipping!
Apr 23 21:10:37 uscentral434 cpmigrate[4884]: [migrate 174.120.146.122 brokenci] packaging user brokenci on 174.120.146.122
Apr 23 21:10:46 uscentral434 cpmigrate[4884]: [migrate 174.120.146.122 brokenci] copying cpmove-brokenci.tar.gz from 174.120.146.122 to local
Apr 23 21:10:46 uscentral434 cpmigrate[4884]: [migrate 174.120.146.122 brokenci] restoring brokenci from /home/cpmigrate/cpmove-brokenci.tar.gz
Apr 23 21:11:29 uscentral434 cpmigrate[28408]: [migrate 174.120.146.106 poggiode] starting rsync of 174.120.146.106:/home/poggiode to /home/poggiode
Apr 23 21:11:33 uscentral434 cpmigrate[13179]: [migrate 174.120.146.106 polemicd] starting rsync of 174.120.146.106:/home/polemicd to /home/polemicd
Apr 23 21:11:36 uscentral434 cpmigrate[5289]: [migrate 174.120.146.122 briansay] starting rsync of 174.120.146.122:/home/briansay to /home/briansay
Apr 23 21:11:43 uscentral434 cpmigrate[5289]: [migrate 174.120.146.122 briansay] completed rsync of 174.120.146.122:/home/briansay to /home/briansay
Apr 23 21:11:43 uscentral434 cpmigrate[5289]: [migrate 174.120.146.122 briansay] converted briansay mailboxes to local mailserver dovecot
Apr 23 21:11:43 uscentral434 cpmigrate[5289]: [migrate 174.120.146.122 briansay] fixing permissions under /home/briansay
Apr 23 21:11:44 uscentral434 cpmigrate[5289]: [migrate 174.120.146.122 briansay] changed shell to /usr/local/cpanel/bin/jailshell for briansay
Apr 23 21:11:44 uscentral434 cpmigrate[5289]: [migrate 174.120.146.122 briansay] completed restore for briansay from 174.120.146.122
Apr 23 21:11:44 uscentral434 cpmigrate[5289]: [migrate 174.120.146.122 brokenci] warning: found brokenci in runtime list, handled by another instance, skipping!
Apr 23 21:11:44 uscentral434 cpmigrate[5289]: [migrate 174.120.146.122 brompton] packaging user brompton on 174.120.146.122
Apr 23 21:11:51 uscentral434 cpmigrate[5289]: [migrate 174.120.146.122 brompton] copying cpmove-brompton.tar.gz from 174.120.146.122 to local
Apr 23 21:11:52 uscentral434 cpmigrate[5289]: [migrate 174.120.146.122 brompton] restoring brompton from /home/cpmigrate/cpmove-brompton.tar.gz
Apr 23 21:11:59 uscentral434 cpmigrate[28408]: [migrate 174.120.146.106 poggiode] completed rsync of 174.120.146.106:/home/poggiode to /home/poggiode
Apr 23 21:11:59 uscentral434 cpmigrate[28408]: [migrate 174.120.146.106 poggiode] converted poggiode mailboxes to local mailserver dovecot
Apr 23 21:11:59 uscentral434 cpmigrate[28408]: [migrate 174.120.146.106 poggiode] fixing permissions under /home/poggiode
Apr 23 21:12:00 uscentral434 cpmigrate[28408]: [migrate 174.120.146.106 poggiode] changed shell to /usr/local/cpanel/bin/jailshell for poggiode
Apr 23 21:12:00 uscentral434 cpmigrate[28408]: [migrate 174.120.146.106 poggiode] completed restore for poggiode from 174.120.146.106
Apr 23 21:12:00 uscentral434 cpmigrate[28408]: [migrate 174.120.146.106 polemicd] warning: found polemicd in runtime list, handled by another instance, skipping!
Apr 23 21:12:00 uscentral434 cpmigrate[28408]: [migrate 174.120.146.106 polkcoun] warning: found polkcoun in runtime list, handled by another instance, skipping!
Apr 23 21:12:00 uscentral434 cpmigrate[28408]: [migrate 174.120.146.106 portacco] packaging user portacco on 174.120.146.106
Apr 23 21:12:04 uscentral434 cpmigrate[8133]: [migrate 174.120.146.122 bravoglo] starting rsync of 174.120.146.122:/home/bravoglo to /home/bravoglo
Apr 23 21:12:06 uscentral434 cpmigrate[28408]: [migrate 174.120.146.106 portacco] copying cpmove-portacco.tar.gz from 174.120.146.106 to local
Apr 23 21:12:06 uscentral434 cpmigrate[28408]: [migrate 174.120.146.106 portacco] restoring portacco from /home/cpmigrate/cpmove-portacco.tar.gz
Apr 23 21:12:48 uscentral434 cpmigrate[8133]: [migrate 174.120.146.122 bravoglo] completed rsync of 174.120.146.122:/home/bravoglo to /home/bravoglo
Apr 23 21:12:48 uscentral434 cpmigrate[8133]: [migrate 174.120.146.122 bravoglo] converted bravoglo mailboxes to local mailserver dovecot
Apr 23 21:12:48 uscentral434 cpmigrate[8133]: [migrate 174.120.146.122 bravoglo] fixing permissions under /home/bravoglo
Apr 23 21:12:49 uscentral434 cpmigrate[8133]: [migrate 174.120.146.122 bravoglo] changed shell to /usr/local/cpanel/bin/jailshell for bravoglo
Apr 23 21:12:49 uscentral434 cpmigrate[8133]: [migrate 174.120.146.122 bravoglo] completed restore for bravoglo from 174.120.146.122
Apr 23 21:12:49 uscentral434 cpmigrate[8133]: [migrate 174.120.146.122 briansay] warning: found briansay in runtime list, handled by another instance, skipping!
Apr 23 21:12:49 uscentral434 cpmigrate[8133]: [migrate 174.120.146.122 brokenci] warning: found brokenci in runtime list, handled by another instance, skipping!
Apr 23 21:12:49 uscentral434 cpmigrate[8133]: [migrate 174.120.146.122 brompton] warning: found brompton in runtime list, handled by another instance, skipping!
Apr 23 21:12:49 uscentral434 cpmigrate[8133]: [migrate 174.120.146.122 bshcomhk] packaging user bshcomhk on 174.120.146.122
Apr 23 21:12:49 uscentral434 cpmigrate[6896]: [migrate 174.120.146.106 polkcoun] starting rsync of 174.120.146.106:/home/polkcoun to /home/polkcoun
Apr 23 21:12:54 uscentral434 cpmigrate[8133]: [migrate 174.120.146.122 bshcomhk] copying cpmove-bshcomhk.tar.gz from 174.120.146.122 to local
Apr 23 21:12:54 uscentral434 cpmigrate[8133]: [migrate 174.120.146.122 bshcomhk] restoring bshcomhk from /home/cpmigrate/cpmove-bshcomhk.tar.gz
Apr 23 21:13:21 uscentral434 cpmigrate[6896]: [migrate 174.120.146.106 polkcoun] completed rsync of 174.120.146.106:/home/polkcoun to /home/polkcoun
Apr 23 21:13:21 uscentral434 cpmigrate[6896]: [migrate 174.120.146.106 polkcoun] converted polkcoun mailboxes to local mailserver dovecot
Apr 23 21:13:21 uscentral434 cpmigrate[6896]: [migrate 174.120.146.106 polkcoun] fixing permissions under /home/polkcoun
Apr 23 21:13:21 uscentral434 cpmigrate[6896]: [migrate 174.120.146.106 polkcoun] changed shell to /usr/local/cpanel/bin/jailshell for polkcoun
Apr 23 21:13:21 uscentral434 cpmigrate[6896]: [migrate 174.120.146.106 polkcoun] completed restore for polkcoun from 174.120.146.106
Apr 23 21:13:21 uscentral434 cpmigrate[6896]: [migrate 174.120.146.106 portacco] warning: found portacco in runtime list, handled by another instance, skipping!
Apr 23 21:13:21 uscentral434 cpmigrate[6896]: [migrate 174.120.146.106 portmacn] packaging user portmacn on 174.120.146.106
Apr 23 21:13:25 uscentral434 cpmigrate[6896]: [migrate 174.120.146.106 portmacn] copying cpmove-portmacn.tar.gz from 174.120.146.106 to local
Apr 23 21:13:25 uscentral434 cpmigrate[6896]: [migrate 174.120.146.106 portmacn] restoring portmacn from /home/cpmigrate/cpmove-portmacn.tar.gz
Apr 23 21:13:55 uscentral434 cpmigrate[4884]: [migrate 174.120.146.122 brokenci] starting rsync of 174.120.146.122:/home/brokenci to /home/brokenci
Apr 23 21:14:01 uscentral434 cpmigrate[4884]: [migrate 174.120.146.122 brokenci] completed rsync of 174.120.146.122:/home/brokenci to /home/brokenci
Apr 23 21:14:01 uscentral434 cpmigrate[4884]: [migrate 174.120.146.122 brokenci] converted brokenci mailboxes to local mailserver dovecot
Apr 23 21:14:01 uscentral434 cpmigrate[4884]: [migrate 174.120.146.122 brokenci] fixing permissions under /home/brokenci
Apr 23 21:14:01 uscentral434 cpmigrate[4884]: [migrate 174.120.146.122 brokenci] changed shell to /usr/local/cpanel/bin/jailshell for brokenci
Apr 23 21:14:01 uscentral434 cpmigrate[4884]: [migrate 174.120.146.122 brokenci] completed restore for brokenci from 174.120.146.122
Apr 23 21:14:01 uscentral434 cpmigrate[4884]: [migrate 174.120.146.122 brompton] warning: found brompton in runtime list, handled by another instance, skipping!
Apr 23 21:14:01 uscentral434 cpmigrate[4884]: [migrate 174.120.146.122 bshcomhk] warning: found bshcomhk in runtime list, handled by another instance, skipping!
Apr 23 21:14:01 uscentral434 cpmigrate[4884]: [migrate 174.120.146.122 bsstncom] packaging user bsstncom on 174.120.146.122
Apr 23 21:14:07 uscentral434 cpmigrate[4884]: [migrate 174.120.146.122 bsstncom] copying cpmove-bsstncom.tar.gz from 174.120.146.122 to local
Apr 23 21:14:07 uscentral434 cpmigrate[4884]: [migrate 174.120.146.122 bsstncom] restoring bsstncom from /home/cpmigrate/cpmove-bsstncom.tar.gz
Apr 23 21:16:06 uscentral434 cpmigrate[28408]: [migrate 174.120.146.106 portacco] starting rsync of 174.120.146.106:/home/portacco to /home/portacco
Apr 23 21:16:59 uscentral434 cpmigrate[28408]: [migrate 174.120.146.106 portacco] completed rsync of 174.120.146.106:/home/portacco to /home/portacco
Apr 23 21:16:59 uscentral434 cpmigrate[28408]: [migrate 174.120.146.106 portacco] converted portacco mailboxes to local mailserver dovecot
Apr 23 21:16:59 uscentral434 cpmigrate[28408]: [migrate 174.120.146.106 portacco] fixing permissions under /home/portacco
Apr 23 21:16:59 uscentral434 cpmigrate[28408]: [migrate 174.120.146.106 portacco] changed shell to /usr/local/cpanel/bin/jailshell for portacco
Apr 23 21:16:59 uscentral434 cpmigrate[28408]: [migrate 174.120.146.106 portacco] completed restore for portacco from 174.120.146.106
Apr 23 21:16:59 uscentral434 cpmigrate[28408]: [migrate 174.120.146.106 portmacn] warning: found portmacn in runtime list, handled by another instance, skipping!
Apr 23 21:16:59 uscentral434 cpmigrate[28408]: [migrate 174.120.146.106 postadcc] packaging user postadcc on 174.120.146.106
Apr 23 21:17:06 uscentral434 cpmigrate[28408]: [migrate 174.120.146.106 postadcc] copying cpmove-postadcc.tar.gz from 174.120.146.106 to local
Apr 23 21:17:06 uscentral434 cpmigrate[28408]: [migrate 174.120.146.106 postadcc] restoring postadcc from /home/cpmigrate/cpmove-postadcc.tar.gz
Apr 23 21:17:15 uscentral434 cpmigrate[4884]: [migrate 174.120.146.122 bsstncom] starting rsync of 174.120.146.122:/home/bsstncom to /home/bsstncom
Apr 23 21:17:17 uscentral434 cpmigrate[4884]: [migrate 174.120.146.122 bsstncom] completed rsync of 174.120.146.122:/home/bsstncom to /home/bsstncom
Apr 23 21:17:17 uscentral434 cpmigrate[4884]: [migrate 174.120.146.122 bsstncom] converted bsstncom mailboxes to local mailserver dovecot
Apr 23 21:17:17 uscentral434 cpmigrate[4884]: [migrate 174.120.146.122 bsstncom] fixing permissions under /home/bsstncom
Apr 23 21:17:17 uscentral434 cpmigrate[4884]: [migrate 174.120.146.122 bsstncom] changed shell to /usr/local/cpanel/bin/jailshell for bsstncom
Apr 23 21:17:17 uscentral434 cpmigrate[4884]: [migrate 174.120.146.122 bsstncom] completed restore for bsstncom from 174.120.146.122
Apr 23 21:17:17 uscentral434 cpmigrate[4884]: [migrate 174.120.146.122 buckwils] packaging user buckwils on 174.120.146.122
Apr 23 21:17:19 uscentral434 cpmigrate[8133]: [migrate 174.120.146.122 bshcomhk] starting rsync of 174.120.146.122:/home/bshcomhk to /home/bshcomhk
Apr 23 21:17:22 uscentral434 cpmigrate[8133]: [migrate 174.120.146.122 bshcomhk] completed rsync of 174.120.146.122:/home/bshcomhk to /home/bshcomhk
Apr 23 21:17:22 uscentral434 cpmigrate[8133]: [migrate 174.120.146.122 bshcomhk] converted bshcomhk mailboxes to local mailserver dovecot
Apr 23 21:17:22 uscentral434 cpmigrate[8133]: [migrate 174.120.146.122 bshcomhk] fixing permissions under /home/bshcomhk
Apr 23 21:17:22 uscentral434 cpmigrate[8133]: [migrate 174.120.146.122 bshcomhk] changed shell to /usr/local/cpanel/bin/jailshell for bshcomhk
Apr 23 21:17:22 uscentral434 cpmigrate[8133]: [migrate 174.120.146.122 bshcomhk] completed restore for bshcomhk from 174.120.146.122
Apr 23 21:17:22 uscentral434 cpmigrate[8133]: [migrate 174.120.146.122 bsstncom] warning: found bsstncom in runtime list, handled by another instance, skipping!
Apr 23 21:17:22 uscentral434 cpmigrate[8133]: [migrate 174.120.146.122 buckwils] warning: found buckwils in runtime list, handled by another instance, skipping!
Apr 23 21:17:22 uscentral434 cpmigrate[8133]: [migrate 174.120.146.122 buedu] packaging user buedu on 174.120.146.122
Apr 23 21:17:26 uscentral434 cpmigrate[4884]: [migrate 174.120.146.122 buckwils] copying cpmove-buckwils.tar.gz from 174.120.146.122 to local
Apr 23 21:17:27 uscentral434 cpmigrate[4884]: [migrate 174.120.146.122 buckwils] restoring buckwils from /home/cpmigrate/cpmove-buckwils.tar.gz
Apr 23 21:17:30 uscentral434 cpmigrate[8133]: [migrate 174.120.146.122 buedu] copying cpmove-buedu.tar.gz from 174.120.146.122 to local
Apr 23 21:17:31 uscentral434 cpmigrate[8133]: [migrate 174.120.146.122 buedu] restoring buedu from /home/cpmigrate/cpmove-buedu.tar.gz
Apr 23 21:17:33 uscentral434 cpmigrate[6896]: [migrate 174.120.146.106 portmacn] starting rsync of 174.120.146.106:/home/portmacn to /home/portmacn
Apr 23 21:17:35 uscentral434 cpmigrate[6896]: [migrate 174.120.146.106 portmacn] completed rsync of 174.120.146.106:/home/portmacn to /home/portmacn
Apr 23 21:17:35 uscentral434 cpmigrate[6896]: [migrate 174.120.146.106 portmacn] converted portmacn mailboxes to local mailserver dovecot
Apr 23 21:17:35 uscentral434 cpmigrate[6896]: [migrate 174.120.146.106 portmacn] fixing permissions under /home/portmacn
Apr 23 21:17:36 uscentral434 cpmigrate[6896]: [migrate 174.120.146.106 portmacn] changed shell to /usr/local/cpanel/bin/jailshell for portmacn
Apr 23 21:17:36 uscentral434 cpmigrate[6896]: [migrate 174.120.146.106 portmacn] completed restore for portmacn from 174.120.146.106
Apr 23 21:17:36 uscentral434 cpmigrate[6896]: [migrate 174.120.146.106 postadcc] warning: found postadcc in runtime list, handled by another instance, skipping!
Apr 23 21:17:36 uscentral434 cpmigrate[6896]: [migrate 174.120.146.106 power] packaging user power on 174.120.146.106
Apr 23 21:17:40 uscentral434 cpmigrate[6896]: [migrate 174.120.146.106 power] copying cpmove-power.tar.gz from 174.120.146.106 to local
Apr 23 21:17:41 uscentral434 cpmigrate[6896]: [migrate 174.120.146.106 power] restoring power from /home/cpmigrate/cpmove-power.tar.gz
Apr 23 21:17:53 uscentral434 cpmigrate[5289]: [migrate 174.120.146.122 brompton] starting rsync of 174.120.146.122:/home/brompton to /home/brompton
Apr 23 21:17:57 uscentral434 cpmigrate[5289]: [migrate 174.120.146.122 brompton] completed rsync of 174.120.146.122:/home/brompton to /home/brompton
Apr 23 21:17:57 uscentral434 cpmigrate[5289]: [migrate 174.120.146.122 brompton] converted brompton mailboxes to local mailserver dovecot
Apr 23 21:17:57 uscentral434 cpmigrate[5289]: [migrate 174.120.146.122 brompton] fixing permissions under /home/brompton
Apr 23 21:17:57 uscentral434 cpmigrate[5289]: [migrate 174.120.146.122 brompton] changed shell to /usr/local/cpanel/bin/jailshell for brompton
Apr 23 21:17:57 uscentral434 cpmigrate[5289]: [migrate 174.120.146.122 brompton] completed restore for brompton from 174.120.146.122
Apr 23 21:17:57 uscentral434 cpmigrate[5289]: [migrate 174.120.146.122 bshcomhk] warning: found bshcomhk in runtime list, handled by another instance, skipping!
Apr 23 21:17:57 uscentral434 cpmigrate[5289]: [migrate 174.120.146.122 bsstncom] warning: found bsstncom in runtime list, handled by another instance, skipping!
Apr 23 21:17:57 uscentral434 cpmigrate[5289]: [migrate 174.120.146.122 buckwils] warning: found buckwils in runtime list, handled by another instance, skipping!
Apr 23 21:17:57 uscentral434 cpmigrate[5289]: [migrate 174.120.146.122 buedu] warning: found buedu in runtime list, handled by another instance, skipping!
Apr 23 21:17:57 uscentral434 cpmigrate[5289]: [migrate 174.120.146.122 bugcomic] packaging user bugcomic on 174.120.146.122
Apr 23 21:18:05 uscentral434 cpmigrate[5289]: [migrate 174.120.146.122 bugcomic] copying cpmove-bugcomic.tar.gz from 174.120.146.122 to local
Apr 23 21:18:06 uscentral434 cpmigrate[5289]: [migrate 174.120.146.122 bugcomic] restoring bugcomic from /home/cpmigrate/cpmove-bugcomic.tar.gz
Apr 23 21:20:22 uscentral434 cpmigrate[8133]: [migrate 174.120.146.122 buedu] starting rsync of 174.120.146.122:/home/buedu to /home/buedu
Apr 23 21:20:27 uscentral434 cpmigrate[28408]: [migrate 174.120.146.106 postadcc] starting rsync of 174.120.146.106:/home/postadcc to /home/postadcc
Apr 23 21:20:28 uscentral434 cpmigrate[8133]: [migrate 174.120.146.122 buedu] completed rsync of 174.120.146.122:/home/buedu to /home/buedu
Apr 23 21:20:28 uscentral434 cpmigrate[8133]: [migrate 174.120.146.122 buedu] converted buedu mailboxes to local mailserver dovecot
Apr 23 21:20:28 uscentral434 cpmigrate[8133]: [migrate 174.120.146.122 buedu] fixing permissions under /home/buedu
Apr 23 21:20:28 uscentral434 cpmigrate[8133]: [migrate 174.120.146.122 buedu] changed shell to /usr/local/cpanel/bin/jailshell for buedu
Apr 23 21:20:28 uscentral434 cpmigrate[8133]: [migrate 174.120.146.122 buedu] completed restore for buedu from 174.120.146.122
Apr 23 21:20:28 uscentral434 cpmigrate[8133]: [migrate 174.120.146.122 bugcomic] warning: found bugcomic in runtime list, handled by another instance, skipping!
Apr 23 21:20:28 uscentral434 cpmigrate[8133]: [migrate 174.120.146.122 burger] packaging user burger on 174.120.146.122
Apr 23 21:20:37 uscentral434 cpmigrate[8133]: [migrate 174.120.146.122 burger] copying cpmove-burger.tar.gz from 174.120.146.122 to local
Apr 23 21:20:37 uscentral434 cpmigrate[8133]: [migrate 174.120.146.122 burger] restoring burger from /home/cpmigrate/cpmove-burger.tar.gz
Apr 23 21:20:46 uscentral434 cpmigrate[4884]: [migrate 174.120.146.122 buckwils] starting rsync of 174.120.146.122:/home/buckwils to /home/buckwils
Apr 23 21:21:02 uscentral434 cpmigrate[6896]: [migrate 174.120.146.106 power] starting rsync of 174.120.146.106:/home/power to /home/power
Apr 23 21:21:06 uscentral434 cpmigrate[4884]: [migrate 174.120.146.122 buckwils] completed rsync of 174.120.146.122:/home/buckwils to /home/buckwils
Apr 23 21:21:06 uscentral434 cpmigrate[4884]: [migrate 174.120.146.122 buckwils] converted buckwils mailboxes to local mailserver dovecot
Apr 23 21:21:06 uscentral434 cpmigrate[4884]: [migrate 174.120.146.122 buckwils] fixing permissions under /home/buckwils
Apr 23 21:21:07 uscentral434 cpmigrate[4884]: [migrate 174.120.146.122 buckwils] changed shell to /usr/local/cpanel/bin/jailshell for buckwils
Apr 23 21:21:07 uscentral434 cpmigrate[4884]: [migrate 174.120.146.122 buckwils] completed restore for buckwils from 174.120.146.122
Apr 23 21:21:07 uscentral434 cpmigrate[4884]: [migrate 174.120.146.122 buedu] warning: found buedu in runtime list, handled by another instance, skipping!
Apr 23 21:21:07 uscentral434 cpmigrate[4884]: [migrate 174.120.146.122 bugcomic] warning: found bugcomic in runtime list, handled by another instance, skipping!
Apr 23 21:21:07 uscentral434 cpmigrate[4884]: [migrate 174.120.146.122 burger] warning: found burger in runtime list, handled by another instance, skipping!
Apr 23 21:21:07 uscentral434 cpmigrate[4884]: [migrate 174.120.146.122 burgerla] packaging user burgerla on 174.120.146.122
Apr 23 21:21:12 uscentral434 cpmigrate[4884]: [migrate 174.120.146.122 burgerla] copying cpmove-burgerla.tar.gz from 174.120.146.122 to local
Apr 23 21:21:12 uscentral434 cpmigrate[4884]: [migrate 174.120.146.122 burgerla] restoring burgerla from /home/cpmigrate/cpmove-burgerla.tar.gz
Apr 23 21:21:22 uscentral434 cpmigrate[5289]: [migrate 174.120.146.122 bugcomic] starting rsync of 174.120.146.122:/home/bugcomic to /home/bugcomic
Apr 23 21:21:31 uscentral434 cpmigrate[5289]: [migrate 174.120.146.122 bugcomic] completed rsync of 174.120.146.122:/home/bugcomic to /home/bugcomic
Apr 23 21:21:31 uscentral434 cpmigrate[5289]: [migrate 174.120.146.122 bugcomic] converted bugcomic mailboxes to local mailserver dovecot
Apr 23 21:21:31 uscentral434 cpmigrate[5289]: [migrate 174.120.146.122 bugcomic] fixing permissions under /home/bugcomic
Apr 23 21:21:31 uscentral434 cpmigrate[5289]: [migrate 174.120.146.122 bugcomic] changed shell to /usr/local/cpanel/bin/jailshell for bugcomic
Apr 23 21:21:32 uscentral434 cpmigrate[5289]: [migrate 174.120.146.122 bugcomic] completed restore for bugcomic from 174.120.146.122
Apr 23 21:21:32 uscentral434 cpmigrate[5289]: [migrate 174.120.146.122 burger] warning: found burger in runtime list, handled by another instance, skipping!
Apr 23 21:21:32 uscentral434 cpmigrate[5289]: [migrate 174.120.146.122 burgerla] warning: found burgerla in runtime list, handled by another instance, skipping!
Apr 23 21:21:32 uscentral434 cpmigrate[5289]: [migrate 174.120.146.122 burnsbld] packaging user burnsbld on 174.120.146.122
Apr 23 21:21:45 uscentral434 cpmigrate[5289]: [migrate 174.120.146.122 burnsbld] copying cpmove-burnsbld.tar.gz from 174.120.146.122 to local
Apr 23 21:21:46 uscentral434 cpmigrate[5289]: [migrate 174.120.146.122 burnsbld] restoring burnsbld from /home/cpmigrate/cpmove-burnsbld.tar.gz
Apr 23 21:22:52 uscentral434 cpmigrate[6896]: [migrate 174.120.146.106 power] completed rsync of 174.120.146.106:/home/power to /home/power
Apr 23 21:22:53 uscentral434 cpmigrate[6896]: [migrate 174.120.146.106 power] converted power mailboxes to local mailserver dovecot
Apr 23 21:22:53 uscentral434 cpmigrate[6896]: [migrate 174.120.146.106 power] fixing permissions under /home/power
Apr 23 21:22:53 uscentral434 cpmigrate[6896]: [migrate 174.120.146.106 power] changed shell to /usr/local/cpanel/bin/jailshell for power
Apr 23 21:22:53 uscentral434 cpmigrate[6896]: [migrate 174.120.146.106 power] completed restore for power from 174.120.146.106
Apr 23 21:22:53 uscentral434 cpmigrate[6896]: [migrate 174.120.146.106 prattour] packaging user prattour on 174.120.146.106
Apr 23 21:23:25 uscentral434 cpmigrate[6896]: [migrate 174.120.146.106 prattour] copying cpmove-prattour.tar.gz from 174.120.146.106 to local
Apr 23 21:23:25 uscentral434 cpmigrate[6896]: [migrate 174.120.146.106 prattour] restoring prattour from /home/cpmigrate/cpmove-prattour.tar.gz
Apr 23 21:23:44 uscentral434 cpmigrate[8133]: [migrate 174.120.146.122 burger] starting rsync of 174.120.146.122:/home/burger to /home/burger
Apr 23 21:24:22 uscentral434 cpmigrate[4884]: [migrate 174.120.146.122 burgerla] starting rsync of 174.120.146.122:/home/burgerla to /home/burgerla
Apr 23 21:24:49 uscentral434 cpmigrate[4884]: [migrate 174.120.146.122 burgerla] completed rsync of 174.120.146.122:/home/burgerla to /home/burgerla
Apr 23 21:24:49 uscentral434 cpmigrate[4884]: [migrate 174.120.146.122 burgerla] converted burgerla mailboxes to local mailserver dovecot
Apr 23 21:24:49 uscentral434 cpmigrate[4884]: [migrate 174.120.146.122 burgerla] fixing permissions under /home/burgerla
Apr 23 21:24:49 uscentral434 cpmigrate[4884]: [migrate 174.120.146.122 burgerla] changed shell to /usr/local/cpanel/bin/jailshell for burgerla
Apr 23 21:24:49 uscentral434 cpmigrate[4884]: [migrate 174.120.146.122 burgerla] completed restore for burgerla from 174.120.146.122
Apr 23 21:24:49 uscentral434 cpmigrate[4884]: [migrate 174.120.146.122 burnsbld] warning: found burnsbld in runtime list, handled by another instance, skipping!
Apr 23 21:24:49 uscentral434 cpmigrate[4884]: [migrate 174.120.146.122 burwoodb] packaging user burwoodb on 174.120.146.122
Apr 23 21:24:56 uscentral434 cpmigrate[4884]: [migrate 174.120.146.122 burwoodb] copying cpmove-burwoodb.tar.gz from 174.120.146.122 to local
Apr 23 21:24:57 uscentral434 cpmigrate[4884]: [migrate 174.120.146.122 burwoodb] restoring burwoodb from /home/cpmigrate/cpmove-burwoodb.tar.gz
Apr 23 21:25:11 uscentral434 cpmigrate[8133]: [migrate 174.120.146.122 burger] completed rsync of 174.120.146.122:/home/burger to /home/burger
Apr 23 21:25:11 uscentral434 cpmigrate[8133]: [migrate 174.120.146.122 burger] converted burger mailboxes to local mailserver dovecot
Apr 23 21:25:11 uscentral434 cpmigrate[8133]: [migrate 174.120.146.122 burger] fixing permissions under /home/burger
Apr 23 21:25:12 uscentral434 cpmigrate[8133]: [migrate 174.120.146.122 burger] changed shell to /usr/local/cpanel/bin/jailshell for burger
Apr 23 21:25:12 uscentral434 cpmigrate[8133]: [migrate 174.120.146.122 burger] completed restore for burger from 174.120.146.122
Apr 23 21:25:12 uscentral434 cpmigrate[8133]: [migrate 174.120.146.122 burgerla] warning: found burgerla in runtime list, handled by another instance, skipping!
Apr 23 21:25:12 uscentral434 cpmigrate[8133]: [migrate 174.120.146.122 burnsbld] warning: found burnsbld in runtime list, handled by another instance, skipping!
Apr 23 21:25:12 uscentral434 cpmigrate[8133]: [migrate 174.120.146.122 burwoodb] warning: found burwoodb in runtime list, handled by another instance, skipping!
Apr 23 21:25:12 uscentral434 cpmigrate[8133]: [migrate 174.120.146.122 butlocal] packaging user butlocal on 174.120.146.122
Apr 23 21:25:12 uscentral434 cpmigrate[5289]: [migrate 174.120.146.122 burnsbld] starting rsync of 174.120.146.122:/home/burnsbld to /home/burnsbld
Apr 23 21:25:22 uscentral434 cpmigrate[8133]: [migrate 174.120.146.122 butlocal] copying cpmove-butlocal.tar.gz from 174.120.146.122 to local
Apr 23 21:25:23 uscentral434 cpmigrate[8133]: [migrate 174.120.146.122 butlocal] restoring butlocal from /home/cpmigrate/cpmove-butlocal.tar.gz
Apr 23 21:26:30 uscentral434 cpmigrate[5289]: [migrate 174.120.146.122 burnsbld] completed rsync of 174.120.146.122:/home/burnsbld to /home/burnsbld
Apr 23 21:26:30 uscentral434 cpmigrate[5289]: [migrate 174.120.146.122 burnsbld] converted burnsbld mailboxes to local mailserver dovecot
Apr 23 21:26:30 uscentral434 cpmigrate[5289]: [migrate 174.120.146.122 burnsbld] fixing permissions under /home/burnsbld
Apr 23 21:26:31 uscentral434 cpmigrate[5289]: [migrate 174.120.146.122 burnsbld] changed shell to /usr/local/cpanel/bin/jailshell for burnsbld
Apr 23 21:26:31 uscentral434 cpmigrate[5289]: [migrate 174.120.146.122 burnsbld] completed restore for burnsbld from 174.120.146.122
Apr 23 21:26:31 uscentral434 cpmigrate[5289]: [migrate 174.120.146.122 burwoodb] warning: found burwoodb in runtime list, handled by another instance, skipping!
Apr 23 21:26:31 uscentral434 cpmigrate[5289]: [migrate 174.120.146.122 butlocal] warning: found butlocal in runtime list, handled by another instance, skipping!
Apr 23 21:26:31 uscentral434 cpmigrate[5289]: [migrate 174.120.146.122 buttkick] packaging user buttkick on 174.120.146.122
Apr 23 21:26:35 uscentral434 cpmigrate[5289]: [migrate 174.120.146.122 buttkick] copying cpmove-buttkick.tar.gz from 174.120.146.122 to local
Apr 23 21:26:36 uscentral434 cpmigrate[5289]: [migrate 174.120.146.122 buttkick] restoring buttkick from /home/cpmigrate/cpmove-buttkick.tar.gz
Apr 23 21:27:42 uscentral434 cpmigrate[6896]: [migrate 174.120.146.106 prattour] starting rsync of 174.120.146.106:/home/prattour to /home/prattour
Apr 23 21:27:44 uscentral434 cpmigrate[6896]: [migrate 174.120.146.106 prattour] completed rsync of 174.120.146.106:/home/prattour to /home/prattour
Apr 23 21:27:44 uscentral434 cpmigrate[6896]: [migrate 174.120.146.106 prattour] converted prattour mailboxes to local mailserver dovecot
Apr 23 21:27:45 uscentral434 cpmigrate[6896]: [migrate 174.120.146.106 prattour] fixing permissions under /home/prattour
Apr 23 21:27:45 uscentral434 cpmigrate[6896]: [migrate 174.120.146.106 prattour] changed shell to /usr/local/cpanel/bin/jailshell for prattour
Apr 23 21:27:45 uscentral434 cpmigrate[6896]: [migrate 174.120.146.106 prattour] completed restore for prattour from 174.120.146.106
Apr 23 21:27:45 uscentral434 cpmigrate[6896]: [migrate 174.120.146.106 precisio] packaging user precisio on 174.120.146.106
Apr 23 21:28:05 uscentral434 cpmigrate[4884]: [migrate 174.120.146.122 burwoodb] starting rsync of 174.120.146.122:/home/burwoodb to /home/burwoodb
Apr 23 21:28:10 uscentral434 cpmigrate[6896]: [migrate 174.120.146.106 precisio] copying cpmove-precisio.tar.gz from 174.120.146.106 to local
Apr 23 21:28:10 uscentral434 cpmigrate[6896]: [migrate 174.120.146.106 precisio] restoring precisio from /home/cpmigrate/cpmove-precisio.tar.gz
Apr 23 21:28:31 uscentral434 cpmigrate[8133]: [migrate 174.120.146.122 butlocal] starting rsync of 174.120.146.122:/home/butlocal to /home/butlocal
Apr 23 21:28:36 uscentral434 cpmigrate[4884]: [migrate 174.120.146.122 burwoodb] completed rsync of 174.120.146.122:/home/burwoodb to /home/burwoodb
Apr 23 21:28:36 uscentral434 cpmigrate[4884]: [migrate 174.120.146.122 burwoodb] converted burwoodb mailboxes to local mailserver dovecot
Apr 23 21:28:36 uscentral434 cpmigrate[4884]: [migrate 174.120.146.122 burwoodb] fixing permissions under /home/burwoodb
Apr 23 21:28:36 uscentral434 cpmigrate[4884]: [migrate 174.120.146.122 burwoodb] changed shell to /usr/local/cpanel/bin/jailshell for burwoodb
Apr 23 21:28:36 uscentral434 cpmigrate[4884]: [migrate 174.120.146.122 burwoodb] completed restore for burwoodb from 174.120.146.122
Apr 23 21:28:36 uscentral434 cpmigrate[4884]: [migrate 174.120.146.122 butlocal] warning: found butlocal in runtime list, handled by another instance, skipping!
Apr 23 21:28:36 uscentral434 cpmigrate[4884]: [migrate 174.120.146.122 buttkick] warning: found buttkick in runtime list, handled by another instance, skipping!
Apr 23 21:28:36 uscentral434 cpmigrate[4884]: [migrate 174.120.146.122 caahq] packaging user caahq on 174.120.146.122
Apr 23 21:28:47 uscentral434 cpmigrate[8133]: [migrate 174.120.146.122 butlocal] completed rsync of 174.120.146.122:/home/butlocal to /home/butlocal
Apr 23 21:28:47 uscentral434 cpmigrate[8133]: [migrate 174.120.146.122 butlocal] converted butlocal mailboxes to local mailserver dovecot
Apr 23 21:28:47 uscentral434 cpmigrate[8133]: [migrate 174.120.146.122 butlocal] fixing permissions under /home/butlocal
Apr 23 21:28:47 uscentral434 cpmigrate[8133]: [migrate 174.120.146.122 butlocal] changed shell to /usr/local/cpanel/bin/jailshell for butlocal
Apr 23 21:28:47 uscentral434 cpmigrate[8133]: [migrate 174.120.146.122 butlocal] completed restore for butlocal from 174.120.146.122
Apr 23 21:28:47 uscentral434 cpmigrate[8133]: [migrate 174.120.146.122 buttkick] warning: found buttkick in runtime list, handled by another instance, skipping!
Apr 23 21:28:47 uscentral434 cpmigrate[8133]: [migrate 174.120.146.122 caahq] warning: found caahq in runtime list, handled by another instance, skipping!
Apr 23 21:28:47 uscentral434 cpmigrate[8133]: [migrate 174.120.146.122 cairodri] packaging user cairodri on 174.120.146.122
Apr 23 21:29:04 uscentral434 cpmigrate[8133]: [migrate 174.120.146.122 cairodri] copying cpmove-cairodri.tar.gz from 174.120.146.122 to local
Apr 23 21:29:05 uscentral434 cpmigrate[8133]: [migrate 174.120.146.122 cairodri] restoring cairodri from /home/cpmigrate/cpmove-cairodri.tar.gz
Apr 23 21:29:58 uscentral434 cpmigrate[4884]: [migrate 174.120.146.122 caahq] copying cpmove-caahq.tar.gz from 174.120.146.122 to local
Apr 23 21:29:59 uscentral434 cpmigrate[4884]: [migrate 174.120.146.122 caahq] restoring caahq from /home/cpmigrate/cpmove-caahq.tar.gz
Apr 23 21:30:51 uscentral434 cpmigrate[5289]: [migrate 174.120.146.122 buttkick] starting rsync of 174.120.146.122:/home/buttkick to /home/buttkick
Apr 23 21:30:54 uscentral434 cpmigrate[5289]: [migrate 174.120.146.122 buttkick] completed rsync of 174.120.146.122:/home/buttkick to /home/buttkick
Apr 23 21:30:54 uscentral434 cpmigrate[5289]: [migrate 174.120.146.122 buttkick] converted buttkick mailboxes to local mailserver dovecot
Apr 23 21:30:54 uscentral434 cpmigrate[5289]: [migrate 174.120.146.122 buttkick] fixing permissions under /home/buttkick
Apr 23 21:30:55 uscentral434 cpmigrate[5289]: [migrate 174.120.146.122 buttkick] changed shell to /usr/local/cpanel/bin/jailshell for buttkick
Apr 23 21:30:55 uscentral434 cpmigrate[5289]: [migrate 174.120.146.122 buttkick] completed restore for buttkick from 174.120.146.122
Apr 23 21:30:55 uscentral434 cpmigrate[5289]: [migrate 174.120.146.122 caahq] warning: found caahq in runtime list, handled by another instance, skipping!
Apr 23 21:30:55 uscentral434 cpmigrate[5289]: [migrate 174.120.146.122 cairodri] warning: found cairodri in runtime list, handled by another instance, skipping!
Apr 23 21:30:55 uscentral434 cpmigrate[5289]: [migrate 174.120.146.122 calabarc] packaging user calabarc on 174.120.146.122
Apr 23 21:31:03 uscentral434 cpmigrate[5289]: [migrate 174.120.146.122 calabarc] copying cpmove-calabarc.tar.gz from 174.120.146.122 to local
Apr 23 21:31:03 uscentral434 cpmigrate[5289]: [migrate 174.120.146.122 calabarc] restoring calabarc from /home/cpmigrate/cpmove-calabarc.tar.gz
Apr 23 21:31:29 uscentral434 cpmigrate[6896]: [migrate 174.120.146.106 precisio] starting rsync of 174.120.146.106:/home/precisio to /home/precisio
Apr 23 21:32:10 uscentral434 cpmigrate[8133]: [migrate 174.120.146.122 cairodri] starting rsync of 174.120.146.122:/home/cairodri to /home/cairodri
Apr 23 21:33:45 uscentral434 cpmigrate[4884]: [migrate 174.120.146.122 caahq] starting rsync of 174.120.146.122:/home/caahq to /home/caahq
Apr 23 21:33:49 uscentral434 cpmigrate[8133]: [migrate 174.120.146.122 cairodri] completed rsync of 174.120.146.122:/home/cairodri to /home/cairodri
Apr 23 21:33:49 uscentral434 cpmigrate[8133]: [migrate 174.120.146.122 cairodri] converted cairodri mailboxes to local mailserver dovecot
Apr 23 21:33:49 uscentral434 cpmigrate[8133]: [migrate 174.120.146.122 cairodri] fixing permissions under /home/cairodri
Apr 23 21:33:50 uscentral434 cpmigrate[8133]: [migrate 174.120.146.122 cairodri] changed shell to /usr/local/cpanel/bin/jailshell for cairodri
Apr 23 21:33:50 uscentral434 cpmigrate[8133]: [migrate 174.120.146.122 cairodri] completed restore for cairodri from 174.120.146.122
Apr 23 21:33:50 uscentral434 cpmigrate[8133]: [migrate 174.120.146.122 calabarc] warning: found calabarc in runtime list, handled by another instance, skipping!
Apr 23 21:33:50 uscentral434 cpmigrate[8133]: [migrate 174.120.146.122 calehous] packaging user calehous on 174.120.146.122
Apr 23 21:35:13 uscentral434 cpmigrate[8133]: [migrate 174.120.146.122 calehous] copying cpmove-calehous.tar.gz from 174.120.146.122 to local
Apr 23 21:35:14 uscentral434 cpmigrate[8133]: [migrate 174.120.146.122 calehous] restoring calehous from /home/cpmigrate/cpmove-calehous.tar.gz
Apr 23 21:35:35 uscentral434 cpmigrate[5289]: [migrate 174.120.146.122 calabarc] starting rsync of 174.120.146.122:/home/calabarc to /home/calabarc
Apr 23 21:35:39 uscentral434 cpmigrate[6896]: [migrate 174.120.146.106 precisio] completed rsync of 174.120.146.106:/home/precisio to /home/precisio
Apr 23 21:35:39 uscentral434 cpmigrate[6896]: [migrate 174.120.146.106 precisio] converted precisio mailboxes to local mailserver dovecot
Apr 23 21:35:39 uscentral434 cpmigrate[6896]: [migrate 174.120.146.106 precisio] fixing permissions under /home/precisio
Apr 23 21:35:40 uscentral434 cpmigrate[6896]: [migrate 174.120.146.106 precisio] changed shell to /usr/local/cpanel/bin/jailshell for precisio
Apr 23 21:35:40 uscentral434 cpmigrate[6896]: [migrate 174.120.146.106 precisio] completed restore for precisio from 174.120.146.106
Apr 23 21:35:40 uscentral434 cpmigrate[6896]: [migrate 174.120.146.106 precoweb] packaging user precoweb on 174.120.146.106
Apr 23 21:36:20 uscentral434 cpmigrate[6896]: [migrate 174.120.146.106 precoweb] copying cpmove-precoweb.tar.gz from 174.120.146.106 to local
Apr 23 21:36:20 uscentral434 cpmigrate[6896]: [migrate 174.120.146.106 precoweb] restoring precoweb from /home/cpmigrate/cpmove-precoweb.tar.gz
Apr 23 21:36:30 uscentral434 cpmigrate[5289]: [migrate 174.120.146.122 calabarc] completed rsync of 174.120.146.122:/home/calabarc to /home/calabarc
Apr 23 21:36:30 uscentral434 cpmigrate[5289]: [migrate 174.120.146.122 calabarc] converted calabarc mailboxes to local mailserver dovecot
Apr 23 21:36:30 uscentral434 cpmigrate[5289]: [migrate 174.120.146.122 calabarc] fixing permissions under /home/calabarc
Apr 23 21:36:30 uscentral434 cpmigrate[5289]: [migrate 174.120.146.122 calabarc] changed shell to /usr/local/cpanel/bin/jailshell for calabarc
Apr 23 21:36:30 uscentral434 cpmigrate[5289]: [migrate 174.120.146.122 calabarc] completed restore for calabarc from 174.120.146.122
Apr 23 21:36:30 uscentral434 cpmigrate[5289]: [migrate 174.120.146.122 calehous] warning: found calehous in runtime list, handled by another instance, skipping!
Apr 23 21:36:30 uscentral434 cpmigrate[5289]: [migrate 174.120.146.122 calzadom] packaging user calzadom on 174.120.146.122
Apr 23 21:36:46 uscentral434 cpmigrate[5289]: [migrate 174.120.146.122 calzadom] copying cpmove-calzadom.tar.gz from 174.120.146.122 to local
Apr 23 21:36:46 uscentral434 cpmigrate[5289]: [migrate 174.120.146.122 calzadom] restoring calzadom from /home/cpmigrate/cpmove-calzadom.tar.gz
Apr 23 21:38:27 uscentral434 cpmigrate[4884]: [migrate 174.120.146.122 caahq] completed rsync of 174.120.146.122:/home/caahq to /home/caahq
Apr 23 21:38:27 uscentral434 cpmigrate[4884]: [migrate 174.120.146.122 caahq] converted caahq mailboxes to local mailserver dovecot
Apr 23 21:38:27 uscentral434 cpmigrate[4884]: [migrate 174.120.146.122 caahq] fixing permissions under /home/caahq
Apr 23 21:38:28 uscentral434 cpmigrate[4884]: [migrate 174.120.146.122 caahq] changed shell to /usr/local/cpanel/bin/jailshell for caahq
Apr 23 21:38:28 uscentral434 cpmigrate[4884]: [migrate 174.120.146.122 caahq] completed restore for caahq from 174.120.146.122
Apr 23 21:38:28 uscentral434 cpmigrate[4884]: [migrate 174.120.146.122 cairodri] warning: found cairodri in runtime list, handled by another instance, skipping!
Apr 23 21:38:28 uscentral434 cpmigrate[4884]: [migrate 174.120.146.122 calabarc] warning: found calabarc in runtime list, handled by another instance, skipping!
Apr 23 21:38:28 uscentral434 cpmigrate[4884]: [migrate 174.120.146.122 calehous] warning: found calehous in runtime list, handled by another instance, skipping!
Apr 23 21:38:28 uscentral434 cpmigrate[4884]: [migrate 174.120.146.122 calzadom] warning: found calzadom in runtime list, handled by another instance, skipping!
Apr 23 21:38:28 uscentral434 cpmigrate[4884]: [migrate 174.120.146.122 cambridg] packaging user cambridg on 174.120.146.122
Apr 23 21:38:32 uscentral434 cpmigrate[4884]: [migrate 174.120.146.122 cambridg] copying cpmove-cambridg.tar.gz from 174.120.146.122 to local
Apr 23 21:38:33 uscentral434 cpmigrate[4884]: [migrate 174.120.146.122 cambridg] restoring cambridg from /home/cpmigrate/cpmove-cambridg.tar.gz
Apr 23 21:39:30 uscentral434 cpmigrate[6896]: [migrate 174.120.146.106 precoweb] starting rsync of 174.120.146.106:/home/precoweb to /home/precoweb
Apr 23 21:39:50 uscentral434 cpmigrate[5289]: [migrate 174.120.146.122 calzadom] starting rsync of 174.120.146.122:/home/calzadom to /home/calzadom
Apr 23 21:39:54 uscentral434 cpmigrate[5289]: [migrate 174.120.146.122 calzadom] completed rsync of 174.120.146.122:/home/calzadom to /home/calzadom
Apr 23 21:39:54 uscentral434 cpmigrate[5289]: [migrate 174.120.146.122 calzadom] converted calzadom mailboxes to local mailserver dovecot
Apr 23 21:39:54 uscentral434 cpmigrate[5289]: [migrate 174.120.146.122 calzadom] fixing permissions under /home/calzadom
Apr 23 21:39:54 uscentral434 cpmigrate[5289]: [migrate 174.120.146.122 calzadom] changed shell to /usr/local/cpanel/bin/jailshell for calzadom
Apr 23 21:39:54 uscentral434 cpmigrate[5289]: [migrate 174.120.146.122 calzadom] completed restore for calzadom from 174.120.146.122
Apr 23 21:39:54 uscentral434 cpmigrate[5289]: [migrate 174.120.146.122 cambridg] warning: found cambridg in runtime list, handled by another instance, skipping!
Apr 23 21:39:54 uscentral434 cpmigrate[5289]: [migrate 174.120.146.122 canadfar] packaging user canadfar on 174.120.146.122
Apr 23 21:40:00 uscentral434 cpmigrate[5289]: [migrate 174.120.146.122 canadfar] copying cpmove-canadfar.tar.gz from 174.120.146.122 to local
Apr 23 21:40:01 uscentral434 cpmigrate[5289]: [migrate 174.120.146.122 canadfar] restoring canadfar from /home/cpmigrate/cpmove-canadfar.tar.gz
Apr 23 21:40:04 uscentral434 cpmigrate[6896]: [migrate 174.120.146.106 precoweb] completed rsync of 174.120.146.106:/home/precoweb to /home/precoweb
Apr 23 21:40:04 uscentral434 cpmigrate[6896]: [migrate 174.120.146.106 precoweb] converted precoweb mailboxes to local mailserver dovecot
Apr 23 21:40:04 uscentral434 cpmigrate[6896]: [migrate 174.120.146.106 precoweb] fixing permissions under /home/precoweb
Apr 23 21:40:04 uscentral434 cpmigrate[6896]: [migrate 174.120.146.106 precoweb] changed shell to /usr/local/cpanel/bin/jailshell for precoweb
Apr 23 21:40:04 uscentral434 cpmigrate[6896]: [migrate 174.120.146.106 precoweb] completed restore for precoweb from 174.120.146.106
Apr 23 21:40:05 uscentral434 cpmigrate[6896]: [migrate 174.120.146.106 primatep] packaging user primatep on 174.120.146.106
Apr 23 21:40:22 uscentral434 cpmigrate[6896]: [migrate 174.120.146.106 primatep] copying cpmove-primatep.tar.gz from 174.120.146.106 to local
Apr 23 21:40:22 uscentral434 cpmigrate[6896]: [migrate 174.120.146.106 primatep] restoring primatep from /home/cpmigrate/cpmove-primatep.tar.gz
Apr 23 21:41:56 uscentral434 cpmigrate[4884]: [migrate 174.120.146.122 cambridg] starting rsync of 174.120.146.122:/home/cambridg to /home/cambridg
Apr 23 21:41:57 uscentral434 cpmigrate[4884]: [migrate 174.120.146.122 cambridg] completed rsync of 174.120.146.122:/home/cambridg to /home/cambridg
Apr 23 21:41:57 uscentral434 cpmigrate[4884]: [migrate 174.120.146.122 cambridg] converted cambridg mailboxes to local mailserver dovecot
Apr 23 21:41:58 uscentral434 cpmigrate[4884]: [migrate 174.120.146.122 cambridg] fixing permissions under /home/cambridg
Apr 23 21:41:58 uscentral434 cpmigrate[4884]: [migrate 174.120.146.122 cambridg] changed shell to /usr/local/cpanel/bin/jailshell for cambridg
Apr 23 21:41:58 uscentral434 cpmigrate[4884]: [migrate 174.120.146.122 cambridg] completed restore for cambridg from 174.120.146.122
Apr 23 21:41:58 uscentral434 cpmigrate[4884]: [migrate 174.120.146.122 canadfar] warning: found canadfar in runtime list, handled by another instance, skipping!
Apr 23 21:41:58 uscentral434 cpmigrate[4884]: [migrate 174.120.146.122 canadian] packaging user canadian on 174.120.146.122
Apr 23 21:42:13 uscentral434 cpmigrate[4884]: [migrate 174.120.146.122 canadian] copying cpmove-canadian.tar.gz from 174.120.146.122 to local
Apr 23 21:42:13 uscentral434 cpmigrate[4884]: [migrate 174.120.146.122 canadian] restoring canadian from /home/cpmigrate/cpmove-canadian.tar.gz
Apr 23 21:44:37 uscentral434 cpmigrate[8133]: [migrate 174.120.146.122 calehous] starting rsync of 174.120.146.122:/home/calehous to /home/calehous
Apr 23 21:44:39 uscentral434 cpmigrate[6896]: [migrate 174.120.146.106 primatep] starting rsync of 174.120.146.106:/home/primatep to /home/primatep
Apr 23 21:44:56 uscentral434 cpmigrate[8133]: [migrate 174.120.146.122 calehous] completed rsync of 174.120.146.122:/home/calehous to /home/calehous
